PNG  IHDRQgAMA a cHRMz&u0`:pQ<bKGDgmIDATxwUﹻ& ^CX(J I@ "% (** BX +*i"]j(IH{~R)[~>h{}gy)I$Ij .I$I$ʊy@}x.: $I$Ii}VZPC)I$IF ^0ʐJ$I$Q^}{"r=OzI$gRZeC.IOvH eKX $IMpxsk.쒷/&r[޳<v| .I~)@$updYRa$I |M.e JaֶpSYR6j>h%IRز if&uJ)M$I vLi=H;7UJ,],X$I1AҒJ$ XY XzI@GNҥRT)E@;]K*Mw;#5_wOn~\ DC&$(A5 RRFkvIR}l!RytRl;~^ǷJj اy뷦BZJr&ӥ8Pjw~vnv X^(I;4R=P[3]J,]ȏ~:3?[ a&e)`e*P[4]T=Cq6R[ ~ޤrXR Հg(t_HZ-Hg M$ãmL5R uk*`%C-E6/%[t X.{8P9Z.vkXŐKjgKZHg(aK9ڦmKjѺm_ \#$5,)-  61eJ,5m| r'= &ڡd%-]J on Xm|{ RҞe $eڧY XYrԮ-a7RK6h>n$5AVڴi*ֆK)mѦtmr1p| q:흺,)Oi*ֺK)ܬ֦K-5r3>0ԔHjJئEZj,%re~/z%jVMڸmrt)3]J,T K֦OvԒgii*bKiNO~%PW0=dii2tJ9Jݕ{7"I P9JKTbu,%r"6RKU}Ij2HKZXJ,妝 XYrP ެ24c%i^IK|.H,%rb:XRl1X4Pe/`x&P8Pj28Mzsx2r\zRPz4J}yP[g=L) .Q[6RjWgp FIH*-`IMRaK9TXcq*I y[jE>cw%gLRԕiFCj-ďa`#e~I j,%r,)?[gp FI˨mnWX#>mʔ XA DZf9,nKҲzIZXJ,L#kiPz4JZF,I,`61%2s $,VOϚ2/UFJfy7K> X+6 STXIeJILzMfKm LRaK9%|4p9LwJI!`NsiazĔ)%- XMq>pk$-$Q2x#N ؎-QR}ᶦHZډ)J,l#i@yn3LN`;nڔ XuX5pF)m|^0(>BHF9(cզEerJI rg7 4I@z0\JIi䵙RR0s;$s6eJ,`n 䂦0a)S)A 1eJ,堌#635RIgpNHuTH_SԕqVe ` &S)>p;S$魁eKIuX`I4춒o}`m$1":PI<[v9^\pTJjriRŭ P{#{R2,`)e-`mgj~1ϣLKam7&U\j/3mJ,`F;M'䱀 .KR#)yhTq;pcK9(q!w?uRR,n.yw*UXj#\]ɱ(qv2=RqfB#iJmmL<]Y͙#$5 uTU7ӦXR+q,`I}qL'`6Kͷ6r,]0S$- [RKR3oiRE|nӦXR.(i:LDLTJjY%o:)6rxzҒqTJjh㞦I.$YR.ʼnGZ\ֿf:%55 I˼!6dKxm4E"mG_ s? .e*?LRfK9%q#uh$)i3ULRfK9yxm܌bj84$i1U^@Wbm4uJ,ҪA>_Ij?1v32[gLRD96oTaR׿N7%L2 NT,`)7&ƝL*꽙yp_$M2#AS,`)7$rkTA29_Iye"|/0t)$n XT2`YJ;6Jx".e<`$) PI$5V4]29SRI>~=@j]lp2`K9Jaai^" Ԋ29ORI%:XV5]JmN9]H;1UC39NI%Xe78t)a;Oi Ҙ>Xt"~G>_mn:%|~ޅ_+]$o)@ǀ{hgN;IK6G&rp)T2i୦KJuv*T=TOSV>(~D>dm,I*Ɛ:R#ۙNI%D>G.n$o;+#RR!.eU˽TRI28t)1LWϚ>IJa3oFbu&:tJ*(F7y0ZR ^p'Ii L24x| XRI%ۄ>S1]Jy[zL$adB7.eh4%%누>WETf+3IR:I3Xה)3אOۦSRO'ٺ)S}"qOr[B7ϙ.edG)^ETR"RtRݜh0}LFVӦDB^k_JDj\=LS(Iv─aTeZ%eUAM-0;~˃@i|l @S4y72>sX-vA}ϛBI!ݎߨWl*)3{'Y|iSlEڻ(5KtSI$Uv02,~ԩ~x;P4ցCrO%tyn425:KMlD ^4JRxSهF_}شJTS6uj+ﷸk$eZO%G*^V2u3EMj3k%)okI]dT)URKDS 7~m@TJR~荪fT"֛L \sM -0T KfJz+nإKr L&j()[E&I ߴ>e FW_kJR|!O:5/2跌3T-'|zX ryp0JS ~^F>-2< `*%ZFP)bSn"L :)+pʷf(pO3TMW$~>@~ū:TAIsV1}S2<%ޟM?@iT ,Eūoz%i~g|`wS(]oȤ8)$ ntu`өe`6yPl IzMI{ʣzʨ )IZ2= ld:5+請M$-ї;U>_gsY$ÁN5WzWfIZ)-yuXIfp~S*IZdt;t>KūKR|$#LcԀ+2\;kJ`]YǔM1B)UbG"IRߊ<xܾӔJ0Z='Y嵤 Leveg)$znV-º^3Ւof#0Tfk^Zs[*I꯳3{)ˬW4Ւ4 OdpbZRS|*I 55#"&-IvT&/윚Ye:i$ 9{LkuRe[I~_\ؠ%>GL$iY8 9ܕ"S`kS.IlC;Ҏ4x&>u_0JLr<J2(^$5L s=MgV ~,Iju> 7r2)^=G$1:3G< `J3~&IR% 6Tx/rIj3O< ʔ&#f_yXJiގNSz; Tx(i8%#4 ~AS+IjerIUrIj362v885+IjAhK__5X%nV%Iͳ-y|7XV2v4fzo_68"S/I-qbf; LkF)KSM$ Ms>K WNV}^`-큧32ŒVؙGdu,^^m%6~Nn&͓3ŒVZMsRpfEW%IwdǀLm[7W&bIRL@Q|)* i ImsIMmKmyV`i$G+R 0tV'!V)֏28vU7͒vHꦼtxꗞT ;S}7Mf+fIRHNZUkUx5SAJㄌ9MqμAIRi|j5)o*^'<$TwI1hEU^c_j?Е$%d`z cyf,XO IJnTgA UXRD }{H}^S,P5V2\Xx`pZ|Yk:$e ~ @nWL.j+ϝYb퇪bZ BVu)u/IJ_ 1[p.p60bC >|X91P:N\!5qUB}5a5ja `ubcVxYt1N0Zzl4]7­gKj]?4ϻ *[bg$)+À*x쳀ogO$~,5 زUS9 lq3+5mgw@np1sso Ӻ=|N6 /g(Wv7U;zωM=wk,0uTg_`_P`uz?2yI!b`kĸSo+Qx%!\οe|އԁKS-s6pu_(ֿ$i++T8=eY; צP+phxWQv*|p1. ά. XRkIQYP,drZ | B%wP|S5`~́@i޾ E;Չaw{o'Q?%iL{u D?N1BD!owPHReFZ* k_-~{E9b-~P`fE{AܶBJAFO wx6Rox5 K5=WwehS8 (JClJ~ p+Fi;ŗo+:bD#g(C"wA^ r.F8L;dzdIHUX݆ϞXg )IFqem%I4dj&ppT{'{HOx( Rk6^C٫O.)3:s(۳(Z?~ٻ89zmT"PLtw䥈5&b<8GZ-Y&K?e8,`I6e(֍xb83 `rzXj)F=l($Ij 2*(F?h(/9ik:I`m#p3MgLaKjc/U#n5S# m(^)=y=đx8ŬI[U]~SцA4p$-F i(R,7Cx;X=cI>{Km\ o(Tv2vx2qiiDJN,Ҏ!1f 5quBj1!8 rDFd(!WQl,gSkL1Bxg''՞^ǘ;pQ P(c_ IRujg(Wz bs#P­rz> k c&nB=q+ؔXn#r5)co*Ũ+G?7< |PQӣ'G`uOd>%Mctz# Ԫڞ&7CaQ~N'-P.W`Oedp03C!IZcIAMPUۀ5J<\u~+{9(FbbyAeBhOSܳ1 bÈT#ŠyDžs,`5}DC-`̞%r&ڙa87QWWp6e7 Rϫ/oY ꇅ Nܶըtc!LA T7V4Jsū I-0Pxz7QNF_iZgúWkG83 0eWr9 X]㾮݁#Jˢ C}0=3ݱtBi]_ &{{[/o[~ \q鯜00٩|cD3=4B_b RYb$óBRsf&lLX#M*C_L܄:gx)WΘsGSbuL rF$9';\4Ɍq'n[%p.Q`u hNb`eCQyQ|l_C>Lb꟟3hSb #xNxSs^ 88|Mz)}:](vbۢamŖ࿥ 0)Q7@0=?^k(*J}3ibkFn HjB׻NO z x}7p 0tfDX.lwgȔhԾŲ }6g E |LkLZteu+=q\Iv0쮑)QٵpH8/2?Σo>Jvppho~f>%bMM}\//":PTc(v9v!gոQ )UfVG+! 35{=x\2+ki,y$~A1iC6#)vC5^>+gǵ@1Hy٪7u;p psϰu/S <aʸGu'tD1ԝI<pg|6j'p:tպhX{o(7v],*}6a_ wXRk,O]Lܳ~Vo45rp"N5k;m{rZbΦ${#)`(Ŵg,;j%6j.pyYT?}-kBDc3qA`NWQū20/^AZW%NQ MI.X#P#,^Ebc&?XR tAV|Y.1!؅⨉ccww>ivl(JT~ u`ٵDm q)+Ri x/x8cyFO!/*!/&,7<.N,YDŽ&ܑQF1Bz)FPʛ?5d 6`kQձ λc؎%582Y&nD_$Je4>a?! ͨ|ȎWZSsv8 j(I&yj Jb5m?HWp=g}G3#|I,5v珿] H~R3@B[☉9Ox~oMy=J;xUVoj bUsl_35t-(ՃɼRB7U!qc+x4H_Qo֮$[GO<4`&č\GOc[.[*Af%mG/ ňM/r W/Nw~B1U3J?P&Y )`ѓZ1p]^l“W#)lWZilUQu`-m|xĐ,_ƪ|9i:_{*(3Gѧ}UoD+>m_?VPۅ15&}2|/pIOʵ> GZ9cmíتmnz)yߐbD >e}:) r|@R5qVSA10C%E_'^8cR7O;6[eKePGϦX7jb}OTGO^jn*媓7nGMC t,k31Rb (vyܴʭ!iTh8~ZYZp(qsRL ?b}cŨʊGO^!rPJO15MJ[c&~Z`"ѓޔH1C&^|Ш|rʼ,AwĴ?b5)tLU)F| &g٣O]oqSUjy(x<Ϳ3 .FSkoYg2 \_#wj{u'rQ>o;%n|F*O_L"e9umDds?.fuuQbIWz |4\0 sb;OvxOSs; G%T4gFRurj(֍ڑb uԖKDu1MK{1^ q; C=6\8FR艇!%\YÔU| 88m)֓NcLve C6z;o&X x59:q61Z(T7>C?gcļxѐ Z oo-08jہ x,`' ҔOcRlf~`jj".Nv+sM_]Zk g( UOPyεx%pUh2(@il0ݽQXxppx-NS( WO+轾 nFߢ3M<;z)FBZjciu/QoF 7R¥ ZFLF~#ȣߨ^<쩡ݛкvџ))ME>ώx4m#!-m!L;vv#~Y[đKmx9.[,UFS CVkZ +ߟrY٧IZd/ioi$%͝ب_ֶX3ܫhNU ZZgk=]=bbJS[wjU()*I =ώ:}-蹞lUj:1}MWm=̛ _ ¾,8{__m{_PVK^n3esw5ӫh#$-q=A̟> ,^I}P^J$qY~Q[ Xq9{#&T.^GVj__RKpn,b=`żY@^՝;z{paVKkQXj/)y TIc&F;FBG7wg ZZDG!x r_tƢ!}i/V=M/#nB8 XxЫ ^@CR<{䤭YCN)eKOSƟa $&g[i3.C6xrOc8TI;o hH6P&L{@q6[ Gzp^71j(l`J}]e6X☉#͕ ׈$AB1Vjh㭦IRsqFBjwQ_7Xk>y"N=MB0 ,C #o6MRc0|$)ف"1!ixY<B9mx `,tA>)5ػQ?jQ?cn>YZe Tisvh# GMމȇp:ԴVuږ8ɼH]C.5C!UV;F`mbBk LTMvPʍϤj?ԯ/Qr1NB`9s"s TYsz &9S%U԰> {<ؿSMxB|H\3@!U| k']$U+> |HHMLޢ?V9iD!-@x TIî%6Z*9X@HMW#?nN ,oe6?tQwڱ.]-y':mW0#!J82qFjH -`ѓ&M0u Uγmxϵ^-_\])@0Rt.8/?ٰCY]x}=sD3ojަЫNuS%U}ԤwHH>ڗjܷ_3gN q7[q2la*ArǓԖ+p8/RGM ]jacd(JhWko6ڎbj]i5Bj3+3!\j1UZLsLTv8HHmup<>gKMJj0@H%,W΃7R) ">c, xixј^ aܖ>H[i.UIHc U1=yW\=S*GR~)AF=`&2h`DzT󑓶J+?W+}C%P:|0H܆}-<;OC[~o.$~i}~HQ TvXΈr=b}$vizL4:ȰT|4~*!oXQR6Lk+#t/g lԁߖ[Jڶ_N$k*". xsxX7jRVbAAʯKҎU3)zSNN _'s?f)6X!%ssAkʱ>qƷb hg %n ~p1REGMHH=BJiy[<5 ǁJҖgKR*倳e~HUy)Ag,K)`Vw6bRR:qL#\rclK/$sh*$ 6덤 KԖc 3Z9=Ɣ=o>X Ώ"1 )a`SJJ6k(<c e{%kϊP+SL'TcMJWRm ŏ"w)qc ef꒵i?b7b('"2r%~HUS1\<(`1Wx9=8HY9m:X18bgD1u ~|H;K-Uep,, C1 RV.MR5άh,tWO8WC$ XRVsQS]3GJ|12 [vM :k#~tH30Rf-HYݺ-`I9%lIDTm\ S{]9gOڒMNCV\G*2JRŨ;Rҏ^ڽ̱mq1Eu?To3I)y^#jJw^Ńj^vvlB_⋌P4x>0$c>K†Aļ9s_VjTt0l#m>E-,,x,-W)سo&96RE XR.6bXw+)GAEvL)͞K4$p=Ũi_ѱOjb HY/+@θH9޼]Nԥ%n{ &zjT? Ty) s^ULlb,PiTf^<À] 62R^V7)S!nllS6~͝V}-=%* ʻ>G DnK<y&>LPy7'r=Hj 9V`[c"*^8HpcO8bnU`4JȪAƋ#1_\ XϘHPRgik(~G~0DAA_2p|J묭a2\NCr]M_0 ^T%e#vD^%xy-n}-E\3aS%yN!r_{ )sAw ڼp1pEAk~v<:`'ӭ^5 ArXOI驻T (dk)_\ PuA*BY]yB"l\ey hH*tbK)3 IKZ򹞋XjN n *n>k]X_d!ryBH ]*R 0(#'7 %es9??ښFC,ՁQPjARJ\Ρw K#jahgw;2$l*) %Xq5!U᢯6Re] |0[__64ch&_}iL8KEgҎ7 M/\`|.p,~`a=BR?xܐrQ8K XR2M8f ?`sgWS%" Ԉ 7R%$ N}?QL1|-эټwIZ%pvL3Hk>,ImgW7{E xPHx73RA @RS CC !\ȟ5IXR^ZxHл$Q[ŝ40 (>+ _C >BRt<,TrT {O/H+˟Pl6 I B)/VC<6a2~(XwV4gnXR ϱ5ǀHٻ?tw똤Eyxp{#WK qG%5],(0ӈH HZ])ג=K1j&G(FbM@)%I` XRg ʔ KZG(vP,<`[ Kn^ SJRsAʠ5xՅF`0&RbV tx:EaUE/{fi2;.IAwW8/tTxAGOoN?G}l L(n`Zv?pB8K_gI+ܗ #i?ޙ.) p$utc ~DžfՈEo3l/)I-U?aԅ^jxArA ΧX}DmZ@QLےbTXGd.^|xKHR{|ΕW_h] IJ`[G9{).y) 0X YA1]qp?p_k+J*Y@HI>^?gt.06Rn ,` ?);p pSF9ZXLBJPWjgQ|&)7! HjQt<| ؅W5 x W HIzYoVMGP Hjn`+\(dNW)F+IrS[|/a`K|ͻ0Hj{R,Q=\ (F}\WR)AgSG`IsnAR=|8$}G(vC$)s FBJ?]_u XRvύ6z ŨG[36-T9HzpW̞ú Xg큽=7CufzI$)ki^qk-) 0H*N` QZkk]/tnnsI^Gu't=7$ Z;{8^jB% IItRQS7[ϭ3 $_OQJ`7!]W"W,)Iy W AJA;KWG`IY{8k$I$^%9.^(`N|LJ%@$I}ֽp=FB*xN=gI?Q{٥4B)mw $Igc~dZ@G9K X?7)aK%݅K$IZ-`IpC U6$I\0>!9k} Xa IIS0H$I H ?1R.Чj:4~Rw@p$IrA*u}WjWFPJ$I➓/6#! LӾ+ X36x8J |+L;v$Io4301R20M I$-E}@,pS^ޟR[/s¹'0H$IKyfŸfVOπFT*a$I>He~VY/3R/)>d$I>28`Cjw,n@FU*9ttf$I~<;=/4RD~@ X-ѕzἱI$: ԍR a@b X{+Qxuq$IЛzo /~3\8ڒ4BN7$IҀj V]n18H$IYFBj3̵̚ja pp $Is/3R Ӻ-Yj+L;.0ŔI$Av? #!5"aʄj}UKmɽH$IjCYs?h$IDl843.v}m7UiI=&=0Lg0$I4: embe` eQbm0u? $IT!Sƍ'-sv)s#C0:XB2a w I$zbww{."pPzO =Ɔ\[ o($Iaw]`E).Kvi:L*#gР7[$IyGPI=@R 4yR~̮´cg I$I/<tPͽ hDgo 94Z^k盇΄8I56^W$I^0̜N?4*H`237}g+hxoq)SJ@p|` $I%>-hO0eO>\ԣNߌZD6R=K ~n($I$y3D>o4b#px2$yڪtzW~a $I~?x'BwwpH$IZݑnC㧄Pc_9sO gwJ=l1:mKB>Ab<4Lp$Ib o1ZQ@85b̍ S'F,Fe,^I$IjEdù{l4 8Ys_s Z8.x m"+{~?q,Z D!I$ϻ'|XhB)=…']M>5 rgotԎ 獽PH$IjIPhh)n#cÔqA'ug5qwU&rF|1E%I$%]!'3AFD/;Ck_`9 v!ٴtPV;x`'*bQa w I$Ix5 FC3D_~A_#O݆DvV?<qw+I$I{=Z8".#RIYyjǪ=fDl9%M,a8$I$Ywi[7ݍFe$s1ՋBVA?`]#!oz4zjLJo8$I$%@3jAa4(o ;p,,dya=F9ً[LSPH$IJYЉ+3> 5"39aZ<ñh!{TpBGkj}Sp $IlvF.F$I z< '\K*qq.f<2Y!S"-\I$IYwčjF$ w9 \ߪB.1v!Ʊ?+r:^!I$BϹB H"B;L'G[ 4U#5>੐)|#o0aڱ$I>}k&1`U#V?YsV x>{t1[I~D&(I$I/{H0fw"q"y%4 IXyE~M3 8XψL}qE$I[> nD?~sf ]o΁ cT6"?'_Ἣ $I>~.f|'!N?⟩0G KkXZE]ޡ;/&?k OۘH$IRۀwXӨ<7@PnS04aӶp.:@\IWQJ6sS%I$e5ڑv`3:x';wq_vpgHyXZ 3gЂ7{{EuԹn±}$I$8t;b|591nءQ"P6O5i }iR̈́%Q̄p!I䮢]O{H$IRϻ9s֧ a=`- aB\X0"+5"C1Hb?߮3x3&gşggl_hZ^,`5?ߎvĸ%̀M!OZC2#0x LJ0 Gw$I$I}<{Eb+y;iI,`ܚF:5ܛA8-O-|8K7s|#Z8a&><a&/VtbtLʌI$I$I$I$I$I$IRjDD%tEXtdate:create2022-05-31T04:40:26+00:00!Î%tEXtdate:modify2022-05-31T04:40:26+00:00|{2IENDB`Mini Shell

HOME


Mini Shell 1.0
DIR:/home/dna1981/access-logs/
Upload File :
Current File : /home/dna1981/access-logs/dna-1981.com-ssl_log
66.249.75.74 - - [02/May/2025:07:15:05 -0500] "GET /logomasters/product-details-colors.php?id=2073&&color=14782 HTTP/1.1" 200 31769 "-" "Mozilla/5.0 (Linux; Android 6.0.1; Nexus 5X Build/MMB29P) AppleWebKit/537.36 (KHTML, like Gecko) Chrome/135.0.7049.95 Mobile Safari/537.36 (compatible; Googlebot/2.1; +http://www.google.com/bot.html)"
8.138.150.229 - - [02/May/2025:07:16:55 -0500] "GET /wp-login.php HTTP/1.1" 200 5569 "-" "Mozilla/5.0 (Windows NT 10.0; Win64; x64) AppleWebKit/537.36 (KHTML, like Gecko) Chrome/74.0.3729.157 Safari/537.36"
125.212.225.214 - - [02/May/2025:07:16:56 -0500] "GET /wp-login.php HTTP/1.1" 200 5569 "-" "Mozilla/5.0 (Linux; Android 10; SM-A205U) AppleWebKit/537.36 (KHTML, like Gecko) Chrome/91.0.4472.114 Mobile Safari/537.36"
162.215.15.55 - - [02/May/2025:07:16:56 -0500] "POST /wp-cron.php?doing_wp_cron=1746188216.7936570644378662109375 HTTP/1.1" 200 - "-" "WordPress/6.8.1; https://dna-1981.com"
8.138.150.229 - - [02/May/2025:07:16:58 -0500] "POST /wp-login.php HTTP/1.1" 200 5990 "https://dna-1981.com/wp-login.php" "Mozilla/5.0 (Windows NT 10.0; Win64; x64) AppleWebKit/537.36 (KHTML, like Gecko) Chrome/74.0.3729.157 Safari/537.36"
125.212.225.214 - - [02/May/2025:07:16:59 -0500] "GET /wp-login.php HTTP/1.1" 200 5569 "-" "Mozilla/5.0 (Windows; U; Windows NT 5.1; en-US; rv:1.7.12) Gecko/20050915 Firefox/1.0.7"
125.212.225.214 - - [02/May/2025:07:16:59 -0500] "POST /wp-login.php HTTP/1.1" 200 5990 "https://dna-1981.com/wp-login.php" "Mozilla/5.0 (Linux; Android 10; SM-A205U) AppleWebKit/537.36 (KHTML, like Gecko) Chrome/91.0.4472.114 Mobile Safari/537.36"
125.212.225.214 - - [02/May/2025:07:17:02 -0500] "POST /wp-login.php HTTP/1.1" 200 5990 "https://dna-1981.com/wp-login.php" "Mozilla/5.0 (Windows; U; Windows NT 5.1; en-US; rv:1.7.12) Gecko/20050915 Firefox/1.0.7"
41.193.5.58 - - [02/May/2025:07:17:14 -0500] "GET /wp-login.php HTTP/1.1" 200 5569 "-" "Mozilla/5.0 (Windows NT 10.0; Win64; x64) AppleWebKit/537.36 (KHTML, like Gecko) Chrome/74.0.3729.169 Safari/537.36"
4.156.237.183 - - [02/May/2025:07:17:17 -0500] "GET /wp-login.php HTTP/1.1" 200 5569 "-" "Mozilla/5.0 (Windows NT 6.1; WOW64; rv:17.0) Gecko/20100101 Firefox/17.0"
41.193.5.58 - - [02/May/2025:07:17:17 -0500] "POST /wp-login.php HTTP/1.1" 200 5990 "https://dna-1981.com/wp-login.php" "Mozilla/5.0 (Windows NT 10.0; Win64; x64) AppleWebKit/537.36 (KHTML, like Gecko) Chrome/74.0.3729.169 Safari/537.36"
194.9.56.124 - - [02/May/2025:07:17:19 -0500] "GET /wp-login.php HTTP/1.1" 200 5569 "-" "Mozilla/5.0 (Windows; U; Windows NT 5.1; en-US; rv:1.7.5) Gecko/20041107 Firefox/1.0"
4.156.237.183 - - [02/May/2025:07:17:20 -0500] "POST /wp-login.php HTTP/1.1" 200 5990 "https://dna-1981.com/wp-login.php" "Mozilla/5.0 (Windows NT 6.1; WOW64; rv:17.0) Gecko/20100101 Firefox/17.0"
194.9.56.124 - - [02/May/2025:07:17:25 -0500] "POST /wp-login.php HTTP/1.1" 200 5990 "https://dna-1981.com/wp-login.php" "Mozilla/5.0 (Windows; U; Windows NT 5.1; en-US; rv:1.7.5) Gecko/20041107 Firefox/1.0"
185.73.130.137 - - [02/May/2025:07:17:26 -0500] "GET /wp-login.php HTTP/1.1" 200 5569 "-" "Mozilla/5.0 (Windows NT 5.1; rv:52.0) Gecko/20100101 Firefox/52.0"
69.164.196.53 - - [02/May/2025:07:17:25 -0500] "GET /?sucurianticache=497472262 HTTP/2.0" 200 119854 "-" "Sucuri Uptime Monitor"
185.73.130.137 - - [02/May/2025:07:17:31 -0500] "POST /wp-login.php HTTP/1.1" 200 5990 "https://dna-1981.com/wp-login.php" "Mozilla/5.0 (Windows NT 5.1; rv:52.0) Gecko/20100101 Firefox/52.0"
136.243.104.251 - - [02/May/2025:07:17:34 -0500] "GET /wp-login.php HTTP/1.1" 200 5569 "-" "Mozilla/5.0 (Windows NT 10.0; Win64; x64) AppleWebKit/537.36 (KHTML, like Gecko) Chrome/90.0.4430.212 Safari/537.36"
44.235.221.120 - - [02/May/2025:07:17:34 -0500] "GET /?sucurianticache=1857241700 HTTP/1.1" 200 119854 "-" "Sucuri Uptime Monitor"
136.243.104.251 - - [02/May/2025:07:17:37 -0500] "POST /wp-login.php HTTP/1.1" 200 5990 "https://dna-1981.com/wp-login.php" "Mozilla/5.0 (Windows NT 10.0; Win64; x64) AppleWebKit/537.36 (KHTML, like Gecko) Chrome/90.0.4430.212 Safari/537.36"
186.233.88.166 - - [02/May/2025:07:17:42 -0500] "GET /wp-login.php HTTP/1.1" 200 5569 "-" "Mozilla/5.0 (Windows NT 5.1; rv:40.0) Gecko/20100101 Firefox/40.0"
186.233.88.166 - - [02/May/2025:07:17:44 -0500] "POST /wp-login.php HTTP/1.1" 200 5990 "https://dna-1981.com/wp-login.php" "Mozilla/5.0 (Windows NT 5.1; rv:40.0) Gecko/20100101 Firefox/40.0"
125.212.225.214 - - [02/May/2025:07:17:45 -0500] "GET /wp-login.php HTTP/1.1" 200 5569 "-" "Mozilla/5.0 (iPhone; CPU iPhone OS 14_6 like Mac OS X) AppleWebKit/605.1.15 (KHTML, like Gecko) CriOS/91.0.4472.80 Mobile/15E148 Safari/604.1"
162.215.15.55 - - [02/May/2025:07:17:47 -0500] "POST /wp-cron.php?doing_wp_cron=1746188267.0970110893249511718750 HTTP/1.1" 200 - "-" "WordPress/6.8.1; https://dna-1981.com"
125.212.225.214 - - [02/May/2025:07:17:49 -0500] "POST /wp-login.php HTTP/1.1" 200 5990 "https://dna-1981.com/wp-login.php" "Mozilla/5.0 (iPhone; CPU iPhone OS 14_6 like Mac OS X) AppleWebKit/605.1.15 (KHTML, like Gecko) CriOS/91.0.4472.80 Mobile/15E148 Safari/604.1"
84.246.209.250 - - [02/May/2025:07:17:50 -0500] "GET /wp-login.php HTTP/1.1" 200 5569 "-" "Mozilla/5.0 (Windows NT 5.1; rv:36.0) Gecko/20100101 Firefox/36.0"
84.246.209.250 - - [02/May/2025:07:17:52 -0500] "POST /wp-login.php HTTP/1.1" 200 5990 "https://dna-1981.com/wp-login.php" "Mozilla/5.0 (Windows NT 5.1; rv:36.0) Gecko/20100101 Firefox/36.0"
150.60.157.163 - - [02/May/2025:07:17:59 -0500] "GET /wp-login.php HTTP/1.1" 200 5569 "-" "Mozilla/5.0 (Windows NT 5.1; rv:30.0) Gecko/20100101 Firefox/30.0"
103.159.37.122 - - [02/May/2025:07:17:59 -0500] "GET /wp-login.php HTTP/1.1" 200 5569 "-" "Mozilla/5.0 (Windows NT 6.1; WOW64; rv:43.0) Gecko/20100101 Firefox/43.0"
103.159.37.122 - - [02/May/2025:07:18:02 -0500] "POST /wp-login.php HTTP/1.1" 200 5990 "https://dna-1981.com/wp-login.php" "Mozilla/5.0 (Windows NT 6.1; WOW64; rv:43.0) Gecko/20100101 Firefox/43.0"
117.6.44.212 - - [02/May/2025:07:18:09 -0500] "GET /wp-login.php HTTP/1.1" 200 5569 "-" "Mozilla/5.0 (Windows NT 10.0) AppleWebKit/537.36 (KHTML, like Gecko) Chrome/91.0.4472.114 Safari/537.36"
117.6.44.212 - - [02/May/2025:07:18:12 -0500] "POST /wp-login.php HTTP/1.1" 200 5990 "https://dna-1981.com/wp-login.php" "Mozilla/5.0 (Windows NT 10.0) AppleWebKit/537.36 (KHTML, like Gecko) Chrome/91.0.4472.114 Safari/537.36"
67.205.4.243 - - [02/May/2025:07:18:32 -0500] "GET /wp-login.php HTTP/1.1" 200 5569 "-" "Mozilla/5.0 (Windows NT 10.0; Win64; x64) AppleWebKit/537.36 (KHTML, like Gecko) Chrome/74.0.3729.157 Safari/537.36"
67.205.4.243 - - [02/May/2025:07:18:33 -0500] "POST /wp-login.php HTTP/1.1" 200 5990 "https://dna-1981.com/wp-login.php" "Mozilla/5.0 (Windows NT 10.0; Win64; x64) AppleWebKit/537.36 (KHTML, like Gecko) Chrome/74.0.3729.157 Safari/537.36"
78.129.161.92 - - [02/May/2025:07:19:49 -0500] "GET /wp-login.php HTTP/1.1" 200 5569 "-" "Mozilla/5.0 (Windows NT 10.0; Win64; x64) AppleWebKit/537.36 (KHTML, like Gecko) Chrome/67.0.3396.99 Safari/537.36"
162.215.15.55 - - [02/May/2025:07:19:51 -0500] "POST /wp-cron.php?doing_wp_cron=1746188391.1631510257720947265625 HTTP/1.1" 200 - "-" "WordPress/6.8.1; https://dna-1981.com"
78.129.161.92 - - [02/May/2025:07:19:52 -0500] "POST /wp-login.php HTTP/1.1" 200 5990 "https://dna-1981.com/wp-login.php" "Mozilla/5.0 (Windows NT 10.0; Win64; x64) AppleWebKit/537.36 (KHTML, like Gecko) Chrome/67.0.3396.99 Safari/537.36"
66.249.75.72 - - [02/May/2025:07:22:06 -0500] "GET /logomasters/product-details-colors.php?id=2348&&color=17190 HTTP/1.1" 200 31698 "-" "Mozilla/5.0 (Linux; Android 6.0.1; Nexus 5X Build/MMB29P) AppleWebKit/537.36 (KHTML, like Gecko) Chrome/135.0.7049.95 Mobile Safari/537.36 (compatible; Googlebot/2.1; +http://www.google.com/bot.html)"
66.249.75.72 - - [02/May/2025:07:22:06 -0500] "GET /logomasters/shop-by-brand.php?cat=all_outerwear&&type=Woman&&brand=Port%20Authority HTTP/1.1" 200 30346 "-" "Mozilla/5.0 (Linux; Android 6.0.1; Nexus 5X Build/MMB29P) AppleWebKit/537.36 (KHTML, like Gecko) Chrome/135.0.7049.95 Mobile Safari/537.36 (compatible; Googlebot/2.1; +http://www.google.com/bot.html)"
66.249.75.74 - - [02/May/2025:07:22:09 -0500] "GET /logomasters/javascript/owl.carousel.min.js HTTP/1.1" 200 42766 "https://dna-1981.com/logomasters/product-details-colors.php?id=2348&&color=17190" "Mozilla/5.0 (Linux; Android 6.0.1; Nexus 5X Build/MMB29P) AppleWebKit/537.36 (KHTML, like Gecko) Chrome/134.0.6998.165 Mobile Safari/537.36 (compatible; Googlebot/2.1; +http://www.google.com/bot.html)"
66.249.75.73 - - [02/May/2025:07:24:40 -0500] "GET /logomasters/product-details-colors.php?id=477&&color=4986 HTTP/1.1" 200 30946 "-" "Mozilla/5.0 (Linux; Android 6.0.1; Nexus 5X Build/MMB29P) AppleWebKit/537.36 (KHTML, like Gecko) Chrome/135.0.7049.95 Mobile Safari/537.36 (compatible; GoogleOther)"
66.249.75.74 - - [02/May/2025:07:26:07 -0500] "GET /logomasters/shop-by-brand.php?cat=all_outerwear&&type=Woman&&brand=Sport-Tek HTTP/1.1" 200 19661 "-" "Mozilla/5.0 (Linux; Android 6.0.1; Nexus 5X Build/MMB29P) AppleWebKit/537.36 (KHTML, like Gecko) Chrome/135.0.7049.95 Mobile Safari/537.36 (compatible; Googlebot/2.1; +http://www.google.com/bot.html)"
66.249.75.72 - - [02/May/2025:07:33:51 -0500] "GET /logomasters/product-details-colors.php?id=2110&&color=14992 HTTP/1.1" 200 31844 "-" "Mozilla/5.0 (Linux; Android 6.0.1; Nexus 5X Build/MMB29P) AppleWebKit/537.36 (KHTML, like Gecko) Chrome/135.0.7049.95 Mobile Safari/537.36 (compatible; GoogleOther)"
66.249.75.73 - - [02/May/2025:07:37:00 -0500] "GET /logomasters/product-details-colors.php?id=2122&&color=15103 HTTP/1.1" 200 30939 "-" "Mozilla/5.0 (Linux; Android 6.0.1; Nexus 5X Build/MMB29P) AppleWebKit/537.36 (KHTML, like Gecko) Chrome/135.0.7049.95 Mobile Safari/537.36 (compatible; Googlebot/2.1; +http://www.google.com/bot.html)"
107.174.224.18 - - [02/May/2025:07:38:06 -0500] "GET / HTTP/1.1" 200 119854 "http://dna-1981.com/" "Mozilla/5.0"
66.249.75.73 - - [02/May/2025:07:41:00 -0500] "GET /logomasters/product-details-colors.php?id=2110&&color=14992 HTTP/1.1" 200 31844 "-" "Mozilla/5.0 (Linux; Android 6.0.1; Nexus 5X Build/MMB29P) AppleWebKit/537.36 (KHTML, like Gecko) Chrome/135.0.7049.95 Mobile Safari/537.36 (compatible; Googlebot/2.1; +http://www.google.com/bot.html)"
66.249.75.72 - - [02/May/2025:07:41:02 -0500] "GET /logomasters/product-details-colors.php?id=2112&&color=15003 HTTP/1.1" 200 31227 "-" "Mozilla/5.0 (Linux; Android 6.0.1; Nexus 5X Build/MMB29P) AppleWebKit/537.36 (KHTML, like Gecko) Chrome/135.0.7049.95 Mobile Safari/537.36 (compatible; GoogleOther)"
107.151.209.126 - - [02/May/2025:07:43:06 -0500] "POST /wp-login.php HTTP/1.1" 200 5972 "-" "Mozilla/5.0"
162.215.15.55 - - [02/May/2025:07:43:07 -0500] "POST /wp-cron.php?doing_wp_cron=1746189787.6406788825988769531250 HTTP/1.1" 200 - "-" "WordPress/6.8.1; https://dna-1981.com"
66.249.75.72 - - [02/May/2025:07:44:02 -0500] "GET /logomasters/product-details-colors.php?id=2006&&color=14310 HTTP/1.1" 200 31752 "-" "Mozilla/5.0 (Linux; Android 6.0.1; Nexus 5X Build/MMB29P) AppleWebKit/537.36 (KHTML, like Gecko) Chrome/135.0.7049.95 Mobile Safari/537.36 (compatible; Googlebot/2.1; +http://www.google.com/bot.html)"
66.249.75.73 - - [02/May/2025:07:51:11 -0500] "GET /logomasters/product-details-colors.php?id=2112&&color=15003 HTTP/1.1" 200 31227 "-" "Mozilla/5.0 (Linux; Android 6.0.1; Nexus 5X Build/MMB29P) AppleWebKit/537.36 (KHTML, like Gecko) Chrome/135.0.7049.95 Mobile Safari/537.36 (compatible; Googlebot/2.1; +http://www.google.com/bot.html)"
66.249.75.72 - - [02/May/2025:07:55:12 -0500] "GET /logomasters/product-details-colors.php?id=1940&&color=13986 HTTP/1.1" 200 28155 "-" "Mozilla/5.0 (Linux; Android 6.0.1; Nexus 5X Build/MMB29P) AppleWebKit/537.36 (KHTML, like Gecko) Chrome/135.0.7049.95 Mobile Safari/537.36 (compatible; Googlebot/2.1; +http://www.google.com/bot.html)"
66.249.75.72 - - [02/May/2025:07:55:12 -0500] "GET /logomasters/product-details-colors.php?id=2108&&color=14987 HTTP/1.1" 200 30959 "-" "Mozilla/5.0 (Linux; Android 6.0.1; Nexus 5X Build/MMB29P) AppleWebKit/537.36 (KHTML, like Gecko) Chrome/135.0.7049.95 Mobile Safari/537.36 (compatible; Googlebot/2.1; +http://www.google.com/bot.html)"
66.249.75.73 - - [02/May/2025:07:57:24 -0500] "GET /logomasters/product-details-colors.php?id=2122&&color=15106 HTTP/1.1" 200 31010 "-" "Mozilla/5.0 (Linux; Android 6.0.1; Nexus 5X Build/MMB29P) AppleWebKit/537.36 (KHTML, like Gecko) Chrome/135.0.7049.95 Mobile Safari/537.36 (compatible; GoogleOther)"
66.249.75.72 - - [02/May/2025:07:59:00 -0500] "GET /logomasters/product-details-colors.php?id=2108&&color=14989 HTTP/1.1" 200 31070 "-" "Mozilla/5.0 (Linux; Android 6.0.1; Nexus 5X Build/MMB29P) AppleWebKit/537.36 (KHTML, like Gecko) Chrome/135.0.7049.95 Mobile Safari/537.36 (compatible; Googlebot/2.1; +http://www.google.com/bot.html)"
43.130.100.35 - - [02/May/2025:08:05:06 -0500] "GET / HTTP/1.1" 200 119865 "http://dna-1981.com" "Mozilla/5.0 (iPhone; CPU iPhone OS 13_2_3 like Mac OS X) AppleWebKit/605.1.15 (KHTML, like Gecko) Version/13.0.3 Mobile/15E148 Safari/604.1"
66.249.75.74 - - [02/May/2025:08:05:13 -0500] "GET /logomasters/product-details-colors.php?id=2122&&color=15104 HTTP/1.1" 200 31205 "-" "Mozilla/5.0 (Linux; Android 6.0.1; Nexus 5X Build/MMB29P) AppleWebKit/537.36 (KHTML, like Gecko) Chrome/135.0.7049.95 Mobile Safari/537.36 (compatible; GoogleOther)"
66.249.75.73 - - [02/May/2025:08:06:00 -0500] "GET /logomasters/product-details-colors.php?id=1941&&color=13989 HTTP/1.1" 200 28216 "-" "Mozilla/5.0 (Linux; Android 6.0.1; Nexus 5X Build/MMB29P) AppleWebKit/537.36 (KHTML, like Gecko) Chrome/135.0.7049.95 Mobile Safari/537.36 (compatible; Googlebot/2.1; +http://www.google.com/bot.html)"
13.90.231.193 - - [02/May/2025:08:06:24 -0500] "GET / HTTP/1.1" 200 119854 "-" "-"
66.249.75.73 - - [02/May/2025:08:09:01 -0500] "GET /logomasters/product-details-colors.php?id=2108&&color=14988 HTTP/1.1" 200 31152 "-" "Mozilla/5.0 (Linux; Android 6.0.1; Nexus 5X Build/MMB29P) AppleWebKit/537.36 (KHTML, like Gecko) Chrome/135.0.7049.95 Mobile Safari/537.36 (compatible; Googlebot/2.1; +http://www.google.com/bot.html)"
66.249.75.73 - - [02/May/2025:08:12:01 -0500] "GET /logomasters/product-details-colors.php?id=2112&&color=15006 HTTP/1.1" 200 31276 "-" "Mozilla/5.0 (Linux; Android 6.0.1; Nexus 5X Build/MMB29P) AppleWebKit/537.36 (KHTML, like Gecko) Chrome/135.0.7049.95 Mobile Safari/537.36 (compatible; Googlebot/2.1; +http://www.google.com/bot.html)"
66.249.75.72 - - [02/May/2025:08:13:03 -0500] "GET /logomasters/product-details-colors.php?id=1352&&color=10750 HTTP/1.1" 200 27919 "-" "Mozilla/5.0 (Linux; Android 6.0.1; Nexus 5X Build/MMB29P) AppleWebKit/537.36 (KHTML, like Gecko) Chrome/135.0.7049.95 Mobile Safari/537.36 (compatible; GoogleOther)"
52.169.84.100 - - [02/May/2025:08:17:30 -0500] "GET /wp-admin/options.php HTTP/1.1" 302 - "-" "-"
52.169.84.100 - - [02/May/2025:08:17:32 -0500] "GET /wp-login.php?redirect_to=https%3A%2F%2Fdna-1981.com%2Fwp-admin%2Foptions.php&reauth=1 HTTP/1.1" 200 5580 "-" "-"
66.249.75.74 - - [02/May/2025:08:19:02 -0500] "GET /logomasters/product-details-colors.php?id=2112&&color=15005 HTTP/1.1" 200 31272 "-" "Mozilla/5.0 (Linux; Android 6.0.1; Nexus 5X Build/MMB29P) AppleWebKit/537.36 (KHTML, like Gecko) Chrome/135.0.7049.95 Mobile Safari/537.36 (compatible; Googlebot/2.1; +http://www.google.com/bot.html)"
35.82.208.243 - - [02/May/2025:08:20:40 -0500] "GET /?sucurianticache=1593168282 HTTP/1.1" 200 119854 "-" "Sucuri Uptime Monitor"
66.249.75.72 - - [02/May/2025:08:20:51 -0500] "GET /logomasters/product-details-colors.php?id=2108&&color=14988 HTTP/1.1" 200 31152 "-" "Mozilla/5.0 (Linux; Android 6.0.1; Nexus 5X Build/MMB29P) AppleWebKit/537.36 (KHTML, like Gecko) Chrome/135.0.7049.95 Mobile Safari/537.36 (compatible; GoogleOther)"
54.68.112.93 - - [02/May/2025:08:20:49 -0500] "GET /?sucurianticache=836927377 HTTP/1.1" 200 119854 "-" "Sucuri Uptime Monitor"
66.249.75.72 - - [02/May/2025:08:20:54 -0500] "GET /logomasters/product-details-colors.php?id=2349&&color=17195 HTTP/1.1" 200 31386 "-" "Mozilla/5.0 (Linux; Android 6.0.1; Nexus 5X Build/MMB29P) AppleWebKit/537.36 (KHTML, like Gecko) Chrome/135.0.7049.95 Mobile Safari/537.36 (compatible; GoogleOther)"
66.249.75.72 - - [02/May/2025:08:22:02 -0500] "GET /logomasters/product-details-colors.php?id=2003&&color=14277 HTTP/1.1" 200 31725 "-" "Mozilla/5.0 (Linux; Android 6.0.1; Nexus 5X Build/MMB29P) AppleWebKit/537.36 (KHTML, like Gecko) Chrome/135.0.7049.95 Mobile Safari/537.36 (compatible; Googlebot/2.1; +http://www.google.com/bot.html)"
66.249.75.72 - - [02/May/2025:08:25:03 -0500] "GET /logomasters/product-details-colors.php?id=1340&&color=10644 HTTP/1.1" 200 27856 "-" "Mozilla/5.0 (Linux; Android 6.0.1; Nexus 5X Build/MMB29P) AppleWebKit/537.36 (KHTML, like Gecko) Chrome/135.0.7049.95 Mobile Safari/537.36 (compatible; Googlebot/2.1; +http://www.google.com/bot.html)"
52.169.84.100 - - [02/May/2025:08:26:47 -0500] "GET /wp-login.php HTTP/1.1" 200 5569 "-" "-"
66.249.75.72 - - [02/May/2025:08:27:59 -0500] "GET /logomasters/product-details-colors.php?id=1919&&color=13915 HTTP/1.1" 200 28396 "-" "Mozilla/5.0 (Linux; Android 6.0.1; Nexus 5X Build/MMB29P) AppleWebKit/537.36 (KHTML, like Gecko) Chrome/135.0.7049.95 Mobile Safari/537.36 (compatible; Googlebot/2.1; +http://www.google.com/bot.html)"
66.249.75.74 - - [02/May/2025:08:31:04 -0500] "GET /logomasters/product-details-colors.php?id=2003&&color=14278 HTTP/1.1" 200 31698 "-" "Mozilla/5.0 (Linux; Android 6.0.1; Nexus 5X Build/MMB29P) AppleWebKit/537.36 (KHTML, like Gecko) Chrome/135.0.7049.95 Mobile Safari/537.36 (compatible; Googlebot/2.1; +http://www.google.com/bot.html)"
66.249.75.73 - - [02/May/2025:08:32:04 -0500] "GET /logomasters/product-details-colors.php?id=1340&&color=10645 HTTP/1.1" 200 27856 "-" "Mozilla/5.0 (Linux; Android 6.0.1; Nexus 5X Build/MMB29P) AppleWebKit/537.36 (KHTML, like Gecko) Chrome/135.0.7049.95 Mobile Safari/537.36 (compatible; Googlebot/2.1; +http://www.google.com/bot.html)"
66.249.75.73 - - [02/May/2025:08:35:05 -0500] "GET /logomasters/product-details-colors.php?id=1340&&color=10646 HTTP/1.1" 200 27856 "-" "Mozilla/5.0 (Linux; Android 6.0.1; Nexus 5X Build/MMB29P) AppleWebKit/537.36 (KHTML, like Gecko) Chrome/135.0.7049.95 Mobile Safari/537.36 (compatible; Googlebot/2.1; +http://www.google.com/bot.html)"
66.249.75.74 - - [02/May/2025:08:35:06 -0500] "GET /logomasters/product-details-colors.php?id=1920&&color=13916 HTTP/1.1" 200 28252 "-" "Mozilla/5.0 (Linux; Android 6.0.1; Nexus 5X Build/MMB29P) AppleWebKit/537.36 (KHTML, like Gecko) Chrome/135.0.7049.95 Mobile Safari/537.36 (compatible; Googlebot/2.1; +http://www.google.com/bot.html)"
107.151.209.126 - - [02/May/2025:08:36:04 -0500] "POST /wp-login.php HTTP/1.1" 200 5972 "-" "Mozilla/5.0"
162.215.15.55 - - [02/May/2025:08:36:05 -0500] "POST /wp-cron.php?doing_wp_cron=1746192965.9154300689697265625000 HTTP/1.1" 200 - "-" "WordPress/6.8.1; https://dna-1981.com"
66.249.75.74 - - [02/May/2025:08:36:31 -0500] "GET /logomasters/product-details-colors.php?id=2110&&color=14996 HTTP/1.1" 200 31965 "-" "Mozilla/5.0 (Linux; Android 6.0.1; Nexus 5X Build/MMB29P) AppleWebKit/537.36 (KHTML, like Gecko) Chrome/135.0.7049.95 Mobile Safari/537.36 (compatible; GoogleOther)"
66.249.75.73 - - [02/May/2025:08:38:06 -0500] "GET /logomasters/product-details-colors.php?id=2003&&color=14280 HTTP/1.1" 200 31680 "-" "Mozilla/5.0 (Linux; Android 6.0.1; Nexus 5X Build/MMB29P) AppleWebKit/537.36 (KHTML, like Gecko) Chrome/135.0.7049.95 Mobile Safari/537.36 (compatible; Googlebot/2.1; +http://www.google.com/bot.html)"
46.226.10.70 - - [02/May/2025:08:38:18 -0500] "POST /xmlrpc.php HTTP/1.1" 200 403 "-" "Mozilla/5.0 (Windows NT 5.1; Win64; x64) AppleWebKit/537.36 (KHTML, like Gecko) Chrome/60.0.3112.90 Safari/537.36"
162.215.15.55 - - [02/May/2025:08:38:20 -0500] "POST /wp-cron.php?doing_wp_cron=1746193100.0074830055236816406250 HTTP/1.1" 200 - "-" "WordPress/6.8.1; https://dna-1981.com"
164.52.205.112 - - [02/May/2025:08:38:20 -0500] "POST /xmlrpc.php HTTP/1.1" 200 403 "-" "Mozilla/5.0 (Windows NT 10.0; Win64; x64) AppleWebKit/537.36 (KHTML, like Gecko) Chrome/80.0.3987.149 Safari/537.36"
94.130.50.78 - - [02/May/2025:08:38:29 -0500] "POST /xmlrpc.php HTTP/1.1" 200 403 "-" "Mozilla/5.0 (Windows; U; Windows NT 5.1; en-US; rv:1.7.12) Gecko/20050915 Firefox/1.0.7"
46.226.10.74 - - [02/May/2025:08:38:41 -0500] "POST /xmlrpc.php HTTP/1.1" 200 403 "-" "Mozilla/5.0 (Windows NT 6.1; WOW64; rv:38.0) Gecko/20100101 Firefox/38.0"
129.226.145.114 - - [02/May/2025:08:39:05 -0500] "POST /xmlrpc.php HTTP/1.1" 200 403 "-" "Mozilla/5.0 (Linux; Android 10; LM-Q720) AppleWebKit/537.36 (KHTML, like Gecko) Chrome/91.0.4472.114 Mobile Safari/537.36"
162.215.15.55 - - [02/May/2025:08:39:07 -0500] "POST /wp-cron.php?doing_wp_cron=1746193147.0244359970092773437500 HTTP/1.1" 200 - "-" "WordPress/6.8.1; https://dna-1981.com"
209.141.33.127 - - [02/May/2025:08:40:33 -0500] "GET /wp-login.php HTTP/1.1" 200 5569 "-" "Mozilla/5.0 (compatible; MSIE 9.0; Windows NT 6.1; WOW64; Trident/5.0)"
162.215.15.55 - - [02/May/2025:08:40:35 -0500] "POST /wp-cron.php?doing_wp_cron=1746193235.1890590190887451171875 HTTP/1.1" 200 - "-" "WordPress/6.8.1; https://dna-1981.com"
209.141.33.127 - - [02/May/2025:08:40:36 -0500] "POST /wp-login.php HTTP/1.1" 200 5990 "-" "Mozilla/5.0 (compatible; MSIE 9.0; Windows NT 6.1; WOW64; Trident/5.0)"
66.249.75.72 - - [02/May/2025:08:42:06 -0500] "GET /logomasters/product-details-colors.php?id=2003&&color=14279 HTTP/1.1" 200 31689 "-" "Mozilla/5.0 (Linux; Android 6.0.1; Nexus 5X Build/MMB29P) AppleWebKit/537.36 (KHTML, like Gecko) Chrome/135.0.7049.95 Mobile Safari/537.36 (compatible; Googlebot/2.1; +http://www.google.com/bot.html)"
66.249.75.74 - - [02/May/2025:08:44:21 -0500] "GET /logomasters/product-details-colors.php?id=1876&&color=13674 HTTP/1.1" 200 28240 "-" "Mozilla/5.0 (Linux; Android 6.0.1; Nexus 5X Build/MMB29P) AppleWebKit/537.36 (KHTML, like Gecko) Chrome/135.0.7049.95 Mobile Safari/537.36 (compatible; GoogleOther)"
66.249.75.73 - - [02/May/2025:08:48:07 -0500] "GET /logomasters/product-details-colors.php?id=1941&&color=13990 HTTP/1.1" 200 28216 "-" "Mozilla/5.0 (Linux; Android 6.0.1; Nexus 5X Build/MMB29P) AppleWebKit/537.36 (KHTML, like Gecko) Chrome/135.0.7049.95 Mobile Safari/537.36 (compatible; Googlebot/2.1; +http://www.google.com/bot.html)"
52.178.213.107 - - [02/May/2025:08:48:36 -0500] "GET /wp-admin/user/index.php HTTP/1.1" 302 - "-" "-"
52.178.213.107 - - [02/May/2025:08:48:38 -0500] "GET /wp-login.php?redirect_to=https%3A%2F%2Fdna-1981.com%2Fwp-admin%2Fuser%2Findex.php&reauth=1 HTTP/1.1" 200 5583 "-" "-"
52.178.213.107 - - [02/May/2025:08:49:02 -0500] "GET /wp-admin/options.php HTTP/1.1" 302 - "-" "-"
52.178.213.107 - - [02/May/2025:08:49:03 -0500] "GET /wp-login.php?redirect_to=https%3A%2F%2Fdna-1981.com%2Fwp-admin%2Foptions.php&reauth=1 HTTP/1.1" 200 5580 "-" "-"
52.178.213.107 - - [02/May/2025:08:49:59 -0500] "GET / HTTP/1.1" 200 119854 "-" "-"
52.178.213.107 - - [02/May/2025:08:50:38 -0500] "GET /wp-admin/network/admin.php HTTP/1.1" 302 - "-" "-"
52.178.213.107 - - [02/May/2025:08:50:39 -0500] "GET /wp-login.php?redirect_to=https%3A%2F%2Fdna-1981.com%2Fwp-admin%2Fnetwork%2Fadmin.php&reauth=1 HTTP/1.1" 200 5586 "-" "-"
66.249.75.72 - - [02/May/2025:08:51:07 -0500] "GET /logomasters/product-details-colors.php?id=2006&&color=14312 HTTP/1.1" 200 31725 "-" "Mozilla/5.0 (Linux; Android 6.0.1; Nexus 5X Build/MMB29P) AppleWebKit/537.36 (KHTML, like Gecko) Chrome/135.0.7049.95 Mobile Safari/537.36 (compatible; Googlebot/2.1; +http://www.google.com/bot.html)"
52.178.213.107 - - [02/May/2025:08:51:21 -0500] "GET /wp-login.php HTTP/1.1" 200 5569 "-" "-"
52.178.213.107 - - [02/May/2025:08:51:40 -0500] "GET /wp-admin/ HTTP/1.1" 302 - "-" "-"
52.178.213.107 - - [02/May/2025:08:51:42 -0500] "GET /wp-login.php?redirect_to=https%3A%2F%2Fdna-1981.com%2Fwp-admin%2F&reauth=1 HTTP/1.1" 200 5569 "-" "-"
66.249.75.72 - - [02/May/2025:08:52:10 -0500] "GET /logomasters/product-details-colors.php?id=2006&&color=14313 HTTP/1.1" 200 31705 "-" "Mozilla/5.0 (Linux; Android 6.0.1; Nexus 5X Build/MMB29P) AppleWebKit/537.36 (KHTML, like Gecko) Chrome/135.0.7049.95 Mobile Safari/537.36 (compatible; GoogleOther)"
196.251.72.127 - - [02/May/2025:08:52:46 -0500] "GET /.git/config HTTP/1.1" 404 85065 "-" "Mozilla/5.0 (Macintosh; Intel Mac OS X 10_13_0) AppleWebKit/537.36 (KHTML, like Gecko) Chrome/74.0.3729.169 Safari/537.36"
162.215.15.55 - - [02/May/2025:08:52:47 -0500] "POST /wp-cron.php?doing_wp_cron=1746193967.5155360698699951171875 HTTP/1.1" 200 - "-" "WordPress/6.8.1; https://dna-1981.com"
52.178.213.107 - - [02/May/2025:08:54:02 -0500] "GET /wp-admin/index.php HTTP/1.1" 302 - "-" "-"
52.178.213.107 - - [02/May/2025:08:54:04 -0500] "GET /wp-login.php?redirect_to=https%3A%2F%2Fdna-1981.com%2Fwp-admin%2Findex.php&reauth=1 HTTP/1.1" 200 5578 "-" "-"
52.178.213.107 - - [02/May/2025:08:54:15 -0500] "GET /wp-admin/ HTTP/1.1" 302 - "-" "-"
52.178.213.107 - - [02/May/2025:08:54:17 -0500] "GET /wp-login.php?redirect_to=https%3A%2F%2Fdna-1981.com%2Fwp-admin%2F&reauth=1 HTTP/1.1" 200 5569 "-" "-"
52.178.213.107 - - [02/May/2025:08:54:44 -0500] "GET /wp-admin/users.php HTTP/1.1" 302 - "-" "-"
52.178.213.107 - - [02/May/2025:08:54:45 -0500] "GET /wp-login.php?redirect_to=https%3A%2F%2Fdna-1981.com%2Fwp-admin%2Fusers.php&reauth=1 HTTP/1.1" 200 5578 "-" "-"
162.215.15.55 - - [02/May/2025:08:54:47 -0500] "POST /wp-cron.php?doing_wp_cron=1746194087.2562348842620849609375 HTTP/1.1" 200 - "-" "WordPress/6.8.1; https://dna-1981.com"
66.249.75.72 - - [02/May/2025:08:55:08 -0500] "GET /logomasters/product-details-colors.php?id=2006&&color=14314 HTTP/1.1" 200 31708 "-" "Mozilla/5.0 (Linux; Android 6.0.1; Nexus 5X Build/MMB29P) AppleWebKit/537.36 (KHTML, like Gecko) Chrome/135.0.7049.95 Mobile Safari/537.36 (compatible; Googlebot/2.1; +http://www.google.com/bot.html)"
52.178.213.107 - - [02/May/2025:08:55:07 -0500] "GET / HTTP/1.1" 200 119854 "-" "-"
52.178.213.107 - - [02/May/2025:08:55:35 -0500] "GET /wp-admin/network/index.php HTTP/1.1" 302 - "-" "-"
52.178.213.107 - - [02/May/2025:08:55:36 -0500] "GET /wp-login.php?redirect_to=https%3A%2F%2Fdna-1981.com%2Fwp-admin%2Fnetwork%2Findex.php&reauth=1 HTTP/1.1" 200 5586 "-" "-"
52.178.213.107 - - [02/May/2025:08:56:44 -0500] "GET /wp-admin/admin.php HTTP/1.1" 302 - "-" "-"
52.178.213.107 - - [02/May/2025:08:56:45 -0500] "GET /wp-login.php?redirect_to=https%3A%2F%2Fdna-1981.com%2Fwp-admin%2Fadmin.php&reauth=1 HTTP/1.1" 200 5578 "-" "-"
162.215.15.55 - - [02/May/2025:08:56:46 -0500] "POST /wp-cron.php?doing_wp_cron=1746194206.8811509609222412109375 HTTP/1.1" 200 - "-" "WordPress/6.8.1; https://dna-1981.com"
52.178.213.107 - - [02/May/2025:08:57:39 -0500] "GET /wp-admin/ HTTP/1.1" 302 - "-" "-"
52.178.213.107 - - [02/May/2025:08:57:40 -0500] "GET /wp-login.php?redirect_to=https%3A%2F%2Fdna-1981.com%2Fwp-admin%2F&reauth=1 HTTP/1.1" 200 5569 "-" "-"
52.178.213.107 - - [02/May/2025:08:57:58 -0500] "GET /wp-login.php?action=register HTTP/1.1" 302 - "-" "-"
52.178.213.107 - - [02/May/2025:08:57:59 -0500] "GET /wp-login.php?registration=disabled HTTP/1.1" 200 5761 "-" "-"
66.249.75.73 - - [02/May/2025:09:00:00 -0500] "GET /logomasters/product-details-colors.php?id=1920&&color=13918 HTTP/1.1" 200 28266 "-" "Mozilla/5.0 (Linux; Android 6.0.1; Nexus 5X Build/MMB29P) AppleWebKit/537.36 (KHTML, like Gecko) Chrome/135.0.7049.95 Mobile Safari/537.36 (compatible; GoogleOther)"
66.249.75.74 - - [02/May/2025:09:00:59 -0500] "GET /logomasters/product-details-colors.php?id=1920&&color=13918 HTTP/1.1" 200 28266 "-" "Mozilla/5.0 (Linux; Android 6.0.1; Nexus 5X Build/MMB29P) AppleWebKit/537.36 (KHTML, like Gecko) Chrome/135.0.7049.95 Mobile Safari/537.36 (compatible; Googlebot/2.1; +http://www.google.com/bot.html)"
66.249.75.73 - - [02/May/2025:09:05:00 -0500] "GET /logomasters/product-details-colors.php?id=2006&&color=14311 HTTP/1.1" 200 31683 "-" "Mozilla/5.0 (Linux; Android 6.0.1; Nexus 5X Build/MMB29P) AppleWebKit/537.36 (KHTML, like Gecko) Chrome/135.0.7049.95 Mobile Safari/537.36 (compatible; Googlebot/2.1; +http://www.google.com/bot.html)"
66.249.75.74 - - [02/May/2025:09:07:51 -0500] "GET /logomasters/product-details-colors.php?id=2003&&color=14277 HTTP/1.1" 200 31725 "-" "Mozilla/5.0 (Linux; Android 6.0.1; Nexus 5X Build/MMB29P) AppleWebKit/537.36 (KHTML, like Gecko) Chrome/135.0.7049.95 Mobile Safari/537.36 (compatible; GoogleOther)"
66.249.75.72 - - [02/May/2025:09:07:54 -0500] "GET /logomasters/product-details-colors.php?id=1927&&color=13940 HTTP/1.1" 200 28144 "-" "Mozilla/5.0 (Linux; Android 6.0.1; Nexus 5X Build/MMB29P) AppleWebKit/537.36 (KHTML, like Gecko) Chrome/135.0.7049.95 Mobile Safari/537.36 (compatible; GoogleOther)"
66.249.75.72 - - [02/May/2025:09:08:00 -0500] "GET /logomasters/product-details-colors.php?id=2110&&color=14994 HTTP/1.1" 200 31920 "-" "Mozilla/5.0 (Linux; Android 6.0.1; Nexus 5X Build/MMB29P) AppleWebKit/537.36 (KHTML, like Gecko) Chrome/135.0.7049.95 Mobile Safari/537.36 (compatible; Googlebot/2.1; +http://www.google.com/bot.html)"
66.249.75.73 - - [02/May/2025:09:11:01 -0500] "GET /logomasters/product-details-colors.php?id=2110&&color=14996 HTTP/1.1" 200 31965 "-" "Mozilla/5.0 (Linux; Android 6.0.1; Nexus 5X Build/MMB29P) AppleWebKit/537.36 (KHTML, like Gecko) Chrome/135.0.7049.95 Mobile Safari/537.36 (compatible; Googlebot/2.1; +http://www.google.com/bot.html)"
66.249.75.74 - - [02/May/2025:09:15:39 -0500] "GET /logomasters/product-details-colors.php?id=1340&&color=10646 HTTP/1.1" 200 27856 "-" "Mozilla/5.0 (Linux; Android 6.0.1; Nexus 5X Build/MMB29P) AppleWebKit/537.36 (KHTML, like Gecko) Chrome/135.0.7049.95 Mobile Safari/537.36 (compatible; GoogleOther)"
66.249.75.73 - - [02/May/2025:09:18:01 -0500] "GET /logomasters/product-details-colors.php?id=2110&&color=14993 HTTP/1.1" 200 31791 "-" "Mozilla/5.0 (Linux; Android 6.0.1; Nexus 5X Build/MMB29P) AppleWebKit/537.36 (KHTML, like Gecko) Chrome/135.0.7049.95 Mobile Safari/537.36 (compatible; Googlebot/2.1; +http://www.google.com/bot.html)"
92.20.39.65 - - [02/May/2025:09:19:43 -0500] "POST /xmlrpc.php HTTP/1.1" 200 403 "-" "Mozilla/5.0 (Windows NT 10.0; Win64; x64) AppleWebKit/537.36 (KHTML, like Gecko) Chrome/91.0.4472.124 Safari/537.36"
162.215.15.55 - - [02/May/2025:09:19:44 -0500] "POST /wp-cron.php?doing_wp_cron=1746195584.5897219181060791015625 HTTP/1.1" 200 - "-" "WordPress/6.8.1; https://dna-1981.com"
66.249.75.73 - - [02/May/2025:09:21:02 -0500] "GET /logomasters/product-details-colors.php?id=2101&&color=14946 HTTP/1.1" 200 31897 "-" "Mozilla/5.0 (Linux; Android 6.0.1; Nexus 5X Build/MMB29P) AppleWebKit/537.36 (KHTML, like Gecko) Chrome/135.0.7049.95 Mobile Safari/537.36 (compatible; Googlebot/2.1; +http://www.google.com/bot.html)"
143.44.184.251 - - [02/May/2025:09:22:20 -0500] "POST /xmlrpc.php HTTP/1.1" 200 403 "-" "Mozilla/5.0 (Windows NT 10.0; Win64; x64) AppleWebKit/537.36 (KHTML, like Gecko) Chrome/91.0.4472.124 Safari/537.36"
162.215.15.55 - - [02/May/2025:09:22:22 -0500] "POST /wp-cron.php?doing_wp_cron=1746195742.0232241153717041015625 HTTP/1.1" 200 - "-" "WordPress/6.8.1; https://dna-1981.com"
198.235.24.65 - - [02/May/2025:09:22:44 -0500] "GET /wp-login.php HTTP/1.1" 200 5569 "-" "Expanse, a Palo Alto Networks company, searches across the global IPv4 space multiple times per day to identify customers&#39; presences on the Internet. If you would like to be excluded from our scans, please send IP addresses/domains to: scaninfo@paloaltonetworks.com"
66.249.75.74 - - [02/May/2025:09:23:29 -0500] "GET /logomasters/product-details-colors.php?id=2005&&color=14300 HTTP/1.1" 200 30816 "-" "Mozilla/5.0 (Linux; Android 6.0.1; Nexus 5X Build/MMB29P) AppleWebKit/537.36 (KHTML, like Gecko) Chrome/135.0.7049.95 Mobile Safari/537.36 (compatible; GoogleOther)"
44.225.73.253 - - [02/May/2025:09:23:48 -0500] "GET /?sucurianticache=1207740020 HTTP/1.1" 200 119854 "-" "Sucuri Uptime Monitor"
35.84.155.125 - - [02/May/2025:09:23:53 -0500] "GET /?sucurianticache=1342327165 HTTP/1.1" 200 119854 "-" "Sucuri Uptime Monitor"
66.249.75.74 - - [02/May/2025:09:24:02 -0500] "GET /logomasters/product-details-colors.php?id=2110&&color=14995 HTTP/1.1" 200 31952 "-" "Mozilla/5.0 (Linux; Android 6.0.1; Nexus 5X Build/MMB29P) AppleWebKit/537.36 (KHTML, like Gecko) Chrome/135.0.7049.95 Mobile Safari/537.36 (compatible; Googlebot/2.1; +http://www.google.com/bot.html)"
107.151.209.126 - - [02/May/2025:09:28:45 -0500] "POST /wp-login.php HTTP/1.1" 200 5972 "-" "Mozilla/5.0"
162.215.15.55 - - [02/May/2025:09:28:46 -0500] "POST /wp-cron.php?doing_wp_cron=1746196126.8816220760345458984375 HTTP/1.1" 200 - "-" "WordPress/6.8.1; https://dna-1981.com"
66.249.75.74 - - [02/May/2025:09:30:06 -0500] "GET /logomasters/product-details-colors.php?id=2101&&color=14952 HTTP/1.1" 200 32040 "-" "Mozilla/5.0 (Linux; Android 6.0.1; Nexus 5X Build/MMB29P) AppleWebKit/537.36 (KHTML, like Gecko) Chrome/135.0.7049.95 Mobile Safari/537.36 (compatible; Googlebot/2.1; +http://www.google.com/bot.html)"
43.205.98.73 - - [02/May/2025:09:30:52 -0500] "HEAD / HTTP/1.1" 200 - "http://dna-1981.com/" "Mozilla/5.0 (Windows NT 10.0; Win64; x64) AppleWebKit/537.36 (KHTML, like Gecko) Chrome/74.0.3729.169 Safari/537.36"
66.249.75.72 - - [02/May/2025:09:31:18 -0500] "GET /logomasters/product-details-colors.php?id=2101&&color=14952 HTTP/1.1" 200 32040 "-" "Mozilla/5.0 (Linux; Android 6.0.1; Nexus 5X Build/MMB29P) AppleWebKit/537.36 (KHTML, like Gecko) Chrome/135.0.7049.95 Mobile Safari/537.36 (compatible; GoogleOther)"
66.249.75.73 - - [02/May/2025:09:32:07 -0500] "GET /logomasters/product-details-colors.php?id=2101&&color=14950 HTTP/1.1" 200 32027 "-" "Mozilla/5.0 (Linux; Android 6.0.1; Nexus 5X Build/MMB29P) AppleWebKit/537.36 (KHTML, like Gecko) Chrome/135.0.7049.95 Mobile Safari/537.36 (compatible; Googlebot/2.1; +http://www.google.com/bot.html)"
66.249.75.72 - - [02/May/2025:09:37:12 -0500] "GET /logomasters/product-details-colors.php?id=2101&&color=14949 HTTP/1.1" 200 31995 "-" "Mozilla/5.0 (Linux; Android 6.0.1; Nexus 5X Build/MMB29P) AppleWebKit/537.36 (KHTML, like Gecko) Chrome/135.0.7049.95 Mobile Safari/537.36 (compatible; Googlebot/2.1; +http://www.google.com/bot.html)"
3.89.69.153 - - [02/May/2025:09:37:51 -0500] "GET /.git/config HTTP/1.1" 404 85065 "-" "Mozilla/5.0 (Windows NT 10.0; WOW64) AppleWebKit/537.36 (KHTML, like Gecko) Chrome/69.0.3497.92 Safari/537.36"
162.215.15.55 - - [02/May/2025:09:37:53 -0500] "POST /wp-cron.php?doing_wp_cron=1746196673.2474501132965087890625 HTTP/1.1" 200 - "-" "WordPress/6.8.1; https://dna-1981.com"
66.249.75.74 - - [02/May/2025:09:38:13 -0500] "GET /logomasters/product-details-colors.php?id=1668&&color=12004 HTTP/1.1" 200 30861 "-" "Mozilla/5.0 (Linux; Android 6.0.1; Nexus 5X Build/MMB29P) AppleWebKit/537.36 (KHTML, like Gecko) Chrome/135.0.7049.95 Mobile Safari/537.36 (compatible; Googlebot/2.1; +http://www.google.com/bot.html)"
66.249.75.74 - - [02/May/2025:09:39:08 -0500] "GET /logomasters/product-details-colors.php?id=2065&&color=14751 HTTP/1.1" 200 31192 "-" "Mozilla/5.0 (Linux; Android 6.0.1; Nexus 5X Build/MMB29P) AppleWebKit/537.36 (KHTML, like Gecko) Chrome/135.0.7049.95 Mobile Safari/537.36 (compatible; GoogleOther)"
66.249.75.74 - - [02/May/2025:09:40:13 -0500] "GET /logomasters/product-details-colors.php?id=2101&&color=14948 HTTP/1.1" 200 31866 "-" "Mozilla/5.0 (Linux; Android 6.0.1; Nexus 5X Build/MMB29P) AppleWebKit/537.36 (KHTML, like Gecko) Chrome/135.0.7049.95 Mobile Safari/537.36 (compatible; Googlebot/2.1; +http://www.google.com/bot.html)"
66.249.75.72 - - [02/May/2025:09:44:14 -0500] "GET /logomasters/product-details-colors.php?id=2122&&color=15105 HTTP/1.1" 200 31041 "-" "Mozilla/5.0 (Linux; Android 6.0.1; Nexus 5X Build/MMB29P) AppleWebKit/537.36 (KHTML, like Gecko) Chrome/135.0.7049.95 Mobile Safari/537.36 (compatible; Googlebot/2.1; +http://www.google.com/bot.html)"
66.249.75.72 - - [02/May/2025:09:44:14 -0500] "GET /logomasters/product-details-colors.php?id=2031&&color=14626 HTTP/1.1" 200 30189 "-" "Mozilla/5.0 (Linux; Android 6.0.1; Nexus 5X Build/MMB29P) AppleWebKit/537.36 (KHTML, like Gecko) Chrome/135.0.7049.95 Mobile Safari/537.36 (compatible; Googlebot/2.1; +http://www.google.com/bot.html)"
66.249.75.72 - - [02/May/2025:09:46:57 -0500] "GET /logomasters/product-details-colors.php?id=1927&&color=13939 HTTP/1.1" 200 28144 "-" "Mozilla/5.0 (Linux; Android 6.0.1; Nexus 5X Build/MMB29P) AppleWebKit/537.36 (KHTML, like Gecko) Chrome/135.0.7049.95 Mobile Safari/537.36 (compatible; GoogleOther)"
66.249.75.74 - - [02/May/2025:09:47:14 -0500] "GET /logomasters/product-details-colors.php?id=2122&&color=15106 HTTP/1.1" 200 31010 "-" "Mozilla/5.0 (Linux; Android 6.0.1; Nexus 5X Build/MMB29P) AppleWebKit/537.36 (KHTML, like Gecko) Chrome/135.0.7049.95 Mobile Safari/537.36 (compatible; Googlebot/2.1; +http://www.google.com/bot.html)"
66.249.75.73 - - [02/May/2025:09:50:15 -0500] "GET /logomasters/product-details-colors.php?id=2122&&color=15104 HTTP/1.1" 200 31205 "-" "Mozilla/5.0 (Linux; Android 6.0.1; Nexus 5X Build/MMB29P) AppleWebKit/537.36 (KHTML, like Gecko) Chrome/135.0.7049.95 Mobile Safari/537.36 (compatible; Googlebot/2.1; +http://www.google.com/bot.html)"
198.98.51.24 - - [02/May/2025:09:52:11 -0500] "GET /wp-login.php HTTP/1.1" 200 5569 "-" "Mozilla/5.0 (Macintosh; Intel Mac OS X 10_9_2) AppleWebKit/537.36 (KHTML, like Gecko) Chrome/35.0.1916.153 Safari/537.36"
162.215.15.55 - - [02/May/2025:09:52:13 -0500] "POST /wp-cron.php?doing_wp_cron=1746197533.2205510139465332031250 HTTP/1.1" 200 - "-" "WordPress/6.8.1; https://dna-1981.com"
66.249.75.72 - - [02/May/2025:09:52:15 -0500] "GET /logomasters/product-details-colors.php?id=2111&&color=14998 HTTP/1.1" 200 31558 "-" "Mozilla/5.0 (Linux; Android 6.0.1; Nexus 5X Build/MMB29P) AppleWebKit/537.36 (KHTML, like Gecko) Chrome/135.0.7049.95 Mobile Safari/537.36 (compatible; Googlebot/2.1; +http://www.google.com/bot.html)"
66.249.75.74 - - [02/May/2025:09:53:51 -0500] "GET /logomasters/product-details-colors.php?id=2110&&color=14993 HTTP/1.1" 200 31791 "-" "Mozilla/5.0 (Linux; Android 6.0.1; Nexus 5X Build/MMB29P) AppleWebKit/537.36 (KHTML, like Gecko) Chrome/135.0.7049.95 Mobile Safari/537.36 (compatible; GoogleOther)"
66.249.75.72 - - [02/May/2025:09:54:47 -0500] "GET /logomasters/product-details-colors.php?id=1919&&color=16840 HTTP/1.1" 200 28382 "-" "Mozilla/5.0 (Linux; Android 6.0.1; Nexus 5X Build/MMB29P) AppleWebKit/537.36 (KHTML, like Gecko) Chrome/135.0.7049.95 Mobile Safari/537.36 (compatible; GoogleOther)"
198.98.51.24 - - [02/May/2025:09:55:57 -0500] "POST /wp-login.php HTTP/1.1" 200 5990 "-" "Mozilla/5.0 (Macintosh; Intel Mac OS X 10_9_2) AppleWebKit/537.36 (KHTML, like Gecko) Chrome/35.0.1916.153 Safari/537.36"
162.215.15.55 - - [02/May/2025:09:55:58 -0500] "POST /wp-cron.php?doing_wp_cron=1746197758.5210618972778320312500 HTTP/1.1" 200 - "-" "WordPress/6.8.1; https://dna-1981.com"
66.249.75.72 - - [02/May/2025:09:57:01 -0500] "GET /logomasters/product-details-colors.php?id=2081&&color=14811 HTTP/1.1" 200 31504 "-" "Mozilla/5.0 (Linux; Android 6.0.1; Nexus 5X Build/MMB29P) AppleWebKit/537.36 (KHTML, like Gecko) Chrome/135.0.7049.95 Mobile Safari/537.36 (compatible; Googlebot/2.1; +http://www.google.com/bot.html)"
54.36.148.85 - - [02/May/2025:09:59:50 -0500] "GET /robots.txt HTTP/2.0" 200 23 "-" "Mozilla/5.0 (compatible; AhrefsBot/7.0; +http://ahrefs.com/robot/)"
51.222.253.19 - - [02/May/2025:09:59:51 -0500] "GET / HTTP/2.0" 200 119854 "-" "Mozilla/5.0 (compatible; AhrefsBot/7.0; +http://ahrefs.com/robot/)"
162.215.15.55 - - [02/May/2025:09:59:53 -0500] "POST /wp-cron.php?doing_wp_cron=1746197993.1013190746307373046875 HTTP/1.1" 200 - "-" "WordPress/6.8.1; https://dna-1981.com"
51.222.253.14 - - [02/May/2025:09:59:56 -0500] "GET /wp-content/plugins/elementor/assets/css/widget-divider.min.css?ver=3.28.4 HTTP/2.0" 200 4298 "-" "Mozilla/5.0 (compatible; AhrefsBot/7.0; +http://ahrefs.com/robot/)"
51.222.253.10 - - [02/May/2025:09:59:57 -0500] "GET /wp-content/plugins/elementor/assets/css/widget-image.min.css?ver=3.28.4 HTTP/2.0" 200 254 "-" "Mozilla/5.0 (compatible; AhrefsBot/7.0; +http://ahrefs.com/robot/)"
51.222.253.19 - - [02/May/2025:09:59:58 -0500] "GET /wp-content/uploads/2020/09/copywriter-client-testimonial-man.jpg HTTP/2.0" 200 30747 "-" "Mozilla/5.0 (compatible; AhrefsBot/7.0; +http://ahrefs.com/robot/)"
51.222.253.18 - - [02/May/2025:09:59:59 -0500] "GET /wp-content/uploads/elementor/css/post-13.css?ver=1745339598 HTTP/2.0" 200 22721 "-" "Mozilla/5.0 (compatible; AhrefsBot/7.0; +http://ahrefs.com/robot/)"
51.222.253.2 - - [02/May/2025:10:00:00 -0500] "GET /wp-content/plugins/elementor/assets/css/widget-icon-list.min.css?ver=3.28.4 HTTP/2.0" 200 10310 "-" "Mozilla/5.0 (compatible; AhrefsBot/7.0; +http://ahrefs.com/robot/)"
51.222.253.12 - - [02/May/2025:10:00:01 -0500] "GET /wp-content/uploads/2020/09/copywriter-client-testimonial-woman.jpg HTTP/2.0" 200 37373 "-" "Mozilla/5.0 (compatible; AhrefsBot/7.0; +http://ahrefs.com/robot/)"
66.249.75.73 - - [02/May/2025:10:02:37 -0500] "GET /logomasters/product-details-colors.php?id=2111&&color=15000 HTTP/1.1" 200 31732 "-" "Mozilla/5.0 (Linux; Android 6.0.1; Nexus 5X Build/MMB29P) AppleWebKit/537.36 (KHTML, like Gecko) Chrome/135.0.7049.95 Mobile Safari/537.36 (compatible; GoogleOther)"
