13.201.123.141 - - [02/May/2025:19:17:07 -0500] "POST //xmlrpc.php HTTP/1.1" 200 401 "-" "Mozilla/5.0 (Windows NT 10.0; Win64; x64) AppleWebKit/537.36 (KHTML, like Gecko) Chrome/80.0.3987.149 Safari/537.36"
13.201.123.141 - - [02/May/2025:19:17:10 -0500] "POST //xmlrpc.php HTTP/1.1" 200 401 "-" "Mozilla/5.0 (Windows NT 10.0; Win64; x64) AppleWebKit/537.36 (KHTML, like Gecko) Chrome/80.0.3987.149 Safari/537.36"
66.249.75.72 - - [02/May/2025:19:17:13 -0500] "GET /logomasters/product-details-colors.php?id=2354&&color=17323 HTTP/1.1" 200 32493 "-" "Mozilla/5.0 (Linux; Android 6.0.1; Nexus 5X Build/MMB29P) AppleWebKit/537.36 (KHTML, like Gecko) Chrome/135.0.7049.95 Mobile Safari/537.36 (compatible; Googlebot/2.1; +http://www.google.com/bot.html)"
13.201.123.141 - - [02/May/2025:19:17:12 -0500] "POST //xmlrpc.php HTTP/1.1" 200 401 "-" "Mozilla/5.0 (Windows NT 10.0; Win64; x64) AppleWebKit/537.36 (KHTML, like Gecko) Chrome/80.0.3987.149 Safari/537.36"
13.201.123.141 - - [02/May/2025:19:17:15 -0500] "POST //xmlrpc.php HTTP/1.1" 200 401 "-" "Mozilla/5.0 (Windows NT 10.0; Win64; x64) AppleWebKit/537.36 (KHTML, like Gecko) Chrome/80.0.3987.149 Safari/537.36"
13.201.123.141 - - [02/May/2025:19:17:18 -0500] "POST //xmlrpc.php HTTP/1.1" 200 401 "-" "Mozilla/5.0 (Windows NT 10.0; Win64; x64) AppleWebKit/537.36 (KHTML, like Gecko) Chrome/80.0.3987.149 Safari/537.36"
13.201.123.141 - - [02/May/2025:19:17:20 -0500] "POST //xmlrpc.php HTTP/1.1" 200 401 "-" "Mozilla/5.0 (Windows NT 10.0; Win64; x64) AppleWebKit/537.36 (KHTML, like Gecko) Chrome/80.0.3987.149 Safari/537.36"
13.201.123.141 - - [02/May/2025:19:17:23 -0500] "POST //xmlrpc.php HTTP/1.1" 200 401 "-" "Mozilla/5.0 (Windows NT 10.0; Win64; x64) AppleWebKit/537.36 (KHTML, like Gecko) Chrome/80.0.3987.149 Safari/537.36"
13.201.123.141 - - [02/May/2025:19:17:26 -0500] "POST //xmlrpc.php HTTP/1.1" 200 401 "-" "Mozilla/5.0 (Windows NT 10.0; Win64; x64) AppleWebKit/537.36 (KHTML, like Gecko) Chrome/80.0.3987.149 Safari/537.36"
13.201.123.141 - - [02/May/2025:19:17:28 -0500] "POST //xmlrpc.php HTTP/1.1" 200 401 "-" "Mozilla/5.0 (Windows NT 10.0; Win64; x64) AppleWebKit/537.36 (KHTML, like Gecko) Chrome/80.0.3987.149 Safari/537.36"
13.201.123.141 - - [02/May/2025:19:17:31 -0500] "POST //xmlrpc.php HTTP/1.1" 200 401 "-" "Mozilla/5.0 (Windows NT 10.0; Win64; x64) AppleWebKit/537.36 (KHTML, like Gecko) Chrome/80.0.3987.149 Safari/537.36"
13.201.123.141 - - [02/May/2025:19:17:34 -0500] "POST //xmlrpc.php HTTP/1.1" 200 401 "-" "Mozilla/5.0 (Windows NT 10.0; Win64; x64) AppleWebKit/537.36 (KHTML, like Gecko) Chrome/80.0.3987.149 Safari/537.36"
13.201.123.141 - - [02/May/2025:19:17:36 -0500] "POST //xmlrpc.php HTTP/1.1" 200 401 "-" "Mozilla/5.0 (Windows NT 10.0; Win64; x64) AppleWebKit/537.36 (KHTML, like Gecko) Chrome/80.0.3987.149 Safari/537.36"
13.201.123.141 - - [02/May/2025:19:17:39 -0500] "POST //xmlrpc.php HTTP/1.1" 200 401 "-" "Mozilla/5.0 (Windows NT 10.0; Win64; x64) AppleWebKit/537.36 (KHTML, like Gecko) Chrome/80.0.3987.149 Safari/537.36"
13.201.123.141 - - [02/May/2025:19:17:42 -0500] "POST //xmlrpc.php HTTP/1.1" 200 401 "-" "Mozilla/5.0 (Windows NT 10.0; Win64; x64) AppleWebKit/537.36 (KHTML, like Gecko) Chrome/80.0.3987.149 Safari/537.36"
13.201.123.141 - - [02/May/2025:19:17:44 -0500] "POST //xmlrpc.php HTTP/1.1" 200 401 "-" "Mozilla/5.0 (Windows NT 10.0; Win64; x64) AppleWebKit/537.36 (KHTML, like Gecko) Chrome/80.0.3987.149 Safari/537.36"
162.215.15.55 - - [02/May/2025:19:17:46 -0500] "POST /wp-cron.php?doing_wp_cron=1746231466.1456110477447509765625 HTTP/1.1" 200 - "-" "WordPress/6.8.1; https://dna-1981.com"
13.201.123.141 - - [02/May/2025:19:17:48 -0500] "POST //xmlrpc.php HTTP/1.1" 200 401 "-" "Mozilla/5.0 (Windows NT 10.0; Win64; x64) AppleWebKit/537.36 (KHTML, like Gecko) Chrome/80.0.3987.149 Safari/537.36"
13.201.123.141 - - [02/May/2025:19:17:51 -0500] "POST //xmlrpc.php HTTP/1.1" 200 401 "-" "Mozilla/5.0 (Windows NT 10.0; Win64; x64) AppleWebKit/537.36 (KHTML, like Gecko) Chrome/80.0.3987.149 Safari/537.36"
13.201.123.141 - - [02/May/2025:19:17:53 -0500] "POST //xmlrpc.php HTTP/1.1" 200 401 "-" "Mozilla/5.0 (Windows NT 10.0; Win64; x64) AppleWebKit/537.36 (KHTML, like Gecko) Chrome/80.0.3987.149 Safari/537.36"
13.201.123.141 - - [02/May/2025:19:17:56 -0500] "POST //xmlrpc.php HTTP/1.1" 200 401 "-" "Mozilla/5.0 (Windows NT 10.0; Win64; x64) AppleWebKit/537.36 (KHTML, like Gecko) Chrome/80.0.3987.149 Safari/537.36"
13.201.123.141 - - [02/May/2025:19:17:59 -0500] "POST //xmlrpc.php HTTP/1.1" 200 401 "-" "Mozilla/5.0 (Windows NT 10.0; Win64; x64) AppleWebKit/537.36 (KHTML, like Gecko) Chrome/80.0.3987.149 Safari/537.36"
13.201.123.141 - - [02/May/2025:19:18:01 -0500] "POST //xmlrpc.php HTTP/1.1" 200 401 "-" "Mozilla/5.0 (Windows NT 10.0; Win64; x64) AppleWebKit/537.36 (KHTML, like Gecko) Chrome/80.0.3987.149 Safari/537.36"
13.201.123.141 - - [02/May/2025:19:18:04 -0500] "POST //xmlrpc.php HTTP/1.1" 200 401 "-" "Mozilla/5.0 (Windows NT 10.0; Win64; x64) AppleWebKit/537.36 (KHTML, like Gecko) Chrome/80.0.3987.149 Safari/537.36"
13.201.123.141 - - [02/May/2025:19:18:07 -0500] "POST //xmlrpc.php HTTP/1.1" 200 401 "-" "Mozilla/5.0 (Windows NT 10.0; Win64; x64) AppleWebKit/537.36 (KHTML, like Gecko) Chrome/80.0.3987.149 Safari/537.36"
13.201.123.141 - - [02/May/2025:19:18:09 -0500] "POST //xmlrpc.php HTTP/1.1" 200 401 "-" "Mozilla/5.0 (Windows NT 10.0; Win64; x64) AppleWebKit/537.36 (KHTML, like Gecko) Chrome/80.0.3987.149 Safari/537.36"
13.201.123.141 - - [02/May/2025:19:18:12 -0500] "POST //xmlrpc.php HTTP/1.1" 200 401 "-" "Mozilla/5.0 (Windows NT 10.0; Win64; x64) AppleWebKit/537.36 (KHTML, like Gecko) Chrome/80.0.3987.149 Safari/537.36"
13.201.123.141 - - [02/May/2025:19:18:15 -0500] "POST //xmlrpc.php HTTP/1.1" 200 401 "-" "Mozilla/5.0 (Windows NT 10.0; Win64; x64) AppleWebKit/537.36 (KHTML, like Gecko) Chrome/80.0.3987.149 Safari/537.36"
13.201.123.141 - - [02/May/2025:19:18:18 -0500] "POST //xmlrpc.php HTTP/1.1" 200 401 "-" "Mozilla/5.0 (Windows NT 10.0; Win64; x64) AppleWebKit/537.36 (KHTML, like Gecko) Chrome/80.0.3987.149 Safari/537.36"
13.201.123.141 - - [02/May/2025:19:18:20 -0500] "POST //xmlrpc.php HTTP/1.1" 200 401 "-" "Mozilla/5.0 (Windows NT 10.0; Win64; x64) AppleWebKit/537.36 (KHTML, like Gecko) Chrome/80.0.3987.149 Safari/537.36"
13.201.123.141 - - [02/May/2025:19:18:23 -0500] "POST //xmlrpc.php HTTP/1.1" 200 401 "-" "Mozilla/5.0 (Windows NT 10.0; Win64; x64) AppleWebKit/537.36 (KHTML, like Gecko) Chrome/80.0.3987.149 Safari/537.36"
13.201.123.141 - - [02/May/2025:19:18:26 -0500] "POST //xmlrpc.php HTTP/1.1" 200 401 "-" "Mozilla/5.0 (Windows NT 10.0; Win64; x64) AppleWebKit/537.36 (KHTML, like Gecko) Chrome/80.0.3987.149 Safari/537.36"
13.201.123.141 - - [02/May/2025:19:18:28 -0500] "POST //xmlrpc.php HTTP/1.1" 200 401 "-" "Mozilla/5.0 (Windows NT 10.0; Win64; x64) AppleWebKit/537.36 (KHTML, like Gecko) Chrome/80.0.3987.149 Safari/537.36"
13.201.123.141 - - [02/May/2025:19:18:31 -0500] "POST //xmlrpc.php HTTP/1.1" 200 401 "-" "Mozilla/5.0 (Windows NT 10.0; Win64; x64) AppleWebKit/537.36 (KHTML, like Gecko) Chrome/80.0.3987.149 Safari/537.36"
13.201.123.141 - - [02/May/2025:19:18:33 -0500] "POST //xmlrpc.php HTTP/1.1" 200 401 "-" "Mozilla/5.0 (Windows NT 10.0; Win64; x64) AppleWebKit/537.36 (KHTML, like Gecko) Chrome/80.0.3987.149 Safari/537.36"
13.201.123.141 - - [02/May/2025:19:18:36 -0500] "POST //xmlrpc.php HTTP/1.1" 200 401 "-" "Mozilla/5.0 (Windows NT 10.0; Win64; x64) AppleWebKit/537.36 (KHTML, like Gecko) Chrome/80.0.3987.149 Safari/537.36"
13.201.123.141 - - [02/May/2025:19:18:39 -0500] "POST //xmlrpc.php HTTP/1.1" 200 401 "-" "Mozilla/5.0 (Windows NT 10.0; Win64; x64) AppleWebKit/537.36 (KHTML, like Gecko) Chrome/80.0.3987.149 Safari/537.36"
13.201.123.141 - - [02/May/2025:19:18:42 -0500] "POST //xmlrpc.php HTTP/1.1" 200 401 "-" "Mozilla/5.0 (Windows NT 10.0; Win64; x64) AppleWebKit/537.36 (KHTML, like Gecko) Chrome/80.0.3987.149 Safari/537.36"
13.201.123.141 - - [02/May/2025:19:18:44 -0500] "POST //xmlrpc.php HTTP/1.1" 200 401 "-" "Mozilla/5.0 (Windows NT 10.0; Win64; x64) AppleWebKit/537.36 (KHTML, like Gecko) Chrome/80.0.3987.149 Safari/537.36"
13.201.123.141 - - [02/May/2025:19:18:47 -0500] "POST //xmlrpc.php HTTP/1.1" 200 401 "-" "Mozilla/5.0 (Windows NT 10.0; Win64; x64) AppleWebKit/537.36 (KHTML, like Gecko) Chrome/80.0.3987.149 Safari/537.36"
162.215.15.55 - - [02/May/2025:19:18:48 -0500] "POST /wp-cron.php?doing_wp_cron=1746231528.5269529819488525390625 HTTP/1.1" 200 - "-" "WordPress/6.8.1; https://dna-1981.com"
13.201.123.141 - - [02/May/2025:19:18:50 -0500] "POST //xmlrpc.php HTTP/1.1" 200 401 "-" "Mozilla/5.0 (Windows NT 10.0; Win64; x64) AppleWebKit/537.36 (KHTML, like Gecko) Chrome/80.0.3987.149 Safari/537.36"
103.191.76.181 - - [02/May/2025:19:18:51 -0500] "POST /xmlrpc.php HTTP/2.0" 200 403 "https://dna-1981.com" "Mozilla/5.0 (Macintosh; Intel Mac OS X 13_3) AppleWebKit/537.36 (KHTML, like Gecko) Chrome/126.0.0.0 Safari/537.36"
13.201.123.141 - - [02/May/2025:19:18:53 -0500] "POST //xmlrpc.php HTTP/1.1" 200 401 "-" "Mozilla/5.0 (Windows NT 10.0; Win64; x64) AppleWebKit/537.36 (KHTML, like Gecko) Chrome/80.0.3987.149 Safari/537.36"
13.201.123.141 - - [02/May/2025:19:18:56 -0500] "POST //xmlrpc.php HTTP/1.1" 200 401 "-" "Mozilla/5.0 (Windows NT 10.0; Win64; x64) AppleWebKit/537.36 (KHTML, like Gecko) Chrome/80.0.3987.149 Safari/537.36"
13.201.123.141 - - [02/May/2025:19:18:58 -0500] "POST //xmlrpc.php HTTP/1.1" 200 401 "-" "Mozilla/5.0 (Windows NT 10.0; Win64; x64) AppleWebKit/537.36 (KHTML, like Gecko) Chrome/80.0.3987.149 Safari/537.36"
13.201.123.141 - - [02/May/2025:19:19:01 -0500] "POST //xmlrpc.php HTTP/1.1" 200 401 "-" "Mozilla/5.0 (Windows NT 10.0; Win64; x64) AppleWebKit/537.36 (KHTML, like Gecko) Chrome/80.0.3987.149 Safari/537.36"
13.201.123.141 - - [02/May/2025:19:19:03 -0500] "POST //xmlrpc.php HTTP/1.1" 200 401 "-" "Mozilla/5.0 (Windows NT 10.0; Win64; x64) AppleWebKit/537.36 (KHTML, like Gecko) Chrome/80.0.3987.149 Safari/537.36"
13.201.123.141 - - [02/May/2025:19:19:06 -0500] "POST //xmlrpc.php HTTP/1.1" 200 401 "-" "Mozilla/5.0 (Windows NT 10.0; Win64; x64) AppleWebKit/537.36 (KHTML, like Gecko) Chrome/80.0.3987.149 Safari/537.36"
13.201.123.141 - - [02/May/2025:19:19:09 -0500] "POST //xmlrpc.php HTTP/1.1" 200 401 "-" "Mozilla/5.0 (Windows NT 10.0; Win64; x64) AppleWebKit/537.36 (KHTML, like Gecko) Chrome/80.0.3987.149 Safari/537.36"
13.201.123.141 - - [02/May/2025:19:19:11 -0500] "POST //xmlrpc.php HTTP/1.1" 200 401 "-" "Mozilla/5.0 (Windows NT 10.0; Win64; x64) AppleWebKit/537.36 (KHTML, like Gecko) Chrome/80.0.3987.149 Safari/537.36"
13.201.123.141 - - [02/May/2025:19:19:14 -0500] "POST //xmlrpc.php HTTP/1.1" 200 401 "-" "Mozilla/5.0 (Windows NT 10.0; Win64; x64) AppleWebKit/537.36 (KHTML, like Gecko) Chrome/80.0.3987.149 Safari/537.36"
13.201.123.141 - - [02/May/2025:19:19:17 -0500] "POST //xmlrpc.php HTTP/1.1" 200 401 "-" "Mozilla/5.0 (Windows NT 10.0; Win64; x64) AppleWebKit/537.36 (KHTML, like Gecko) Chrome/80.0.3987.149 Safari/537.36"
13.201.123.141 - - [02/May/2025:19:19:19 -0500] "POST //xmlrpc.php HTTP/1.1" 200 401 "-" "Mozilla/5.0 (Windows NT 10.0; Win64; x64) AppleWebKit/537.36 (KHTML, like Gecko) Chrome/80.0.3987.149 Safari/537.36"
13.201.123.141 - - [02/May/2025:19:19:22 -0500] "POST //xmlrpc.php HTTP/1.1" 200 401 "-" "Mozilla/5.0 (Windows NT 10.0; Win64; x64) AppleWebKit/537.36 (KHTML, like Gecko) Chrome/80.0.3987.149 Safari/537.36"
13.201.123.141 - - [02/May/2025:19:19:25 -0500] "POST //xmlrpc.php HTTP/1.1" 200 401 "-" "Mozilla/5.0 (Windows NT 10.0; Win64; x64) AppleWebKit/537.36 (KHTML, like Gecko) Chrome/80.0.3987.149 Safari/537.36"
13.201.123.141 - - [02/May/2025:19:19:27 -0500] "POST //xmlrpc.php HTTP/1.1" 200 401 "-" "Mozilla/5.0 (Windows NT 10.0; Win64; x64) AppleWebKit/537.36 (KHTML, like Gecko) Chrome/80.0.3987.149 Safari/537.36"
13.201.123.141 - - [02/May/2025:19:19:30 -0500] "POST //xmlrpc.php HTTP/1.1" 200 401 "-" "Mozilla/5.0 (Windows NT 10.0; Win64; x64) AppleWebKit/537.36 (KHTML, like Gecko) Chrome/80.0.3987.149 Safari/537.36"
13.201.123.141 - - [02/May/2025:19:19:33 -0500] "POST //xmlrpc.php HTTP/1.1" 200 401 "-" "Mozilla/5.0 (Windows NT 10.0; Win64; x64) AppleWebKit/537.36 (KHTML, like Gecko) Chrome/80.0.3987.149 Safari/537.36"
13.201.123.141 - - [02/May/2025:19:19:35 -0500] "POST //xmlrpc.php HTTP/1.1" 200 401 "-" "Mozilla/5.0 (Windows NT 10.0; Win64; x64) AppleWebKit/537.36 (KHTML, like Gecko) Chrome/80.0.3987.149 Safari/537.36"
13.201.123.141 - - [02/May/2025:19:19:38 -0500] "POST //xmlrpc.php HTTP/1.1" 200 401 "-" "Mozilla/5.0 (Windows NT 10.0; Win64; x64) AppleWebKit/537.36 (KHTML, like Gecko) Chrome/80.0.3987.149 Safari/537.36"
13.201.123.141 - - [02/May/2025:19:19:41 -0500] "POST //xmlrpc.php HTTP/1.1" 200 401 "-" "Mozilla/5.0 (Windows NT 10.0; Win64; x64) AppleWebKit/537.36 (KHTML, like Gecko) Chrome/80.0.3987.149 Safari/537.36"
13.201.123.141 - - [02/May/2025:19:19:44 -0500] "POST //xmlrpc.php HTTP/1.1" 200 401 "-" "Mozilla/5.0 (Windows NT 10.0; Win64; x64) AppleWebKit/537.36 (KHTML, like Gecko) Chrome/80.0.3987.149 Safari/537.36"
13.201.123.141 - - [02/May/2025:19:19:47 -0500] "POST //xmlrpc.php HTTP/1.1" 200 401 "-" "Mozilla/5.0 (Windows NT 10.0; Win64; x64) AppleWebKit/537.36 (KHTML, like Gecko) Chrome/80.0.3987.149 Safari/537.36"
162.215.15.55 - - [02/May/2025:19:19:48 -0500] "POST /wp-cron.php?doing_wp_cron=1746231588.3698348999023437500000 HTTP/1.1" 200 - "-" "WordPress/6.8.1; https://dna-1981.com"
13.201.123.141 - - [02/May/2025:19:19:50 -0500] "POST //xmlrpc.php HTTP/1.1" 200 401 "-" "Mozilla/5.0 (Windows NT 10.0; Win64; x64) AppleWebKit/537.36 (KHTML, like Gecko) Chrome/80.0.3987.149 Safari/537.36"
13.201.123.141 - - [02/May/2025:19:19:53 -0500] "POST //xmlrpc.php HTTP/1.1" 200 401 "-" "Mozilla/5.0 (Windows NT 10.0; Win64; x64) AppleWebKit/537.36 (KHTML, like Gecko) Chrome/80.0.3987.149 Safari/537.36"
13.201.123.141 - - [02/May/2025:19:19:55 -0500] "POST //xmlrpc.php HTTP/1.1" 200 401 "-" "Mozilla/5.0 (Windows NT 10.0; Win64; x64) AppleWebKit/537.36 (KHTML, like Gecko) Chrome/80.0.3987.149 Safari/537.36"
13.201.123.141 - - [02/May/2025:19:19:58 -0500] "POST //xmlrpc.php HTTP/1.1" 200 401 "-" "Mozilla/5.0 (Windows NT 10.0; Win64; x64) AppleWebKit/537.36 (KHTML, like Gecko) Chrome/80.0.3987.149 Safari/537.36"
13.201.123.141 - - [02/May/2025:19:20:01 -0500] "POST //xmlrpc.php HTTP/1.1" 200 401 "-" "Mozilla/5.0 (Windows NT 10.0; Win64; x64) AppleWebKit/537.36 (KHTML, like Gecko) Chrome/80.0.3987.149 Safari/537.36"
13.201.123.141 - - [02/May/2025:19:20:03 -0500] "POST //xmlrpc.php HTTP/1.1" 200 401 "-" "Mozilla/5.0 (Windows NT 10.0; Win64; x64) AppleWebKit/537.36 (KHTML, like Gecko) Chrome/80.0.3987.149 Safari/537.36"
13.201.123.141 - - [02/May/2025:19:20:06 -0500] "POST //xmlrpc.php HTTP/1.1" 200 401 "-" "Mozilla/5.0 (Windows NT 10.0; Win64; x64) AppleWebKit/537.36 (KHTML, like Gecko) Chrome/80.0.3987.149 Safari/537.36"
13.201.123.141 - - [02/May/2025:19:20:09 -0500] "POST //xmlrpc.php HTTP/1.1" 200 401 "-" "Mozilla/5.0 (Windows NT 10.0; Win64; x64) AppleWebKit/537.36 (KHTML, like Gecko) Chrome/80.0.3987.149 Safari/537.36"
13.201.123.141 - - [02/May/2025:19:20:12 -0500] "POST //xmlrpc.php HTTP/1.1" 200 401 "-" "Mozilla/5.0 (Windows NT 10.0; Win64; x64) AppleWebKit/537.36 (KHTML, like Gecko) Chrome/80.0.3987.149 Safari/537.36"
13.201.123.141 - - [02/May/2025:19:20:14 -0500] "POST //xmlrpc.php HTTP/1.1" 200 401 "-" "Mozilla/5.0 (Windows NT 10.0; Win64; x64) AppleWebKit/537.36 (KHTML, like Gecko) Chrome/80.0.3987.149 Safari/537.36"
13.201.123.141 - - [02/May/2025:19:20:17 -0500] "POST //xmlrpc.php HTTP/1.1" 200 401 "-" "Mozilla/5.0 (Windows NT 10.0; Win64; x64) AppleWebKit/537.36 (KHTML, like Gecko) Chrome/80.0.3987.149 Safari/537.36"
13.201.123.141 - - [02/May/2025:19:20:20 -0500] "POST //xmlrpc.php HTTP/1.1" 200 401 "-" "Mozilla/5.0 (Windows NT 10.0; Win64; x64) AppleWebKit/537.36 (KHTML, like Gecko) Chrome/80.0.3987.149 Safari/537.36"
13.201.123.141 - - [02/May/2025:19:20:22 -0500] "POST //xmlrpc.php HTTP/1.1" 200 401 "-" "Mozilla/5.0 (Windows NT 10.0; Win64; x64) AppleWebKit/537.36 (KHTML, like Gecko) Chrome/80.0.3987.149 Safari/537.36"
13.201.123.141 - - [02/May/2025:19:20:25 -0500] "POST //xmlrpc.php HTTP/1.1" 200 401 "-" "Mozilla/5.0 (Windows NT 10.0; Win64; x64) AppleWebKit/537.36 (KHTML, like Gecko) Chrome/80.0.3987.149 Safari/537.36"
13.201.123.141 - - [02/May/2025:19:20:27 -0500] "POST //xmlrpc.php HTTP/1.1" 200 401 "-" "Mozilla/5.0 (Windows NT 10.0; Win64; x64) AppleWebKit/537.36 (KHTML, like Gecko) Chrome/80.0.3987.149 Safari/537.36"
13.201.123.141 - - [02/May/2025:19:20:30 -0500] "POST //xmlrpc.php HTTP/1.1" 200 401 "-" "Mozilla/5.0 (Windows NT 10.0; Win64; x64) AppleWebKit/537.36 (KHTML, like Gecko) Chrome/80.0.3987.149 Safari/537.36"
13.201.123.141 - - [02/May/2025:19:20:33 -0500] "POST //xmlrpc.php HTTP/1.1" 200 401 "-" "Mozilla/5.0 (Windows NT 10.0; Win64; x64) AppleWebKit/537.36 (KHTML, like Gecko) Chrome/80.0.3987.149 Safari/537.36"
13.201.123.141 - - [02/May/2025:19:20:35 -0500] "POST //xmlrpc.php HTTP/1.1" 200 401 "-" "Mozilla/5.0 (Windows NT 10.0; Win64; x64) AppleWebKit/537.36 (KHTML, like Gecko) Chrome/80.0.3987.149 Safari/537.36"
13.201.123.141 - - [02/May/2025:19:20:38 -0500] "POST //xmlrpc.php HTTP/1.1" 200 401 "-" "Mozilla/5.0 (Windows NT 10.0; Win64; x64) AppleWebKit/537.36 (KHTML, like Gecko) Chrome/80.0.3987.149 Safari/537.36"
13.201.123.141 - - [02/May/2025:19:20:41 -0500] "POST //xmlrpc.php HTTP/1.1" 200 401 "-" "Mozilla/5.0 (Windows NT 10.0; Win64; x64) AppleWebKit/537.36 (KHTML, like Gecko) Chrome/80.0.3987.149 Safari/537.36"
13.201.123.141 - - [02/May/2025:19:20:43 -0500] "POST //xmlrpc.php HTTP/1.1" 200 401 "-" "Mozilla/5.0 (Windows NT 10.0; Win64; x64) AppleWebKit/537.36 (KHTML, like Gecko) Chrome/80.0.3987.149 Safari/537.36"
13.201.123.141 - - [02/May/2025:19:20:46 -0500] "POST //xmlrpc.php HTTP/1.1" 200 401 "-" "Mozilla/5.0 (Windows NT 10.0; Win64; x64) AppleWebKit/537.36 (KHTML, like Gecko) Chrome/80.0.3987.149 Safari/537.36"
162.215.15.55 - - [02/May/2025:19:20:47 -0500] "POST /wp-cron.php?doing_wp_cron=1746231647.6072111129760742187500 HTTP/1.1" 200 - "-" "WordPress/6.8.1; https://dna-1981.com"
13.201.123.141 - - [02/May/2025:19:20:49 -0500] "POST //xmlrpc.php HTTP/1.1" 200 401 "-" "Mozilla/5.0 (Windows NT 10.0; Win64; x64) AppleWebKit/537.36 (KHTML, like Gecko) Chrome/80.0.3987.149 Safari/537.36"
13.201.123.141 - - [02/May/2025:19:20:52 -0500] "POST //xmlrpc.php HTTP/1.1" 200 401 "-" "Mozilla/5.0 (Windows NT 10.0; Win64; x64) AppleWebKit/537.36 (KHTML, like Gecko) Chrome/80.0.3987.149 Safari/537.36"
13.201.123.141 - - [02/May/2025:19:20:55 -0500] "POST //xmlrpc.php HTTP/1.1" 200 401 "-" "Mozilla/5.0 (Windows NT 10.0; Win64; x64) AppleWebKit/537.36 (KHTML, like Gecko) Chrome/80.0.3987.149 Safari/537.36"
13.201.123.141 - - [02/May/2025:19:20:57 -0500] "POST //xmlrpc.php HTTP/1.1" 200 401 "-" "Mozilla/5.0 (Windows NT 10.0; Win64; x64) AppleWebKit/537.36 (KHTML, like Gecko) Chrome/80.0.3987.149 Safari/537.36"
13.201.123.141 - - [02/May/2025:19:21:00 -0500] "POST //xmlrpc.php HTTP/1.1" 200 401 "-" "Mozilla/5.0 (Windows NT 10.0; Win64; x64) AppleWebKit/537.36 (KHTML, like Gecko) Chrome/80.0.3987.149 Safari/537.36"
13.201.123.141 - - [02/May/2025:19:21:03 -0500] "POST //xmlrpc.php HTTP/1.1" 200 401 "-" "Mozilla/5.0 (Windows NT 10.0; Win64; x64) AppleWebKit/537.36 (KHTML, like Gecko) Chrome/80.0.3987.149 Safari/537.36"
13.201.123.141 - - [02/May/2025:19:21:06 -0500] "POST //xmlrpc.php HTTP/1.1" 200 401 "-" "Mozilla/5.0 (Windows NT 10.0; Win64; x64) AppleWebKit/537.36 (KHTML, like Gecko) Chrome/80.0.3987.149 Safari/537.36"
13.201.123.141 - - [02/May/2025:19:21:08 -0500] "POST //xmlrpc.php HTTP/1.1" 200 401 "-" "Mozilla/5.0 (Windows NT 10.0; Win64; x64) AppleWebKit/537.36 (KHTML, like Gecko) Chrome/80.0.3987.149 Safari/537.36"
13.201.123.141 - - [02/May/2025:19:21:11 -0500] "POST //xmlrpc.php HTTP/1.1" 200 401 "-" "Mozilla/5.0 (Windows NT 10.0; Win64; x64) AppleWebKit/537.36 (KHTML, like Gecko) Chrome/80.0.3987.149 Safari/537.36"
66.249.75.74 - - [02/May/2025:19:21:14 -0500] "GET /logomasters/product-details-colors.php?id=2354&&color=17318 HTTP/1.1" 200 32604 "-" "Mozilla/5.0 (Linux; Android 6.0.1; Nexus 5X Build/MMB29P) AppleWebKit/537.36 (KHTML, like Gecko) Chrome/135.0.7049.95 Mobile Safari/537.36 (compatible; Googlebot/2.1; +http://www.google.com/bot.html)"
13.201.123.141 - - [02/May/2025:19:21:14 -0500] "POST //xmlrpc.php HTTP/1.1" 200 401 "-" "Mozilla/5.0 (Windows NT 10.0; Win64; x64) AppleWebKit/537.36 (KHTML, like Gecko) Chrome/80.0.3987.149 Safari/537.36"
13.201.123.141 - - [02/May/2025:19:21:17 -0500] "POST //xmlrpc.php HTTP/1.1" 200 401 "-" "Mozilla/5.0 (Windows NT 10.0; Win64; x64) AppleWebKit/537.36 (KHTML, like Gecko) Chrome/80.0.3987.149 Safari/537.36"
13.201.123.141 - - [02/May/2025:19:21:19 -0500] "POST //xmlrpc.php HTTP/1.1" 200 401 "-" "Mozilla/5.0 (Windows NT 10.0; Win64; x64) AppleWebKit/537.36 (KHTML, like Gecko) Chrome/80.0.3987.149 Safari/537.36"
13.201.123.141 - - [02/May/2025:19:21:22 -0500] "POST //xmlrpc.php HTTP/1.1" 200 401 "-" "Mozilla/5.0 (Windows NT 10.0; Win64; x64) AppleWebKit/537.36 (KHTML, like Gecko) Chrome/80.0.3987.149 Safari/537.36"
13.201.123.141 - - [02/May/2025:19:21:24 -0500] "POST //xmlrpc.php HTTP/1.1" 200 401 "-" "Mozilla/5.0 (Windows NT 10.0; Win64; x64) AppleWebKit/537.36 (KHTML, like Gecko) Chrome/80.0.3987.149 Safari/537.36"
13.201.123.141 - - [02/May/2025:19:21:27 -0500] "POST //xmlrpc.php HTTP/1.1" 200 401 "-" "Mozilla/5.0 (Windows NT 10.0; Win64; x64) AppleWebKit/537.36 (KHTML, like Gecko) Chrome/80.0.3987.149 Safari/537.36"
13.201.123.141 - - [02/May/2025:19:21:30 -0500] "POST //xmlrpc.php HTTP/1.1" 200 401 "-" "Mozilla/5.0 (Windows NT 10.0; Win64; x64) AppleWebKit/537.36 (KHTML, like Gecko) Chrome/80.0.3987.149 Safari/537.36"
13.201.123.141 - - [02/May/2025:19:21:33 -0500] "POST //xmlrpc.php HTTP/1.1" 200 401 "-" "Mozilla/5.0 (Windows NT 10.0; Win64; x64) AppleWebKit/537.36 (KHTML, like Gecko) Chrome/80.0.3987.149 Safari/537.36"
13.201.123.141 - - [02/May/2025:19:21:35 -0500] "POST //xmlrpc.php HTTP/1.1" 200 401 "-" "Mozilla/5.0 (Windows NT 10.0; Win64; x64) AppleWebKit/537.36 (KHTML, like Gecko) Chrome/80.0.3987.149 Safari/537.36"
13.201.123.141 - - [02/May/2025:19:21:38 -0500] "POST //xmlrpc.php HTTP/1.1" 200 401 "-" "Mozilla/5.0 (Windows NT 10.0; Win64; x64) AppleWebKit/537.36 (KHTML, like Gecko) Chrome/80.0.3987.149 Safari/537.36"
13.201.123.141 - - [02/May/2025:19:21:41 -0500] "POST //xmlrpc.php HTTP/1.1" 200 401 "-" "Mozilla/5.0 (Windows NT 10.0; Win64; x64) AppleWebKit/537.36 (KHTML, like Gecko) Chrome/80.0.3987.149 Safari/537.36"
13.201.123.141 - - [02/May/2025:19:21:44 -0500] "POST //xmlrpc.php HTTP/1.1" 200 401 "-" "Mozilla/5.0 (Windows NT 10.0; Win64; x64) AppleWebKit/537.36 (KHTML, like Gecko) Chrome/80.0.3987.149 Safari/537.36"
13.201.123.141 - - [02/May/2025:19:21:46 -0500] "POST //xmlrpc.php HTTP/1.1" 200 401 "-" "Mozilla/5.0 (Windows NT 10.0; Win64; x64) AppleWebKit/537.36 (KHTML, like Gecko) Chrome/80.0.3987.149 Safari/537.36"
162.215.15.55 - - [02/May/2025:19:21:48 -0500] "POST /wp-cron.php?doing_wp_cron=1746231708.0195260047912597656250 HTTP/1.1" 200 - "-" "WordPress/6.8.1; https://dna-1981.com"
13.201.123.141 - - [02/May/2025:19:21:50 -0500] "POST //xmlrpc.php HTTP/1.1" 200 401 "-" "Mozilla/5.0 (Windows NT 10.0; Win64; x64) AppleWebKit/537.36 (KHTML, like Gecko) Chrome/80.0.3987.149 Safari/537.36"
13.201.123.141 - - [02/May/2025:19:21:53 -0500] "POST //xmlrpc.php HTTP/1.1" 200 401 "-" "Mozilla/5.0 (Windows NT 10.0; Win64; x64) AppleWebKit/537.36 (KHTML, like Gecko) Chrome/80.0.3987.149 Safari/537.36"
13.201.123.141 - - [02/May/2025:19:21:55 -0500] "POST //xmlrpc.php HTTP/1.1" 200 401 "-" "Mozilla/5.0 (Windows NT 10.0; Win64; x64) AppleWebKit/537.36 (KHTML, like Gecko) Chrome/80.0.3987.149 Safari/537.36"
13.201.123.141 - - [02/May/2025:19:21:58 -0500] "POST //xmlrpc.php HTTP/1.1" 200 401 "-" "Mozilla/5.0 (Windows NT 10.0; Win64; x64) AppleWebKit/537.36 (KHTML, like Gecko) Chrome/80.0.3987.149 Safari/537.36"
13.201.123.141 - - [02/May/2025:19:22:01 -0500] "POST //xmlrpc.php HTTP/1.1" 200 401 "-" "Mozilla/5.0 (Windows NT 10.0; Win64; x64) AppleWebKit/537.36 (KHTML, like Gecko) Chrome/80.0.3987.149 Safari/537.36"
13.201.123.141 - - [02/May/2025:19:22:03 -0500] "POST //xmlrpc.php HTTP/1.1" 200 401 "-" "Mozilla/5.0 (Windows NT 10.0; Win64; x64) AppleWebKit/537.36 (KHTML, like Gecko) Chrome/80.0.3987.149 Safari/537.36"
13.201.123.141 - - [02/May/2025:19:22:06 -0500] "POST //xmlrpc.php HTTP/1.1" 200 401 "-" "Mozilla/5.0 (Windows NT 10.0; Win64; x64) AppleWebKit/537.36 (KHTML, like Gecko) Chrome/80.0.3987.149 Safari/537.36"
13.201.123.141 - - [02/May/2025:19:22:08 -0500] "POST //xmlrpc.php HTTP/1.1" 200 401 "-" "Mozilla/5.0 (Windows NT 10.0; Win64; x64) AppleWebKit/537.36 (KHTML, like Gecko) Chrome/80.0.3987.149 Safari/537.36"
13.201.123.141 - - [02/May/2025:19:22:11 -0500] "POST //xmlrpc.php HTTP/1.1" 200 401 "-" "Mozilla/5.0 (Windows NT 10.0; Win64; x64) AppleWebKit/537.36 (KHTML, like Gecko) Chrome/80.0.3987.149 Safari/537.36"
13.201.123.141 - - [02/May/2025:19:22:14 -0500] "POST //xmlrpc.php HTTP/1.1" 200 401 "-" "Mozilla/5.0 (Windows NT 10.0; Win64; x64) AppleWebKit/537.36 (KHTML, like Gecko) Chrome/80.0.3987.149 Safari/537.36"
13.201.123.141 - - [02/May/2025:19:22:16 -0500] "POST //xmlrpc.php HTTP/1.1" 200 401 "-" "Mozilla/5.0 (Windows NT 10.0; Win64; x64) AppleWebKit/537.36 (KHTML, like Gecko) Chrome/80.0.3987.149 Safari/537.36"
13.201.123.141 - - [02/May/2025:19:22:19 -0500] "POST //xmlrpc.php HTTP/1.1" 200 401 "-" "Mozilla/5.0 (Windows NT 10.0; Win64; x64) AppleWebKit/537.36 (KHTML, like Gecko) Chrome/80.0.3987.149 Safari/537.36"
13.201.123.141 - - [02/May/2025:19:22:22 -0500] "POST //xmlrpc.php HTTP/1.1" 200 401 "-" "Mozilla/5.0 (Windows NT 10.0; Win64; x64) AppleWebKit/537.36 (KHTML, like Gecko) Chrome/80.0.3987.149 Safari/537.36"
13.201.123.141 - - [02/May/2025:19:22:24 -0500] "POST //xmlrpc.php HTTP/1.1" 200 401 "-" "Mozilla/5.0 (Windows NT 10.0; Win64; x64) AppleWebKit/537.36 (KHTML, like Gecko) Chrome/80.0.3987.149 Safari/537.36"
13.201.123.141 - - [02/May/2025:19:22:27 -0500] "POST //xmlrpc.php HTTP/1.1" 200 401 "-" "Mozilla/5.0 (Windows NT 10.0; Win64; x64) AppleWebKit/537.36 (KHTML, like Gecko) Chrome/80.0.3987.149 Safari/537.36"
13.201.123.141 - - [02/May/2025:19:22:30 -0500] "POST //xmlrpc.php HTTP/1.1" 200 401 "-" "Mozilla/5.0 (Windows NT 10.0; Win64; x64) AppleWebKit/537.36 (KHTML, like Gecko) Chrome/80.0.3987.149 Safari/537.36"
13.201.123.141 - - [02/May/2025:19:22:32 -0500] "POST //xmlrpc.php HTTP/1.1" 200 401 "-" "Mozilla/5.0 (Windows NT 10.0; Win64; x64) AppleWebKit/537.36 (KHTML, like Gecko) Chrome/80.0.3987.149 Safari/537.36"
13.201.123.141 - - [02/May/2025:19:22:35 -0500] "POST //xmlrpc.php HTTP/1.1" 200 401 "-" "Mozilla/5.0 (Windows NT 10.0; Win64; x64) AppleWebKit/537.36 (KHTML, like Gecko) Chrome/80.0.3987.149 Safari/537.36"
13.201.123.141 - - [02/May/2025:19:22:38 -0500] "POST //xmlrpc.php HTTP/1.1" 200 401 "-" "Mozilla/5.0 (Windows NT 10.0; Win64; x64) AppleWebKit/537.36 (KHTML, like Gecko) Chrome/80.0.3987.149 Safari/537.36"
13.201.123.141 - - [02/May/2025:19:22:40 -0500] "POST //xmlrpc.php HTTP/1.1" 200 401 "-" "Mozilla/5.0 (Windows NT 10.0; Win64; x64) AppleWebKit/537.36 (KHTML, like Gecko) Chrome/80.0.3987.149 Safari/537.36"
13.201.123.141 - - [02/May/2025:19:22:43 -0500] "POST //xmlrpc.php HTTP/1.1" 200 401 "-" "Mozilla/5.0 (Windows NT 10.0; Win64; x64) AppleWebKit/537.36 (KHTML, like Gecko) Chrome/80.0.3987.149 Safari/537.36"
13.201.123.141 - - [02/May/2025:19:22:45 -0500] "POST //xmlrpc.php HTTP/1.1" 200 401 "-" "Mozilla/5.0 (Windows NT 10.0; Win64; x64) AppleWebKit/537.36 (KHTML, like Gecko) Chrome/80.0.3987.149 Safari/537.36"
162.215.15.55 - - [02/May/2025:19:22:47 -0500] "POST /wp-cron.php?doing_wp_cron=1746231767.2622919082641601562500 HTTP/1.1" 200 - "-" "WordPress/6.8.1; https://dna-1981.com"
13.201.123.141 - - [02/May/2025:19:22:49 -0500] "POST //xmlrpc.php HTTP/1.1" 200 401 "-" "Mozilla/5.0 (Windows NT 10.0; Win64; x64) AppleWebKit/537.36 (KHTML, like Gecko) Chrome/80.0.3987.149 Safari/537.36"
13.201.123.141 - - [02/May/2025:19:22:52 -0500] "POST //xmlrpc.php HTTP/1.1" 200 401 "-" "Mozilla/5.0 (Windows NT 10.0; Win64; x64) AppleWebKit/537.36 (KHTML, like Gecko) Chrome/80.0.3987.149 Safari/537.36"
13.201.123.141 - - [02/May/2025:19:22:54 -0500] "POST //xmlrpc.php HTTP/1.1" 200 401 "-" "Mozilla/5.0 (Windows NT 10.0; Win64; x64) AppleWebKit/537.36 (KHTML, like Gecko) Chrome/80.0.3987.149 Safari/537.36"
13.201.123.141 - - [02/May/2025:19:22:57 -0500] "POST //xmlrpc.php HTTP/1.1" 200 401 "-" "Mozilla/5.0 (Windows NT 10.0; Win64; x64) AppleWebKit/537.36 (KHTML, like Gecko) Chrome/80.0.3987.149 Safari/537.36"
13.201.123.141 - - [02/May/2025:19:23:00 -0500] "POST //xmlrpc.php HTTP/1.1" 200 401 "-" "Mozilla/5.0 (Windows NT 10.0; Win64; x64) AppleWebKit/537.36 (KHTML, like Gecko) Chrome/80.0.3987.149 Safari/537.36"
13.201.123.141 - - [02/May/2025:19:23:03 -0500] "POST //xmlrpc.php HTTP/1.1" 200 401 "-" "Mozilla/5.0 (Windows NT 10.0; Win64; x64) AppleWebKit/537.36 (KHTML, like Gecko) Chrome/80.0.3987.149 Safari/537.36"
199.195.249.97 - - [02/May/2025:19:24:39 -0500] "GET /wp-login.php HTTP/1.1" 200 5569 "-" "Mozilla/5.0 (Macintosh; Intel Mac OS X 10_10) AppleWebKit/600.1.3 (KHTML, like Gecko) Version/8.0 Safari/600.1.3"
162.215.15.55 - - [02/May/2025:19:24:41 -0500] "POST /wp-cron.php?doing_wp_cron=1746231881.1321709156036376953125 HTTP/1.1" 200 - "-" "WordPress/6.8.1; https://dna-1981.com"
66.249.75.73 - - [02/May/2025:19:25:14 -0500] "GET /logomasters/product-details-colors.php?id=2354&&color=17321 HTTP/1.1" 200 32431 "-" "Mozilla/5.0 (Linux; Android 6.0.1; Nexus 5X Build/MMB29P) AppleWebKit/537.36 (KHTML, like Gecko) Chrome/135.0.7049.95 Mobile Safari/537.36 (compatible; Googlebot/2.1; +http://www.google.com/bot.html)"
23.239.27.53 - - [02/May/2025:19:25:21 -0500] "POST /xmlrpc.php HTTP/2.0" 200 403 "https://dna-1981.com" "Mozilla/5.0 (Windows NT 10.0; Win64; x64) AppleWebKit/537.36 (KHTML, like Gecko) Chrome/113.0.5672.126 Safari/537.36 Edg/113.0.1774.50"
162.215.15.55 - - [02/May/2025:19:25:22 -0500] "POST /wp-cron.php?doing_wp_cron=1746231922.6162021160125732421875 HTTP/1.1" 200 - "-" "WordPress/6.8.1; https://dna-1981.com"
107.151.209.126 - - [02/May/2025:19:25:45 -0500] "POST /wp-login.php HTTP/1.1" 200 5972 "-" "Mozilla/5.0"
162.215.15.55 - - [02/May/2025:19:25:46 -0500] "POST /wp-cron.php?doing_wp_cron=1746231946.6113801002502441406250 HTTP/1.1" 200 - "-" "WordPress/6.8.1; https://dna-1981.com"
66.249.75.72 - - [02/May/2025:19:26:11 -0500] "GET /logomasters/product-details-colors.php?id=2354&&color=17320 HTTP/1.1" 200 32631 "-" "Mozilla/5.0 (Linux; Android 6.0.1; Nexus 5X Build/MMB29P) AppleWebKit/537.36 (KHTML, like Gecko) Chrome/135.0.7049.95 Mobile Safari/537.36 (compatible; GoogleOther)"
199.195.249.97 - - [02/May/2025:19:26:46 -0500] "POST /wp-login.php HTTP/1.1" 200 5990 "-" "Mozilla/5.0 (Macintosh; Intel Mac OS X 10_10) AppleWebKit/600.1.3 (KHTML, like Gecko) Version/8.0 Safari/600.1.3"
162.215.15.55 - - [02/May/2025:19:26:47 -0500] "POST /wp-cron.php?doing_wp_cron=1746232007.8656759262084960937500 HTTP/1.1" 200 - "-" "WordPress/6.8.1; https://dna-1981.com"
66.249.75.74 - - [02/May/2025:19:27:12 -0500] "GET /logomasters/product-details-colors.php?id=2354&&color=17322 HTTP/1.1" 200 32493 "-" "Mozilla/5.0 (Linux; Android 6.0.1; Nexus 5X Build/MMB29P) AppleWebKit/537.36 (KHTML, like Gecko) Chrome/135.0.7049.95 Mobile Safari/537.36 (compatible; Googlebot/2.1; +http://www.google.com/bot.html)"
66.249.75.72 - - [02/May/2025:19:28:09 -0500] "GET /logomasters/product-details-colors.php?id=2082&&color=14815 HTTP/1.1" 200 31784 "-" "Mozilla/5.0 (Linux; Android 6.0.1; Nexus 5X Build/MMB29P) AppleWebKit/537.36 (KHTML, like Gecko) Chrome/135.0.7049.95 Mobile Safari/537.36 (compatible; GoogleOther)"
66.249.75.74 - - [02/May/2025:19:30:09 -0500] "GET /logomasters/product-details-colors.php?id=2075&&color=14787 HTTP/1.1" 200 31502 "-" "Mozilla/5.0 (Linux; Android 6.0.1; Nexus 5X Build/MMB29P) AppleWebKit/537.36 (KHTML, like Gecko) Chrome/135.0.7049.95 Mobile Safari/537.36 (compatible; GoogleOther)"
167.86.74.244 - - [02/May/2025:19:31:39 -0500] "POST /xmlrpc.php HTTP/2.0" 200 403 "https://dna-1981.com" "Mozilla/5.0 (Macintosh; Intel Mac OS X 10_15_7; rv:128.0) Gecko/20100101 Firefox/128.0"
162.215.15.55 - - [02/May/2025:19:31:40 -0500] "POST /wp-cron.php?doing_wp_cron=1746232300.8549690246582031250000 HTTP/1.1" 200 - "-" "WordPress/6.8.1; https://dna-1981.com"
66.249.75.72 - - [02/May/2025:19:37:15 -0500] "GET /logomasters/product-details-colors.php?id=2269&&color=16606 HTTP/1.1" 200 31396 "-" "Mozilla/5.0 (Linux; Android 6.0.1; Nexus 5X Build/MMB29P) AppleWebKit/537.36 (KHTML, like Gecko) Chrome/135.0.7049.95 Mobile Safari/537.36 (compatible; Googlebot/2.1; +http://www.google.com/bot.html)"
195.20.19.31 - - [02/May/2025:19:38:03 -0500] "POST /xmlrpc.php HTTP/2.0" 200 403 "https://dna-1981.com" "Mozilla/5.0 (Macintosh; Intel Mac OS X 10_15_7) AppleWebKit/537.36 (KHTML, like Gecko) Chrome/112.0.5615.138 Safari/537.36"
162.215.15.55 - - [02/May/2025:19:38:05 -0500] "POST /wp-cron.php?doing_wp_cron=1746232685.2728149890899658203125 HTTP/1.1" 200 - "-" "WordPress/6.8.1; https://dna-1981.com"
66.249.75.72 - - [02/May/2025:19:41:15 -0500] "GET /logomasters/product-details-colors.php?id=2269&&color=16608 HTTP/1.1" 200 31405 "-" "Mozilla/5.0 (Linux; Android 6.0.1; Nexus 5X Build/MMB29P) AppleWebKit/537.36 (KHTML, like Gecko) Chrome/135.0.7049.95 Mobile Safari/537.36 (compatible; Googlebot/2.1; +http://www.google.com/bot.html)"
66.249.75.73 - - [02/May/2025:19:42:13 -0500] "GET /logomasters/product-details-colors.php?id=2035&&color=14648 HTTP/1.1" 200 28607 "-" "Mozilla/5.0 (Linux; Android 6.0.1; Nexus 5X Build/MMB29P) AppleWebKit/537.36 (KHTML, like Gecko) Chrome/135.0.7049.95 Mobile Safari/537.36 (compatible; GoogleOther)"
66.249.75.72 - - [02/May/2025:19:43:13 -0500] "GET /logomasters/shop-by-brand.php?cat=all_outerwear&&type=Woman&&brand=Sport-Tek HTTP/1.1" 200 19661 "-" "Mozilla/5.0 (Linux; Android 6.0.1; Nexus 5X Build/MMB29P) AppleWebKit/537.36 (KHTML, like Gecko) Chrome/135.0.7049.95 Mobile Safari/537.36 (compatible; GoogleOther)"
186.64.114.40 - - [02/May/2025:19:44:29 -0500] "POST /xmlrpc.php HTTP/2.0" 200 403 "https://dna-1981.com" "Mozilla/5.0 (Windows NT 11.0; Win64; x64) AppleWebKit/537.36 (KHTML, like Gecko) Chrome/126.0.0.0 Safari/537.36 Edg/126.0.0.0"
162.215.15.55 - - [02/May/2025:19:44:30 -0500] "POST /wp-cron.php?doing_wp_cron=1746233070.5920069217681884765625 HTTP/1.1" 200 - "-" "WordPress/6.8.1; https://dna-1981.com"
66.249.75.72 - - [02/May/2025:19:45:16 -0500] "GET /logomasters/product-details-colors.php?id=2269&&color=16609 HTTP/1.1" 200 31414 "-" "Mozilla/5.0 (Linux; Android 6.0.1; Nexus 5X Build/MMB29P) AppleWebKit/537.36 (KHTML, like Gecko) Chrome/135.0.7049.95 Mobile Safari/537.36 (compatible; Googlebot/2.1; +http://www.google.com/bot.html)"
66.249.75.72 - - [02/May/2025:19:49:17 -0500] "GET /logomasters/product-details-colors.php?id=2268&&color=16597 HTTP/1.1" 200 31275 "-" "Mozilla/5.0 (Linux; Android 6.0.1; Nexus 5X Build/MMB29P) AppleWebKit/537.36 (KHTML, like Gecko) Chrome/135.0.7049.95 Mobile Safari/537.36 (compatible; Googlebot/2.1; +http://www.google.com/bot.html)"
162.0.235.187 - - [02/May/2025:19:50:50 -0500] "POST /xmlrpc.php HTTP/2.0" 200 403 "https://dna-1981.com" "Mozilla/5.0 (Macintosh; Intel Mac OS X 13_3) AppleWebKit/537.36 (KHTML, like Gecko) Chrome/126.0.0.0 Safari/537.36 Edg/126.0.0.0"
162.215.15.55 - - [02/May/2025:19:50:51 -0500] "POST /wp-cron.php?doing_wp_cron=1746233451.3856561183929443359375 HTTP/1.1" 200 - "-" "WordPress/6.8.1; https://dna-1981.com"
66.249.75.74 - - [02/May/2025:19:53:17 -0500] "GET /logomasters/product-details-colors.php?id=2269&&color=16605 HTTP/1.1" 200 31513 "-" "Mozilla/5.0 (Linux; Android 6.0.1; Nexus 5X Build/MMB29P) AppleWebKit/537.36 (KHTML, like Gecko) Chrome/135.0.7049.95 Mobile Safari/537.36 (compatible; Googlebot/2.1; +http://www.google.com/bot.html)"
66.249.75.74 - - [02/May/2025:19:56:27 -0500] "GET /logomasters/product-details-colors.php?id=1434&&color=11089 HTTP/1.1" 200 28155 "-" "Mozilla/5.0 (Linux; Android 6.0.1; Nexus 5X Build/MMB29P) AppleWebKit/537.36 (KHTML, like Gecko) Chrome/135.0.7049.95 Mobile Safari/537.36 (compatible; Googlebot/2.1; +http://www.google.com/bot.html)"
103.118.29.120 - - [02/May/2025:19:57:13 -0500] "POST /xmlrpc.php HTTP/2.0" 200 403 "https://dna-1981.com" "Mozilla/5.0 (Windows NT 10.0; Win64; x64) AppleWebKit/537.36 (KHTML, like Gecko) Chrome/112.0.5615.138 Safari/537.36 Edg/112.0.1722.68"
162.215.15.55 - - [02/May/2025:19:57:15 -0500] "POST /wp-cron.php?doing_wp_cron=1746233835.0657989978790283203125 HTTP/1.1" 200 - "-" "WordPress/6.8.1; https://dna-1981.com"
52.221.252.123 - - [02/May/2025:19:58:56 -0500] "GET /wp-login.php HTTP/1.1" 200 5569 "-" "Mozilla/5.0"
162.215.15.55 - - [02/May/2025:19:58:59 -0500] "POST /wp-cron.php?doing_wp_cron=1746233939.4438970088958740234375 HTTP/1.1" 200 - "-" "WordPress/6.8.1; https://dna-1981.com"
52.221.252.123 - - [02/May/2025:19:58:58 -0500] "GET /?author=1 HTTP/1.1" 301 - "-" "Mozilla/5.0"
52.221.252.123 - - [02/May/2025:19:59:01 -0500] "GET /?author=2 HTTP/1.1" 404 85065 "-" "Mozilla/5.0"
54.214.165.245 - - [02/May/2025:20:01:35 -0500] "GET /?sucurianticache=162940253 HTTP/1.1" 200 119854 "-" "Sucuri Uptime Monitor"
35.155.61.186 - - [02/May/2025:20:01:40 -0500] "GET /?sucurianticache=883842749 HTTP/1.1" 200 119854 "-" "Sucuri Uptime Monitor"
66.249.75.72 - - [02/May/2025:20:05:12 -0500] "GET /logomasters/product-details-colors.php?id=2268&&color=16600 HTTP/1.1" 200 31379 "-" "Mozilla/5.0 (Linux; Android 6.0.1; Nexus 5X Build/MMB29P) AppleWebKit/537.36 (KHTML, like Gecko) Chrome/135.0.7049.95 Mobile Safari/537.36 (compatible; Googlebot/2.1; +http://www.google.com/bot.html)"
45.61.185.68 - - [02/May/2025:20:05:23 -0500] "GET /wp-login.php HTTP/1.1" 200 5569 "-" "Mozilla/5.0 (Windows NT 6.1; WOW64; rv:29.0) Gecko/20100101 Firefox/29.0"
162.215.15.55 - - [02/May/2025:20:05:24 -0500] "POST /wp-cron.php?doing_wp_cron=1746234324.5876619815826416015625 HTTP/1.1" 200 - "-" "WordPress/6.8.1; https://dna-1981.com"
45.61.185.68 - - [02/May/2025:20:05:25 -0500] "POST /wp-login.php HTTP/1.1" 200 5995 "-" "Mozilla/5.0 (Windows NT 6.1; WOW64; rv:29.0) Gecko/20100101 Firefox/29.0"
66.249.75.72 - - [02/May/2025:20:09:12 -0500] "GET /logomasters/product-details-colors.php?id=2059&&color=14738 HTTP/1.1" 200 31391 "-" "Mozilla/5.0 (Linux; Android 6.0.1; Nexus 5X Build/MMB29P) AppleWebKit/537.36 (KHTML, like Gecko) Chrome/135.0.7049.95 Mobile Safari/537.36 (compatible; Googlebot/2.1; +http://www.google.com/bot.html)"
5.9.157.246 - - [02/May/2025:20:09:55 -0500] "POST /xmlrpc.php HTTP/1.1" 200 403 "-" "Mozilla/5.0 (Windows NT 10.0; Win64; x64; rv:67.0) Gecko/20100101 Firefox/67.0"
162.215.15.55 - - [02/May/2025:20:09:57 -0500] "POST /wp-cron.php?doing_wp_cron=1746234597.1435189247131347656250 HTTP/1.1" 200 - "-" "WordPress/6.8.1; https://dna-1981.com"
5.9.157.246 - - [02/May/2025:20:10:03 -0500] "POST /xmlrpc.php HTTP/1.1" 200 403 "-" "Mozilla/5.0 (Windows NT 5.1; rv:52.0) Gecko/20100101 Firefox/52.0"
198.54.120.4 - - [02/May/2025:20:10:09 -0500] "POST /xmlrpc.php HTTP/2.0" 200 403 "https://dna-1981.com" "Mozilla/5.0 (Windows NT 10.0; Win64; x64) AppleWebKit/537.36 (KHTML, like Gecko) Chrome/113.0.5672.93 Safari/537.36"
5.9.157.246 - - [02/May/2025:20:10:26 -0500] "POST /xmlrpc.php HTTP/1.1" 200 403 "-" "Mozilla/5.0 (Windows NT 10.0; WOW64) AppleWebKit/537.36 (KHTML, like Gecko) Chrome/91.0.4472.114 Safari/537.36"
193.202.110.30 - - [02/May/2025:20:10:33 -0500] "POST /xmlrpc.php HTTP/1.1" 200 403 "-" "Mozilla/5.0 (Windows NT 10.0; Win64; x64; rv:88.0) Gecko/20100101 Firefox/88.0"
46.226.10.74 - - [02/May/2025:20:10:36 -0500] "POST /xmlrpc.php HTTP/1.1" 200 403 "-" "Mozilla/5.0 (Windows NT 10.0; Win64; x64) AppleWebKit/537.36 (KHTML, like Gecko) Chrome/60.0.3112.113 Safari/537.36"
66.249.75.74 - - [02/May/2025:20:11:21 -0500] "GET /logomasters/product-details-colors.php?id=2268&&color=16600 HTTP/1.1" 200 31379 "-" "Mozilla/5.0 (Linux; Android 6.0.1; Nexus 5X Build/MMB29P) AppleWebKit/537.36 (KHTML, like Gecko) Chrome/135.0.7049.95 Mobile Safari/537.36 (compatible; GoogleOther)"
66.249.75.74 - - [02/May/2025:20:12:14 -0500] "GET /logomasters/product-details-colors.php?id=1434&&color=11090 HTTP/1.1" 200 28113 "-" "Mozilla/5.0 (Linux; Android 6.0.1; Nexus 5X Build/MMB29P) AppleWebKit/537.36 (KHTML, like Gecko) Chrome/135.0.7049.95 Mobile Safari/537.36 (compatible; Googlebot/2.1; +http://www.google.com/bot.html)"
91.206.201.66 - - [02/May/2025:20:16:39 -0500] "POST /xmlrpc.php HTTP/2.0" 200 403 "https://dna-1981.com" "Mozilla/5.0 (Macintosh; Intel Mac OS X 14.3) AppleWebKit/614.31.14 (KHTML, like Gecko) Version/17.0.96 Safari/614.31.14"
162.215.15.55 - - [02/May/2025:20:16:40 -0500] "POST /wp-cron.php?doing_wp_cron=1746235000.6288139820098876953125 HTTP/1.1" 200 - "-" "WordPress/6.8.1; https://dna-1981.com"
66.249.75.72 - - [02/May/2025:20:18:15 -0500] "GET /logomasters/product-details-colors.php?id=2268&&color=16598 HTTP/1.1" 200 31402 "-" "Mozilla/5.0 (Linux; Android 6.0.1; Nexus 5X Build/MMB29P) AppleWebKit/537.36 (KHTML, like Gecko) Chrome/135.0.7049.95 Mobile Safari/537.36 (compatible; Googlebot/2.1; +http://www.google.com/bot.html)"
107.151.209.126 - - [02/May/2025:20:20:54 -0500] "POST /wp-login.php HTTP/1.1" 200 5972 "-" "Mozilla/5.0"
162.215.15.55 - - [02/May/2025:20:20:55 -0500] "POST /wp-cron.php?doing_wp_cron=1746235255.5975580215454101562500 HTTP/1.1" 200 - "-" "WordPress/6.8.1; https://dna-1981.com"
66.249.75.73 - - [02/May/2025:20:21:24 -0500] "GET /logomasters/product-details-colors.php?id=2268&&color=16602 HTTP/1.1" 200 31397 "-" "Mozilla/5.0 (Linux; Android 6.0.1; Nexus 5X Build/MMB29P) AppleWebKit/537.36 (KHTML, like Gecko) Chrome/135.0.7049.95 Mobile Safari/537.36 (compatible; GoogleOther)"
162.0.229.122 - - [02/May/2025:20:23:10 -0500] "POST /xmlrpc.php HTTP/2.0" 200 403 "https://dna-1981.com" "Mozilla/5.0 (Windows NT 10.0; Win64; x64; rv:129.0) Gecko/20100101 Firefox/129.0"
162.215.15.55 - - [02/May/2025:20:23:11 -0500] "POST /wp-cron.php?doing_wp_cron=1746235391.7839860916137695312500 HTTP/1.1" 200 - "-" "WordPress/6.8.1; https://dna-1981.com"
66.249.75.73 - - [02/May/2025:20:23:15 -0500] "GET /logomasters/product-details-colors.php?id=2268&&color=16602 HTTP/1.1" 200 31397 "-" "Mozilla/5.0 (Linux; Android 6.0.1; Nexus 5X Build/MMB29P) AppleWebKit/537.36 (KHTML, like Gecko) Chrome/135.0.7049.95 Mobile Safari/537.36 (compatible; Googlebot/2.1; +http://www.google.com/bot.html)"
66.249.75.72 - - [02/May/2025:20:28:11 -0500] "GET /logomasters/product-details-colors.php?id=1226&&color=10100 HTTP/1.1" 200 26774 "-" "Mozilla/5.0 (Linux; Android 6.0.1; Nexus 5X Build/MMB29P) AppleWebKit/537.36 (KHTML, like Gecko) Chrome/135.0.7049.95 Mobile Safari/537.36 (compatible; Googlebot/2.1; +http://www.google.com/bot.html)"
162.0.215.103 - - [02/May/2025:20:29:40 -0500] "POST /xmlrpc.php HTTP/2.0" 200 403 "https://dna-1981.com" "Mozilla/5.0 (Macintosh; Intel Mac OS X 10_15_7) AppleWebKit/537.36 (KHTML, like Gecko) Chrome/112.0.5615.138 Safari/537.36"
162.215.15.55 - - [02/May/2025:20:29:41 -0500] "POST /wp-cron.php?doing_wp_cron=1746235781.4078299999237060546875 HTTP/1.1" 200 - "-" "WordPress/6.8.1; https://dna-1981.com"
66.249.75.73 - - [02/May/2025:20:33:11 -0500] "GET /logomasters/product-details-colors.php?id=2042&&color=14673 HTTP/1.1" 200 31481 "-" "Mozilla/5.0 (Linux; Android 6.0.1; Nexus 5X Build/MMB29P) AppleWebKit/537.36 (KHTML, like Gecko) Chrome/135.0.7049.95 Mobile Safari/537.36 (compatible; Googlebot/2.1; +http://www.google.com/bot.html)"
66.249.75.74 - - [02/May/2025:20:34:12 -0500] "GET /logomasters/product-details-colors.php?id=1417&&color=13106 HTTP/1.1" 200 27976 "-" "Mozilla/5.0 (Linux; Android 6.0.1; Nexus 5X Build/MMB29P) AppleWebKit/537.36 (KHTML, like Gecko) Chrome/135.0.7049.95 Mobile Safari/537.36 (compatible; Googlebot/2.1; +http://www.google.com/bot.html)"
113.141.91.58 - - [02/May/2025:20:35:09 -0500] "GET / HTTP/1.1" 200 119865 "http://dna-1981.com" "Mozilla/5.0 (iPhone; CPU iPhone OS 13_2_3 like Mac OS X) AppleWebKit/605.1.15 (KHTML, like Gecko) Version/13.0.3 Mobile/15E148 Safari/604.1"
35.238.203.213 - - [02/May/2025:20:36:09 -0500] "POST /xmlrpc.php HTTP/2.0" 200 403 "https://dna-1981.com" "Mozilla/5.0 (Macintosh; Intel Mac OS X 10_15_7; rv:126.0) Gecko/20100101 Firefox/126.0"
162.215.15.55 - - [02/May/2025:20:36:10 -0500] "POST /wp-cron.php?doing_wp_cron=1746236170.7384269237518310546875 HTTP/1.1" 200 - "-" "WordPress/6.8.1; https://dna-1981.com"
66.249.75.74 - - [02/May/2025:20:37:11 -0500] "GET /logomasters/product-details-colors.php?id=2122&&color=15103 HTTP/1.1" 200 30939 "-" "Mozilla/5.0 (Linux; Android 6.0.1; Nexus 5X Build/MMB29P) AppleWebKit/537.36 (KHTML, like Gecko) Chrome/135.0.7049.95 Mobile Safari/537.36 (compatible; GoogleOther)"
66.249.75.74 - - [02/May/2025:20:38:12 -0500] "GET /logomasters/product-details-colors.php?id=2089&&color=14831 HTTP/1.1" 200 31607 "-" "Mozilla/5.0 (Linux; Android 6.0.1; Nexus 5X Build/MMB29P) AppleWebKit/537.36 (KHTML, like Gecko) Chrome/135.0.7049.95 Mobile Safari/537.36 (compatible; Googlebot/2.1; +http://www.google.com/bot.html)"
66.249.75.74 - - [02/May/2025:20:38:14 -0500] "GET /logomasters/javascript/jquery.min.js HTTP/1.1" 200 97162 "https://dna-1981.com/logomasters/product-details-colors.php?id=2089&&color=14831" "Mozilla/5.0 (Linux; Android 6.0.1; Nexus 5X Build/MMB29P) AppleWebKit/537.36 (KHTML, like Gecko) Chrome/134.0.6998.165 Mobile Safari/537.36 (compatible; Googlebot/2.1; +http://www.google.com/bot.html)"
66.249.75.73 - - [02/May/2025:20:42:11 -0500] "GET /logomasters/product-details-colors.php?id=1352&&color=10754 HTTP/1.1" 200 28015 "-" "Mozilla/5.0 (Linux; Android 6.0.1; Nexus 5X Build/MMB29P) AppleWebKit/537.36 (KHTML, like Gecko) Chrome/135.0.7049.95 Mobile Safari/537.36 (compatible; GoogleOther)"
162.0.232.166 - - [02/May/2025:20:42:49 -0500] "POST /xmlrpc.php HTTP/2.0" 200 403 "https://dna-1981.com" "Mozilla/5.0 (Windows NT 10.0; Win64; x64) AppleWebKit/537.36 (KHTML, like Gecko) Chrome/112.0.5615.138 Safari/537.36 Edg/112.0.1722.68"
162.215.15.55 - - [02/May/2025:20:42:51 -0500] "POST /wp-cron.php?doing_wp_cron=1746236570.9935569763183593750000 HTTP/1.1" 200 - "-" "WordPress/6.8.1; https://dna-1981.com"
66.249.75.73 - - [02/May/2025:20:43:12 -0500] "GET /logomasters/product-details-colors.php?id=2268&&color=16598 HTTP/1.1" 200 31402 "-" "Mozilla/5.0 (Linux; Android 6.0.1; Nexus 5X Build/MMB29P) AppleWebKit/537.36 (KHTML, like Gecko) Chrome/135.0.7049.95 Mobile Safari/537.36 (compatible; GoogleOther)"
66.249.75.73 - - [02/May/2025:20:43:12 -0500] "GET /logomasters/product-details-colors.php?id=2091&&color=14838 HTTP/1.1" 200 31604 "-" "Mozilla/5.0 (Linux; Android 6.0.1; Nexus 5X Build/MMB29P) AppleWebKit/537.36 (KHTML, like Gecko) Chrome/135.0.7049.95 Mobile Safari/537.36 (compatible; Googlebot/2.1; +http://www.google.com/bot.html)"
66.249.75.73 - - [02/May/2025:20:47:13 -0500] "GET /logomasters/product-details-colors.php?id=1764&&color=13078 HTTP/1.1" 200 31147 "-" "Mozilla/5.0 (Linux; Android 6.0.1; Nexus 5X Build/MMB29P) AppleWebKit/537.36 (KHTML, like Gecko) Chrome/135.0.7049.95 Mobile Safari/537.36 (compatible; Googlebot/2.1; +http://www.google.com/bot.html)"
66.249.75.73 - - [02/May/2025:20:48:13 -0500] "GET /logomasters/product-details-colors.php?id=2091&&color=14839 HTTP/1.1" 200 31737 "-" "Mozilla/5.0 (Linux; Android 6.0.1; Nexus 5X Build/MMB29P) AppleWebKit/537.36 (KHTML, like Gecko) Chrome/135.0.7049.95 Mobile Safari/537.36 (compatible; Googlebot/2.1; +http://www.google.com/bot.html)"
69.57.162.2 - - [02/May/2025:20:49:16 -0500] "POST /xmlrpc.php HTTP/2.0" 200 403 "https://dna-1981.com" "Mozilla/5.0 (Macintosh; Intel Mac OS X 10_15_7; rv:126.0) Gecko/20100101 Firefox/126.0"
162.215.15.55 - - [02/May/2025:20:49:18 -0500] "POST /wp-cron.php?doing_wp_cron=1746236958.2427310943603515625000 HTTP/1.1" 200 - "-" "WordPress/6.8.1; https://dna-1981.com"
66.249.75.73 - - [02/May/2025:20:54:14 -0500] "GET /logomasters/product-details-colors.php?id=2301&&color=16767 HTTP/1.1" 200 28608 "-" "Mozilla/5.0 (Linux; Android 6.0.1; Nexus 5X Build/MMB29P) AppleWebKit/537.36 (KHTML, like Gecko) Chrome/135.0.7049.95 Mobile Safari/537.36 (compatible; Googlebot/2.1; +http://www.google.com/bot.html)"
86.104.37.37 - - [02/May/2025:20:55:47 -0500] "POST /xmlrpc.php HTTP/2.0" 200 403 "https://dna-1981.com" "Mozilla/5.0 (Windows NT 10.0; Win64; x64; rv:125.0.1) Gecko/20100101 Firefox/125.0.1"
162.215.15.55 - - [02/May/2025:20:55:48 -0500] "POST /wp-cron.php?doing_wp_cron=1746237348.6033539772033691406250 HTTP/1.1" 200 - "-" "WordPress/6.8.1; https://dna-1981.com"
194.9.56.124 - - [02/May/2025:20:56:43 -0500] "GET /wp-login.php HTTP/1.1" 200 5569 "-" "Mozilla/5.0 (iPad; CPU OS 14_6 like Mac OS X) AppleWebKit/605.1.15 (KHTML, like Gecko) CriOS/91.0.4472.80 Mobile/15E148 Safari/604.1"
194.9.56.124 - - [02/May/2025:20:56:46 -0500] "POST /wp-login.php HTTP/1.1" 200 5990 "https://dna-1981.com/wp-login.php" "Mozilla/5.0 (iPad; CPU OS 14_6 like Mac OS X) AppleWebKit/605.1.15 (KHTML, like Gecko) CriOS/91.0.4472.80 Mobile/15E148 Safari/604.1"
162.215.15.55 - - [02/May/2025:20:56:47 -0500] "POST /wp-cron.php?doing_wp_cron=1746237407.6554839611053466796875 HTTP/1.1" 200 - "-" "WordPress/6.8.1; https://dna-1981.com"
54.251.104.161 - - [02/May/2025:20:56:48 -0500] "GET /wp-login.php HTTP/1.1" 200 5569 "-" "Mozilla/5.0 (Windows NT 5.1; Win64; x64) AppleWebKit/537.36 (KHTML, like Gecko) Chrome/60.0.3112.90 Safari/537.36"
