66.249.75.74 - - [02/May/2025:17:27:09 -0500] "GET /logomasters/product-details-colors.php?id=2042&&color=14673 HTTP/1.1" 200 31481 "-" "Mozilla/5.0 (Linux; Android 6.0.1; Nexus 5X Build/MMB29P) AppleWebKit/537.36 (KHTML, like Gecko) Chrome/135.0.7049.95 Mobile Safari/537.36 (compatible; GoogleOther)"
198.54.114.72 - - [02/May/2025:17:30:45 -0500] "POST /xmlrpc.php HTTP/2.0" 200 403 "https://dna-1981.com" "Mozilla/5.0 (Windows NT 10.0; Win64; x64; rv:125.0.1) Gecko/20100101 Firefox/125.0.1"
162.215.15.55 - - [02/May/2025:17:30:46 -0500] "POST /wp-cron.php?doing_wp_cron=1746225046.8317320346832275390625 HTTP/1.1" 200 - "-" "WordPress/6.8.1; https://dna-1981.com"
132.232.144.200 - - [02/May/2025:17:31:37 -0500] "GET / HTTP/1.1" 200 119865 "http://www.dna-1981.com" "Mozilla/5.0 (iPhone; CPU iPhone OS 13_2_3 like Mac OS X) AppleWebKit/605.1.15 (KHTML, like Gecko) Version/13.0.3 Mobile/15E148 Safari/604.1"
157.245.41.70 - - [02/May/2025:17:32:03 -0500] "POST /xmlrpc.php HTTP/1.1" 200 403 "-" "Mozilla/5.0 (Windows NT 6.1; Win64; x64) AppleWebKit/537.36 (KHTML, like Gecko) Chrome/79.0.3945.88 Safari/537.36"
162.215.15.55 - - [02/May/2025:17:32:05 -0500] "POST /wp-cron.php?doing_wp_cron=1746225125.2040100097656250000000 HTTP/1.1" 200 - "-" "WordPress/6.8.1; https://dna-1981.com"
66.249.75.72 - - [02/May/2025:17:32:08 -0500] "GET /logomasters/product-details-colors.php?id=1339&&color=14883 HTTP/1.1" 200 31797 "-" "Mozilla/5.0 (Linux; Android 6.0.1; Nexus 5X Build/MMB29P) AppleWebKit/537.36 (KHTML, like Gecko) Chrome/135.0.7049.95 Mobile Safari/537.36 (compatible; Googlebot/2.1; +http://www.google.com/bot.html)"
91.134.248.211 - - [02/May/2025:17:32:11 -0500] "POST /xmlrpc.php HTTP/1.1" 200 403 "-" "Mozilla/5.0 (Linux; Android 10; SM-A102U) AppleWebKit/537.36 (KHTML, like Gecko) Chrome/91.0.4472.114 Mobile Safari/537.36"
94.130.212.197 - - [02/May/2025:17:32:14 -0500] "POST /xmlrpc.php HTTP/1.1" 200 403 "-" "Mozilla/5.0 (Windows; U; Windows NT 5.1; en-US; rv:1.7.5) Gecko/20041107 Firefox/1.0"
5.9.157.246 - - [02/May/2025:17:32:21 -0500] "POST /xmlrpc.php HTTP/1.1" 200 403 "-" "Mozilla/5.0 (Linux; Android 10; LM-Q710(FGN)) AppleWebKit/537.36 (KHTML, like Gecko) Chrome/91.0.4472.114 Mobile Safari/537.36"
34.245.54.234 - - [02/May/2025:17:32:27 -0500] "POST /xmlrpc.php HTTP/1.1" 200 403 "-" "Mozilla/5.0 (Windows NT 6.1; WOW64; rv:43.0) Gecko/20100101 Firefox/43.0"
107.151.209.126 - - [02/May/2025:17:34:45 -0500] "POST /wp-login.php HTTP/1.1" 200 5972 "-" "Mozilla/5.0"
162.215.15.55 - - [02/May/2025:17:34:46 -0500] "POST /wp-cron.php?doing_wp_cron=1746225286.9741020202636718750000 HTTP/1.1" 200 - "-" "WordPress/6.8.1; https://dna-1981.com"
108.181.92.67 - - [02/May/2025:17:37:07 -0500] "POST /xmlrpc.php HTTP/2.0" 200 403 "https://dna-1981.com" "Mozilla/5.0 (Macintosh; Intel Mac OS X 13_3) AppleWebKit/537.36 (KHTML, like Gecko) Chrome/126.0.0.0 Safari/537.36 Edg/126.0.0.0"
162.215.15.55 - - [02/May/2025:17:37:08 -0500] "POST /wp-cron.php?doing_wp_cron=1746225428.7762870788574218750000 HTTP/1.1" 200 - "-" "WordPress/6.8.1; https://dna-1981.com"
66.249.75.73 - - [02/May/2025:17:38:09 -0500] "GET /logomasters/product-details-colors.php?id=1339&&color=10641 HTTP/1.1" 200 31500 "-" "Mozilla/5.0 (Linux; Android 6.0.1; Nexus 5X Build/MMB29P) AppleWebKit/537.36 (KHTML, like Gecko) Chrome/135.0.7049.95 Mobile Safari/537.36 (compatible; Googlebot/2.1; +http://www.google.com/bot.html)"
66.249.75.74 - - [02/May/2025:17:43:16 -0500] "GET /logomasters/product-details-colors.php?id=2318&&color=16898 HTTP/1.1" 200 30194 "-" "Mozilla/5.0 (Linux; Android 6.0.1; Nexus 5X Build/MMB29P) AppleWebKit/537.36 (KHTML, like Gecko) Chrome/135.0.7049.95 Mobile Safari/537.36 (compatible; GoogleOther)"
66.249.75.74 - - [02/May/2025:17:43:18 -0500] "GET /logomasters/product-details-colors.php?id=1920&&color=13917 HTTP/1.1" 200 28287 "-" "Mozilla/5.0 (Linux; Android 6.0.1; Nexus 5X Build/MMB29P) AppleWebKit/537.36 (KHTML, like Gecko) Chrome/135.0.7049.95 Mobile Safari/537.36 (compatible; GoogleOther)"
68.65.123.38 - - [02/May/2025:17:43:27 -0500] "POST /xmlrpc.php HTTP/2.0" 200 403 "https://dna-1981.com" "Mozilla/5.0 (Windows NT 10.0; Win64; x64) AppleWebKit/537.36 (KHTML, like Gecko) Chrome/113.0.5672.126 Safari/537.36 Edg/113.0.1774.50"
162.215.15.55 - - [02/May/2025:17:43:29 -0500] "POST /wp-cron.php?doing_wp_cron=1746225809.1722431182861328125000 HTTP/1.1" 200 - "-" "WordPress/6.8.1; https://dna-1981.com"
66.249.75.73 - - [02/May/2025:17:45:09 -0500] "GET /logomasters/product-details-colors.php?id=1942&&color=13992 HTTP/1.1" 200 28433 "-" "Mozilla/5.0 (Linux; Android 6.0.1; Nexus 5X Build/MMB29P) AppleWebKit/537.36 (KHTML, like Gecko) Chrome/135.0.7049.95 Mobile Safari/537.36 (compatible; Googlebot/2.1; +http://www.google.com/bot.html)"
31.172.67.59 - - [02/May/2025:17:49:47 -0500] "POST /xmlrpc.php HTTP/2.0" 200 403 "https://dna-1981.com" "Mozilla/5.0 (Windows NT 10.0; Win64; x64) AppleWebKit/537.36 (KHTML, like Gecko) Chrome/112.0.5615.138 Safari/537.36"
162.215.15.55 - - [02/May/2025:17:49:48 -0500] "POST /wp-cron.php?doing_wp_cron=1746226188.8186049461364746093750 HTTP/1.1" 200 - "-" "WordPress/6.8.1; https://dna-1981.com"
66.249.75.72 - - [02/May/2025:17:52:10 -0500] "GET /logomasters/product-details-colors.php?id=1675&&color=15790 HTTP/1.1" 200 31217 "-" "Mozilla/5.0 (Linux; Android 6.0.1; Nexus 5X Build/MMB29P) AppleWebKit/537.36 (KHTML, like Gecko) Chrome/135.0.7049.95 Mobile Safari/537.36 (compatible; Googlebot/2.1; +http://www.google.com/bot.html)"
162.215.15.55 - - [02/May/2025:17:52:38 -0500] "POST /wp-cron.php?doing_wp_cron=1746226358.0656840801239013671875 HTTP/1.1" 200 - "-" "WordPress/6.8.1; https://dna-1981.com"
162.215.15.55 - - [02/May/2025:17:52:39 -0500] "POST /wp-cron.php?doing_wp_cron=1746226359.1188530921936035156250 HTTP/1.1" 200 - "-" "WordPress/6.8.1; https://dna-1981.com"
3.89.69.153 - - [02/May/2025:17:52:36 -0500] "GET /.git/config HTTP/1.1" 404 85076 "-" "Mozilla/5.0 (iPhone; CPU iPhone OS 12_3_2 like Mac OS X) AppleWebKit/605.1.15 (KHTML, like Gecko) Version/12.1.1 Mobile/15E148 Safari/604.1"
35.82.208.243 - - [02/May/2025:17:53:41 -0500] "GET /?sucurianticache=693641814 HTTP/1.1" 200 119854 "-" "Sucuri Uptime Monitor"
35.84.117.23 - - [02/May/2025:17:53:48 -0500] "GET /?sucurianticache=1374970170 HTTP/1.1" 200 119854 "-" "Sucuri Uptime Monitor"
203.26.151.246 - - [02/May/2025:17:56:09 -0500] "POST /xmlrpc.php HTTP/2.0" 200 403 "https://dna-1981.com" "Mozilla/5.0 (Macintosh; Intel Mac OS X 10_15_7) AppleWebKit/537.36 (KHTML, like Gecko) Chrome/113.0.5672.93 Safari/537.36"
162.215.15.55 - - [02/May/2025:17:56:11 -0500] "POST /wp-cron.php?doing_wp_cron=1746226571.3604109287261962890625 HTTP/1.1" 200 - "-" "WordPress/6.8.1; https://dna-1981.com"
66.249.75.72 - - [02/May/2025:17:58:11 -0500] "GET /logomasters/product-details-colors.php?id=2076&&color=14795 HTTP/1.1" 200 31703 "-" "Mozilla/5.0 (Linux; Android 6.0.1; Nexus 5X Build/MMB29P) AppleWebKit/537.36 (KHTML, like Gecko) Chrome/135.0.7049.95 Mobile Safari/537.36 (compatible; GoogleOther)"
66.249.75.73 - - [02/May/2025:17:59:13 -0500] "GET /logomasters/product-details-colors.php?id=2081&&color=14813 HTTP/1.1" 200 31780 "-" "Mozilla/5.0 (Linux; Android 6.0.1; Nexus 5X Build/MMB29P) AppleWebKit/537.36 (KHTML, like Gecko) Chrome/135.0.7049.95 Mobile Safari/537.36 (compatible; Googlebot/2.1; +http://www.google.com/bot.html)"
120.24.23.234 - - [02/May/2025:18:02:26 -0500] "POST /xmlrpc.php HTTP/2.0" 200 403 "https://dna-1981.com" "Mozilla/5.0 (Macintosh; Intel Mac OS X 14.3) AppleWebKit/614.31.14 (KHTML, like Gecko) Version/17.0.96 Safari/614.31.14"
162.215.15.55 - - [02/May/2025:18:02:27 -0500] "POST /wp-cron.php?doing_wp_cron=1746226947.5082840919494628906250 HTTP/1.1" 200 - "-" "WordPress/6.8.1; https://dna-1981.com"
66.249.75.72 - - [02/May/2025:18:03:31 -0500] "GET /logomasters/product-details-colors.php?id=2094&&color=15121 HTTP/1.1" 200 31492 "-" "Mozilla/5.0 (Linux; Android 6.0.1; Nexus 5X Build/MMB29P) AppleWebKit/537.36 (KHTML, like Gecko) Chrome/135.0.7049.95 Mobile Safari/537.36 (compatible; Googlebot/2.1; +http://www.google.com/bot.html)"
66.249.75.72 - - [02/May/2025:18:03:32 -0500] "GET /logomasters/product-details-colors.php?id=1942&&color=16003 HTTP/1.1" 200 28454 "-" "Mozilla/5.0 (Linux; Android 6.0.1; Nexus 5X Build/MMB29P) AppleWebKit/537.36 (KHTML, like Gecko) Chrome/135.0.7049.95 Mobile Safari/537.36 (compatible; Googlebot/2.1; +http://www.google.com/bot.html)"
66.249.75.74 - - [02/May/2025:18:03:32 -0500] "GET /logomasters/product-details-colors.php?id=2235&&color=16501 HTTP/1.1" 200 31125 "-" "Mozilla/5.0 (Linux; Android 6.0.1; Nexus 5X Build/MMB29P) AppleWebKit/537.36 (KHTML, like Gecko) Chrome/135.0.7049.95 Mobile Safari/537.36 (compatible; Googlebot/2.1; +http://www.google.com/bot.html)"
167.94.138.58 - - [02/May/2025:18:06:12 -0500] "GET / HTTP/1.1" 503 - "-" "Mozilla/5.0 (compatible; CensysInspect/1.1; +https://about.censys.io/)"
167.94.138.58 - - [02/May/2025:18:07:18 -0500] "GET /favicon.ico HTTP/1.1" 503 - "-" "Mozilla/5.0 (compatible; CensysInspect/1.1; +https://about.censys.io/)"
89.235.79.29 - - [02/May/2025:18:08:48 -0500] "POST /xmlrpc.php HTTP/2.0" 200 403 "https://dna-1981.com" "Mozilla/5.0 (Windows NT 10.0; Win64; x64) AppleWebKit/537.36 (KHTML, like Gecko) Chrome/113.0.5672.93 Safari/537.36"
162.215.15.55 - - [02/May/2025:18:08:50 -0500] "POST /wp-cron.php?doing_wp_cron=1746227330.0851600170135498046875 HTTP/1.1" 200 - "-" "WordPress/6.8.1; https://dna-1981.com"
64.31.36.247 - - [02/May/2025:18:09:11 -0500] "HEAD / HTTP/1.1" 200 - "-" "python-requests/2.32.3"
64.31.36.247 - - [02/May/2025:18:09:14 -0500] "GET /wp-admin/ HTTP/1.1" 302 - "www.google.com" "Mozilla/5.0 (Linux; Android 13; Pixel 6 Pro) AppleWebKit/537.36 (KHTML, like Gecko) Chrome/114.0.0.0 Mobile Safari/537.36"
64.31.36.247 - - [02/May/2025:18:09:15 -0500] "GET /wp-login.php?redirect_to=https%3A%2F%2Fdna-1981.com%2Fwp-admin%2F&reauth=1 HTTP/1.1" 200 5569 "www.google.com" "Mozilla/5.0 (Linux; Android 13; Pixel 6 Pro) AppleWebKit/537.36 (KHTML, like Gecko) Chrome/114.0.0.0 Mobile Safari/537.36"
64.31.36.247 - - [02/May/2025:18:09:18 -0500] "HEAD / HTTP/1.1" 200 - "-" "python-requests/2.32.3"
64.31.36.247 - - [02/May/2025:18:09:20 -0500] "GET /?rest_route=/wp/v2/users HTTP/1.1" 200 770 "www.google.com" "Mozilla/5.0 (Windows NT 6.1; WOW64; rv:57.0) Gecko/20100101 Firefox/57.0Mozilla/5.0 (Windows NT 10.0; Win64; x64) AppleWebKit/537.36 (KHTML, like Gecko) Chrome/114.0.0.0 Safari/537.36"
64.31.36.247 - - [02/May/2025:18:09:23 -0500] "POST /xmlrpc.php HTTP/1.1" 200 401 "-" "python-requests/2.32.3"
64.31.36.247 - - [02/May/2025:18:09:26 -0500] "POST /xmlrpc.php HTTP/1.1" 200 401 "-" "python-requests/2.32.3"
64.31.36.247 - - [02/May/2025:18:09:29 -0500] "POST /xmlrpc.php HTTP/1.1" 200 401 "-" "python-requests/2.32.3"
64.31.36.247 - - [02/May/2025:18:09:31 -0500] "POST /xmlrpc.php HTTP/1.1" 200 401 "-" "python-requests/2.32.3"
64.31.36.247 - - [02/May/2025:18:09:33 -0500] "POST /xmlrpc.php HTTP/1.1" 200 401 "-" "python-requests/2.32.3"
64.31.36.247 - - [02/May/2025:18:09:36 -0500] "POST /xmlrpc.php HTTP/1.1" 200 401 "-" "python-requests/2.32.3"
64.31.36.247 - - [02/May/2025:18:09:38 -0500] "POST /xmlrpc.php HTTP/1.1" 200 401 "-" "python-requests/2.32.3"
64.31.36.247 - - [02/May/2025:18:09:40 -0500] "POST /xmlrpc.php HTTP/1.1" 200 401 "-" "python-requests/2.32.3"
64.31.36.247 - - [02/May/2025:18:09:43 -0500] "POST /xmlrpc.php HTTP/1.1" 200 401 "-" "python-requests/2.32.3"
64.31.36.247 - - [02/May/2025:18:09:45 -0500] "POST /xmlrpc.php HTTP/1.1" 200 401 "-" "python-requests/2.32.3"
162.215.15.55 - - [02/May/2025:18:09:47 -0500] "POST /wp-cron.php?doing_wp_cron=1746227387.1223499774932861328125 HTTP/1.1" 200 - "-" "WordPress/6.8.1; https://dna-1981.com"
64.31.36.247 - - [02/May/2025:18:09:49 -0500] "POST /xmlrpc.php HTTP/1.1" 200 401 "-" "python-requests/2.32.3"
64.31.36.247 - - [02/May/2025:18:09:51 -0500] "POST /xmlrpc.php HTTP/1.1" 200 401 "-" "python-requests/2.32.3"
64.31.36.247 - - [02/May/2025:18:09:53 -0500] "POST /xmlrpc.php HTTP/1.1" 200 401 "-" "python-requests/2.32.3"
64.31.36.247 - - [02/May/2025:18:09:56 -0500] "POST /xmlrpc.php HTTP/1.1" 200 401 "-" "python-requests/2.32.3"
64.31.36.247 - - [02/May/2025:18:09:58 -0500] "POST /xmlrpc.php HTTP/1.1" 200 401 "-" "python-requests/2.32.3"
64.31.36.247 - - [02/May/2025:18:10:01 -0500] "POST /xmlrpc.php HTTP/1.1" 200 401 "-" "python-requests/2.32.3"
64.31.36.247 - - [02/May/2025:18:10:03 -0500] "POST /xmlrpc.php HTTP/1.1" 200 401 "-" "python-requests/2.32.3"
64.31.36.247 - - [02/May/2025:18:10:06 -0500] "POST /xmlrpc.php HTTP/1.1" 200 401 "-" "python-requests/2.32.3"
64.31.36.247 - - [02/May/2025:18:10:08 -0500] "POST /xmlrpc.php HTTP/1.1" 200 401 "-" "python-requests/2.32.3"
64.31.36.247 - - [02/May/2025:18:10:10 -0500] "POST /xmlrpc.php HTTP/1.1" 200 401 "-" "python-requests/2.32.3"
64.31.36.247 - - [02/May/2025:18:10:13 -0500] "POST /xmlrpc.php HTTP/1.1" 200 401 "-" "python-requests/2.32.3"
64.31.36.247 - - [02/May/2025:18:10:15 -0500] "POST /xmlrpc.php HTTP/1.1" 200 401 "-" "python-requests/2.32.3"
64.31.36.247 - - [02/May/2025:18:10:17 -0500] "POST /xmlrpc.php HTTP/1.1" 200 401 "-" "python-requests/2.32.3"
64.31.36.247 - - [02/May/2025:18:10:20 -0500] "POST /xmlrpc.php HTTP/1.1" 200 401 "-" "python-requests/2.32.3"
64.31.36.247 - - [02/May/2025:18:10:22 -0500] "POST /xmlrpc.php HTTP/1.1" 200 401 "-" "python-requests/2.32.3"
64.31.36.247 - - [02/May/2025:18:10:24 -0500] "POST /xmlrpc.php HTTP/1.1" 200 401 "-" "python-requests/2.32.3"
64.31.36.247 - - [02/May/2025:18:10:27 -0500] "POST /xmlrpc.php HTTP/1.1" 200 401 "-" "python-requests/2.32.3"
64.31.36.247 - - [02/May/2025:18:10:29 -0500] "POST /xmlrpc.php HTTP/1.1" 200 401 "-" "python-requests/2.32.3"
64.31.36.247 - - [02/May/2025:18:10:32 -0500] "POST /xmlrpc.php HTTP/1.1" 200 401 "-" "python-requests/2.32.3"
64.31.36.247 - - [02/May/2025:18:10:34 -0500] "POST /xmlrpc.php HTTP/1.1" 200 401 "-" "python-requests/2.32.3"
64.31.36.247 - - [02/May/2025:18:10:36 -0500] "POST /xmlrpc.php HTTP/1.1" 200 401 "-" "python-requests/2.32.3"
66.249.75.130 - - [02/May/2025:18:11:28 -0500] "GET /robots.txt HTTP/1.1" 200 23 "-" "Mozilla/5.0 (compatible; Googlebot/2.1; +http://www.google.com/bot.html)"
66.249.75.131 - - [02/May/2025:18:11:28 -0500] "GET /logomasters/product-details-colors.php?id=2241&&color=16430 HTTP/1.1" 200 31317 "-" "Mozilla/5.0 (Linux; Android 6.0.1; Nexus 5X Build/MMB29P) AppleWebKit/537.36 (KHTML, like Gecko) Chrome/135.0.7049.95 Mobile Safari/537.36 (compatible; GoogleOther)"
66.249.75.131 - - [02/May/2025:18:11:29 -0500] "GET /logomasters/javascript/bootstrap.min.js HTTP/1.1" 200 46653 "https://www.dna-1981.com/logomasters/product-details-colors.php?id=2241&&color=16430" "Mozilla/5.0 (Linux; Android 6.0.1; Nexus 5X Build/MMB29P) AppleWebKit/537.36 (KHTML, like Gecko) Chrome/134.0.6998.165 Mobile Safari/537.36 (compatible; Googlebot/2.1; +http://www.google.com/bot.html)"
66.249.75.130 - - [02/May/2025:18:11:29 -0500] "GET /logomasters/javascript/jquery-waypoints.js HTTP/1.1" 200 8064 "https://www.dna-1981.com/logomasters/product-details-colors.php?id=2241&&color=16430" "Mozilla/5.0 (Linux; Android 6.0.1; Nexus 5X Build/MMB29P) AppleWebKit/537.36 (KHTML, like Gecko) Chrome/134.0.6998.165 Mobile Safari/537.36 (compatible; Googlebot/2.1; +http://www.google.com/bot.html)"
66.249.75.130 - - [02/May/2025:18:11:30 -0500] "GET /logomasters/javascript/jquery.hoverdir.js HTTP/1.1" 200 9929 "https://www.dna-1981.com/logomasters/product-details-colors.php?id=2241&&color=16430" "Mozilla/5.0 (Linux; Android 6.0.1; Nexus 5X Build/MMB29P) AppleWebKit/537.36 (KHTML, like Gecko) Chrome/134.0.6998.165 Mobile Safari/537.36 (compatible; Googlebot/2.1; +http://www.google.com/bot.html)"
66.249.75.131 - - [02/May/2025:18:11:30 -0500] "GET /logomasters/javascript/jquery.flexslider-min.js HTTP/1.1" 200 22334 "https://www.dna-1981.com/logomasters/product-details-colors.php?id=2241&&color=16430" "Mozilla/5.0 (Linux; Android 6.0.1; Nexus 5X Build/MMB29P) AppleWebKit/537.36 (KHTML, like Gecko) Chrome/134.0.6998.165 Mobile Safari/537.36 (compatible; Googlebot/2.1; +http://www.google.com/bot.html)"
66.249.75.130 - - [02/May/2025:18:11:31 -0500] "GET /logomasters/rev-slider/js/extensions/revolution.extension.carousel.min.js HTTP/1.1" 200 7358 "https://www.dna-1981.com/logomasters/product-details-colors.php?id=2241&&color=16430" "Mozilla/5.0 (Linux; Android 6.0.1; Nexus 5X Build/MMB29P) AppleWebKit/537.36 (KHTML, like Gecko) Chrome/134.0.6998.165 Mobile Safari/537.36 (compatible; Googlebot/2.1; +http://www.google.com/bot.html)"
66.249.75.131 - - [02/May/2025:18:11:31 -0500] "GET /logomasters/rev-slider/js/extensions/revolution.extension.video.min.js HTTP/1.1" 200 23243 "https://www.dna-1981.com/logomasters/product-details-colors.php?id=2241&&color=16430" "Mozilla/5.0 (Linux; Android 6.0.1; Nexus 5X Build/MMB29P) AppleWebKit/537.36 (KHTML, like Gecko) Chrome/134.0.6998.165 Mobile Safari/537.36 (compatible; Googlebot/2.1; +http://www.google.com/bot.html)"
66.249.75.131 - - [02/May/2025:18:11:32 -0500] "GET /logomasters/stylesheets/jquery-ui.css HTTP/1.1" 200 35997 "https://www.dna-1981.com/logomasters/stylesheets/style.css" "Mozilla/5.0 (Linux; Android 6.0.1; Nexus 5X Build/MMB29P) AppleWebKit/537.36 (KHTML, like Gecko) Chrome/134.0.6998.165 Mobile Safari/537.36 (compatible; Googlebot/2.1; +http://www.google.com/bot.html)"
66.249.75.73 - - [02/May/2025:18:12:11 -0500] "GET /logomasters/product-details-colors.php?id=2354&&color=17318 HTTP/1.1" 200 32604 "-" "Mozilla/5.0 (Linux; Android 6.0.1; Nexus 5X Build/MMB29P) AppleWebKit/537.36 (KHTML, like Gecko) Chrome/135.0.7049.95 Mobile Safari/537.36 (compatible; GoogleOther)"
66.249.75.74 - - [02/May/2025:18:13:12 -0500] "GET /logomasters/product-details-colors.php?id=2087&&color=14826 HTTP/1.1" 200 31439 "-" "Mozilla/5.0 (Linux; Android 6.0.1; Nexus 5X Build/MMB29P) AppleWebKit/537.36 (KHTML, like Gecko) Chrome/135.0.7049.95 Mobile Safari/537.36 (compatible; GoogleOther)"
162.214.206.216 - - [02/May/2025:18:15:10 -0500] "POST /xmlrpc.php HTTP/2.0" 200 403 "https://dna-1981.com" "Mozilla/5.0 (Windows NT 10.0; Win64; x64; rv:128.0) Gecko/20100101 Firefox/128.0"
162.215.15.55 - - [02/May/2025:18:15:11 -0500] "POST /wp-cron.php?doing_wp_cron=1746227711.8700530529022216796875 HTTP/1.1" 200 - "-" "WordPress/6.8.1; https://dna-1981.com"
51.254.49.107 - - [02/May/2025:18:16:12 -0500] "GET / HTTP/1.1" 200 95673 "-" "Mozilla/5.0 (X11; Ubuntu; Linux x86_64; rv:134.0) Gecko/20100101 Firefox/134.0"
162.215.15.55 - - [02/May/2025:18:16:13 -0500] "POST /wp-cron.php?doing_wp_cron=1746227773.6905701160430908203125 HTTP/1.1" 200 - "-" "WordPress/6.8.1; https://dna-1981.com"
66.249.75.72 - - [02/May/2025:18:19:43 -0500] "GET /logomasters/product-details-colors.php?id=2089&&color=14832 HTTP/1.1" 200 31740 "-" "Mozilla/5.0 (Linux; Android 6.0.1; Nexus 5X Build/MMB29P) AppleWebKit/537.36 (KHTML, like Gecko) Chrome/135.0.7049.95 Mobile Safari/537.36 (compatible; Googlebot/2.1; +http://www.google.com/bot.html)"
103.118.29.120 - - [02/May/2025:18:21:28 -0500] "POST /xmlrpc.php HTTP/2.0" 200 403 "https://dna-1981.com" "Mozilla/5.0 (Macintosh; Intel Mac OS X 10_15_7) AppleWebKit/537.36 (KHTML, like Gecko) Chrome/114.0.5735.134 Safari/537.36"
162.215.15.55 - - [02/May/2025:18:21:30 -0500] "POST /wp-cron.php?doing_wp_cron=1746228090.1988639831542968750000 HTTP/1.1" 200 - "-" "WordPress/6.8.1; https://dna-1981.com"
66.249.75.73 - - [02/May/2025:18:22:44 -0500] "GET /logomasters/product-details-colors.php?id=2076&&color=14796 HTTP/1.1" 200 31610 "-" "Mozilla/5.0 (Linux; Android 6.0.1; Nexus 5X Build/MMB29P) AppleWebKit/537.36 (KHTML, like Gecko) Chrome/135.0.7049.95 Mobile Safari/537.36 (compatible; Googlebot/2.1; +http://www.google.com/bot.html)"
66.249.75.73 - - [02/May/2025:18:24:44 -0500] "GET /logomasters/product-details-colors.php?id=1876&&color=13677 HTTP/1.1" 200 28224 "-" "Mozilla/5.0 (Linux; Android 6.0.1; Nexus 5X Build/MMB29P) AppleWebKit/537.36 (KHTML, like Gecko) Chrome/135.0.7049.95 Mobile Safari/537.36 (compatible; Googlebot/2.1; +http://www.google.com/bot.html)"
66.249.75.74 - - [02/May/2025:18:24:45 -0500] "GET /logomasters/product-details-colors.php?id=2269&&color=16604 HTTP/1.1" 200 31419 "-" "Mozilla/5.0 (Linux; Android 6.0.1; Nexus 5X Build/MMB29P) AppleWebKit/537.36 (KHTML, like Gecko) Chrome/135.0.7049.95 Mobile Safari/537.36 (compatible; Googlebot/2.1; +http://www.google.com/bot.html)"
78.155.192.110 - - [02/May/2025:18:27:50 -0500] "POST /xmlrpc.php HTTP/2.0" 200 403 "https://dna-1981.com" "Mozilla/5.0 (Windows NT 10.0; Win64; x64; rv:127.0) Gecko/20100101 Firefox/127.0"
162.215.15.55 - - [02/May/2025:18:27:51 -0500] "POST /wp-cron.php?doing_wp_cron=1746228471.9088380336761474609375 HTTP/1.1" 200 - "-" "WordPress/6.8.1; https://dna-1981.com"
66.249.75.74 - - [02/May/2025:18:28:09 -0500] "GET /logomasters/product-details-colors.php?id=2354&&color=17316 HTTP/1.1" 200 32667 "-" "Mozilla/5.0 (Linux; Android 6.0.1; Nexus 5X Build/MMB29P) AppleWebKit/537.36 (KHTML, like Gecko) Chrome/135.0.7049.95 Mobile Safari/537.36 (compatible; Googlebot/2.1; +http://www.google.com/bot.html)"
66.249.75.131 - - [02/May/2025:18:28:10 -0500] "GET /logomasters/product-details-colors.php?id=1830&&color=13461 HTTP/1.1" 200 24238 "-" "Mozilla/5.0 (Linux; Android 6.0.1; Nexus 5X Build/MMB29P) AppleWebKit/537.36 (KHTML, like Gecko) Chrome/135.0.7049.95 Mobile Safari/537.36 (compatible; GoogleOther)"
66.249.75.130 - - [02/May/2025:18:28:11 -0500] "GET /logomasters/javascript/images-loaded.js HTTP/1.1" 200 5560 "https://www.dna-1981.com/logomasters/product-details-colors.php?id=1830&&color=13461" "Mozilla/5.0 (Linux; Android 6.0.1; Nexus 5X Build/MMB29P) AppleWebKit/537.36 (KHTML, like Gecko) Chrome/134.0.6998.165 Mobile Safari/537.36 (compatible; Googlebot/2.1; +http://www.google.com/bot.html)"
66.249.75.130 - - [02/May/2025:18:28:12 -0500] "GET /logomasters/rev-slider/js/extensions/revolution.extension.carousel.min.js HTTP/1.1" 200 7358 "https://www.dna-1981.com/logomasters/product-details-colors.php?id=1830&&color=13461" "Mozilla/5.0 (Linux; Android 6.0.1; Nexus 5X Build/MMB29P) AppleWebKit/537.36 (KHTML, like Gecko) Chrome/134.0.6998.165 Mobile Safari/537.36 (compatible; Googlebot/2.1; +http://www.google.com/bot.html)"
66.249.75.131 - - [02/May/2025:18:28:12 -0500] "GET /logomasters/javascript/jquery.min.js HTTP/1.1" 200 97162 "https://www.dna-1981.com/logomasters/product-details-colors.php?id=1830&&color=13461" "Mozilla/5.0 (Linux; Android 6.0.1; Nexus 5X Build/MMB29P) AppleWebKit/537.36 (KHTML, like Gecko) Chrome/134.0.6998.165 Mobile Safari/537.36 (compatible; Googlebot/2.1; +http://www.google.com/bot.html)"
66.249.75.131 - - [02/May/2025:18:28:13 -0500] "GET /logomasters/javascript/jquery-waypoints.js HTTP/1.1" 200 8064 "https://www.dna-1981.com/logomasters/product-details-colors.php?id=1830&&color=13461" "Mozilla/5.0 (Linux; Android 6.0.1; Nexus 5X Build/MMB29P) AppleWebKit/537.36 (KHTML, like Gecko) Chrome/134.0.6998.165 Mobile Safari/537.36 (compatible; Googlebot/2.1; +http://www.google.com/bot.html)"
66.249.75.132 - - [02/May/2025:18:28:13 -0500] "GET /logomasters/rev-slider/js/jquery.themepunch.tools.min.js HTTP/1.1" 200 104628 "https://www.dna-1981.com/logomasters/product-details-colors.php?id=1830&&color=13461" "Mozilla/5.0 (Linux; Android 6.0.1; Nexus 5X Build/MMB29P) AppleWebKit/537.36 (KHTML, like Gecko) Chrome/134.0.6998.165 Mobile Safari/537.36 (compatible; Googlebot/2.1; +http://www.google.com/bot.html)"
66.249.75.130 - - [02/May/2025:18:28:14 -0500] "GET /logomasters/rev-slider/js/extensions/revolution.extension.video.min.js HTTP/1.1" 200 23243 "https://www.dna-1981.com/logomasters/product-details-colors.php?id=1830&&color=13461" "Mozilla/5.0 (Linux; Android 6.0.1; Nexus 5X Build/MMB29P) AppleWebKit/537.36 (KHTML, like Gecko) Chrome/134.0.6998.165 Mobile Safari/537.36 (compatible; Googlebot/2.1; +http://www.google.com/bot.html)"
66.249.75.130 - - [02/May/2025:18:28:14 -0500] "GET /logomasters/rev-slider/js/extensions/revolution.extension.actions.min.js HTTP/1.1" 200 7496 "https://www.dna-1981.com/logomasters/product-details-colors.php?id=1830&&color=13461" "Mozilla/5.0 (Linux; Android 6.0.1; Nexus 5X Build/MMB29P) AppleWebKit/537.36 (KHTML, like Gecko) Chrome/134.0.6998.165 Mobile Safari/537.36 (compatible; Googlebot/2.1; +http://www.google.com/bot.html)"
66.249.75.130 - - [02/May/2025:18:28:14 -0500] "GET /logomasters/javascript/jquery.hoverdir.js HTTP/1.1" 200 9929 "https://www.dna-1981.com/logomasters/product-details-colors.php?id=1830&&color=13461" "Mozilla/5.0 (Linux; Android 6.0.1; Nexus 5X Build/MMB29P) AppleWebKit/537.36 (KHTML, like Gecko) Chrome/134.0.6998.165 Mobile Safari/537.36 (compatible; Googlebot/2.1; +http://www.google.com/bot.html)"
66.249.75.130 - - [02/May/2025:18:28:15 -0500] "GET /logomasters/stylesheets/shortcodes.css HTTP/1.1" 200 53463 "https://www.dna-1981.com/logomasters/stylesheets/style.css" "Mozilla/5.0 (Linux; Android 6.0.1; Nexus 5X Build/MMB29P) AppleWebKit/537.36 (KHTML, like Gecko) Chrome/134.0.6998.165 Mobile Safari/537.36 (compatible; Googlebot/2.1; +http://www.google.com/bot.html)"
66.249.75.131 - - [02/May/2025:18:28:15 -0500] "GET /logomasters/stylesheets/magnific-popup.css HTTP/1.1" 200 7348 "https://www.dna-1981.com/logomasters/stylesheets/style.css" "Mozilla/5.0 (Linux; Android 6.0.1; Nexus 5X Build/MMB29P) AppleWebKit/537.36 (KHTML, like Gecko) Chrome/134.0.6998.165 Mobile Safari/537.36 (compatible; Googlebot/2.1; +http://www.google.com/bot.html)"
66.249.75.131 - - [02/May/2025:18:28:16 -0500] "GET /logomasters/stylesheets/flexslider.css HTTP/1.1" 200 6804 "https://www.dna-1981.com/logomasters/stylesheets/style.css" "Mozilla/5.0 (Linux; Android 6.0.1; Nexus 5X Build/MMB29P) AppleWebKit/537.36 (KHTML, like Gecko) Chrome/134.0.6998.165 Mobile Safari/537.36 (compatible; Googlebot/2.1; +http://www.google.com/bot.html)"
66.249.75.72 - - [02/May/2025:18:30:10 -0500] "GET /logomasters/product-details-colors.php?id=1942&&color=13994 HTTP/1.1" 200 28433 "-" "Mozilla/5.0 (Linux; Android 6.0.1; Nexus 5X Build/MMB29P) AppleWebKit/537.36 (KHTML, like Gecko) Chrome/135.0.7049.95 Mobile Safari/537.36 (compatible; Googlebot/2.1; +http://www.google.com/bot.html)"
107.151.209.126 - - [02/May/2025:18:30:07 -0500] "POST /wp-login.php HTTP/1.1" 200 5972 "-" "Mozilla/5.0"
162.215.15.55 - - [02/May/2025:18:30:09 -0500] "POST /wp-cron.php?doing_wp_cron=1746228609.3925349712371826171875 HTTP/1.1" 200 - "-" "WordPress/6.8.1; https://dna-1981.com"
66.249.75.72 - - [02/May/2025:18:34:10 -0500] "GET /logomasters/product-details-colors.php?id=1339&&color=10640 HTTP/1.1" 200 31647 "-" "Mozilla/5.0 (Linux; Android 6.0.1; Nexus 5X Build/MMB29P) AppleWebKit/537.36 (KHTML, like Gecko) Chrome/135.0.7049.95 Mobile Safari/537.36 (compatible; Googlebot/2.1; +http://www.google.com/bot.html)"
103.173.227.63 - - [02/May/2025:18:34:13 -0500] "POST /xmlrpc.php HTTP/2.0" 200 403 "https://dna-1981.com" "Mozilla/5.0 (Windows NT 10.0; Win64; x64) AppleWebKit/537.36 (KHTML, like Gecko) Chrome/126.0.0.0 Safari/537.36 Edg/126.0.0.0"
162.215.15.55 - - [02/May/2025:18:34:14 -0500] "POST /wp-cron.php?doing_wp_cron=1746228854.7737350463867187500000 HTTP/1.1" 200 - "-" "WordPress/6.8.1; https://dna-1981.com"
66.249.75.72 - - [02/May/2025:18:38:10 -0500] "GET /logomasters/product-details-colors.php?id=2317&&color=16890 HTTP/1.1" 200 31383 "-" "Mozilla/5.0 (Linux; Android 6.0.1; Nexus 5X Build/MMB29P) AppleWebKit/537.36 (KHTML, like Gecko) Chrome/135.0.7049.95 Mobile Safari/537.36 (compatible; Googlebot/2.1; +http://www.google.com/bot.html)"
107.189.3.177 - - [02/May/2025:18:39:54 -0500] "GET /wp-login.php HTTP/1.1" 200 5569 "-" "Mozilla/5.0 (iPad; CPU OS 7_1_1 like Mac OS X) AppleWebKit/537.51.2 (KHTML, like Gecko) Version/7.0 Mobile/11D201 Safari/9537.53"
162.215.15.55 - - [02/May/2025:18:39:56 -0500] "POST /wp-cron.php?doing_wp_cron=1746229196.0581510066986083984375 HTTP/1.1" 200 - "-" "WordPress/6.8.1; https://dna-1981.com"
103.118.29.120 - - [02/May/2025:18:40:40 -0500] "POST /xmlrpc.php HTTP/2.0" 200 403 "https://dna-1981.com" "Mozilla/5.0 (Windows NT 10.0; Win64; x64) AppleWebKit/537.36 (KHTML, like Gecko) Chrome/113.0.5672.126 Safari/537.36 Edg/113.0.1774.50"
107.189.3.177 - - [02/May/2025:18:41:44 -0500] "POST /wp-login.php HTTP/1.1" 200 5995 "-" "Mozilla/5.0 (iPad; CPU OS 7_1_1 like Mac OS X) AppleWebKit/537.51.2 (KHTML, like Gecko) Version/7.0 Mobile/11D201 Safari/9537.53"
162.215.15.55 - - [02/May/2025:18:41:46 -0500] "POST /wp-cron.php?doing_wp_cron=1746229306.2005999088287353515625 HTTP/1.1" 200 - "-" "WordPress/6.8.1; https://dna-1981.com"
66.249.75.73 - - [02/May/2025:18:42:11 -0500] "GET /logomasters/product-details-colors.php?id=2317&&color=16893 HTTP/1.1" 200 31356 "-" "Mozilla/5.0 (Linux; Android 6.0.1; Nexus 5X Build/MMB29P) AppleWebKit/537.36 (KHTML, like Gecko) Chrome/135.0.7049.95 Mobile Safari/537.36 (compatible; Googlebot/2.1; +http://www.google.com/bot.html)"
66.249.75.74 - - [02/May/2025:18:43:11 -0500] "GET /logomasters/product-details-colors.php?id=2318&&color=16897 HTTP/1.1" 200 30234 "-" "Mozilla/5.0 (Linux; Android 6.0.1; Nexus 5X Build/MMB29P) AppleWebKit/537.36 (KHTML, like Gecko) Chrome/135.0.7049.95 Mobile Safari/537.36 (compatible; GoogleOther)"
185.195.232.179 - - [02/May/2025:18:44:01 -0500] "GET /logomasters/shop-by-brand.php?cat=%27nvOpzp;%20AND%201=1%20OR%20(%3C%27%22%3EiKO)),&=%27nvOpzp;%20AND%201=1%20OR%20(%3C%27%22%3EiKO)),&type=%27nvOpzp;%20AND%201=1%20OR%20(%3C%27%22%3EiKO)),&=%27nvOpzp;%20AND%201=1%20OR%20(%3C%27%22%3EiKO)),&brand=%27nvOpzp;%20AND%201=1%20OR%20(%3C%27%22%3EiKO)), HTTP/1.1" 500 - "-" "-"
66.249.75.74 - - [02/May/2025:18:44:11 -0500] "GET /logomasters/product-details-colors.php?id=1564&&color=11712 HTTP/1.1" 200 28208 "-" "Mozilla/5.0 (Linux; Android 6.0.1; Nexus 5X Build/MMB29P) AppleWebKit/537.36 (KHTML, like Gecko) Chrome/135.0.7049.95 Mobile Safari/537.36 (compatible; Googlebot/2.1; +http://www.google.com/bot.html)"
66.249.75.72 - - [02/May/2025:18:46:12 -0500] "GET /logomasters/product-details-colors.php?id=2318&&color=16899 HTTP/1.1" 200 30210 "-" "Mozilla/5.0 (Linux; Android 6.0.1; Nexus 5X Build/MMB29P) AppleWebKit/537.36 (KHTML, like Gecko) Chrome/135.0.7049.95 Mobile Safari/537.36 (compatible; Googlebot/2.1; +http://www.google.com/bot.html)"
89.235.79.29 - - [02/May/2025:18:46:52 -0500] "POST /xmlrpc.php HTTP/2.0" 200 403 "https://dna-1981.com" "Mozilla/5.0 (Windows NT 10.0; Win64; x64; rv:125.0.1) Gecko/20100101 Firefox/125.0.1"
162.215.15.55 - - [02/May/2025:18:46:53 -0500] "POST /wp-cron.php?doing_wp_cron=1746229613.9445269107818603515625 HTTP/1.1" 200 - "-" "WordPress/6.8.1; https://dna-1981.com"
116.118.49.45 - - [02/May/2025:18:49:58 -0500] "POST /xmlrpc.php HTTP/1.1" 200 403 "-" "Mozilla/5.0 (Windows NT 10.0; Win64; x64) AppleWebKit/537.36 (KHTML, like Gecko) Chrome/81.0.4044.138 Safari/537.36"
5.9.157.246 - - [02/May/2025:18:49:57 -0500] "POST /xmlrpc.php HTTP/1.1" 200 403 "-" "Mozilla/5.0 (Windows NT 10.0; Win64; x64; rv:67.0) Gecko/20100101 Firefox/67.0"
162.215.15.55 - - [02/May/2025:18:49:58 -0500] "POST /wp-cron.php?doing_wp_cron=1746229798.5416140556335449218750 HTTP/1.1" 200 - "-" "WordPress/6.8.1; https://dna-1981.com"
45.117.171.134 - - [02/May/2025:18:49:59 -0500] "POST /xmlrpc.php HTTP/1.1" 200 403 "-" "Mozilla/5.0 (Windows NT 10.0; WOW64; rv:52.0) Gecko/20100101 Firefox/52.0"
66.249.75.74 - - [02/May/2025:18:50:12 -0500] "GET /logomasters/product-details-colors.php?id=1764&&color=13077 HTTP/1.1" 200 31014 "-" "Mozilla/5.0 (Linux; Android 6.0.1; Nexus 5X Build/MMB29P) AppleWebKit/537.36 (KHTML, like Gecko) Chrome/135.0.7049.95 Mobile Safari/537.36 (compatible; Googlebot/2.1; +http://www.google.com/bot.html)"
80.179.145.237 - - [02/May/2025:18:50:26 -0500] "POST /xmlrpc.php HTTP/1.1" 200 403 "-" "Mozilla/5.0 (Windows NT 6.1; Win64; x64; rv:57.0) Gecko/20100101 Firefox/57.0"
80.179.145.237 - - [02/May/2025:18:50:40 -0500] "POST /xmlrpc.php HTTP/1.1" 200 403 "-" "Mozilla/5.0 (Linux; Android 10; SM-N960U) AppleWebKit/537.36 (KHTML, like Gecko) Chrome/91.0.4472.114 Mobile Safari/537.36"
84.247.188.52 - - [02/May/2025:18:50:43 -0500] "POST /xmlrpc.php HTTP/1.1" 200 403 "-" "Mozilla/5.0 (iPad; CPU OS 14_6 like Mac OS X) AppleWebKit/605.1.15 (KHTML, like Gecko) CriOS/91.0.4472.80 Mobile/15E148 Safari/604.1"
85.13.217.246 - - [02/May/2025:18:53:14 -0500] "POST /xmlrpc.php HTTP/2.0" 200 403 "https://dna-1981.com" "Mozilla/5.0 (Macintosh; Intel Mac OS X 14_4_1) AppleWebKit/605.1.15 (KHTML, like Gecko) Version/17.3.1 Safari/605.1.15"
162.215.15.55 - - [02/May/2025:18:53:15 -0500] "POST /wp-cron.php?doing_wp_cron=1746229995.8018250465393066406250 HTTP/1.1" 200 - "-" "WordPress/6.8.1; https://dna-1981.com"
66.249.75.74 - - [02/May/2025:18:54:12 -0500] "GET /logomasters/product-details-colors.php?id=2005&&color=14302 HTTP/1.1" 200 30949 "-" "Mozilla/5.0 (Linux; Android 6.0.1; Nexus 5X Build/MMB29P) AppleWebKit/537.36 (KHTML, like Gecko) Chrome/135.0.7049.95 Mobile Safari/537.36 (compatible; Googlebot/2.1; +http://www.google.com/bot.html)"
66.249.75.73 - - [02/May/2025:18:56:13 -0500] "GET /logomasters/product-details-colors.php?id=2318&&color=16896 HTTP/1.1" 200 30242 "-" "Mozilla/5.0 (Linux; Android 6.0.1; Nexus 5X Build/MMB29P) AppleWebKit/537.36 (KHTML, like Gecko) Chrome/135.0.7049.95 Mobile Safari/537.36 (compatible; Googlebot/2.1; +http://www.google.com/bot.html)"
69.164.196.53 - - [02/May/2025:18:56:39 -0500] "GET /?sucurianticache=1208365811 HTTP/2.0" 200 119854 "-" "Sucuri Uptime Monitor"
54.214.165.245 - - [02/May/2025:18:56:46 -0500] "GET /?sucurianticache=1144471260 HTTP/1.1" 200 119854 "-" "Sucuri Uptime Monitor"
162.215.15.55 - - [02/May/2025:18:56:48 -0500] "POST /wp-cron.php?doing_wp_cron=1746230208.5298058986663818359375 HTTP/1.1" 200 - "-" "WordPress/6.8.1; https://dna-1981.com"
66.249.75.74 - - [02/May/2025:18:58:10 -0500] "GET /logomasters/product-details-colors.php?id=1764&&color=13078 HTTP/1.1" 200 31147 "-" "Mozilla/5.0 (Linux; Android 6.0.1; Nexus 5X Build/MMB29P) AppleWebKit/537.36 (KHTML, like Gecko) Chrome/135.0.7049.95 Mobile Safari/537.36 (compatible; GoogleOther)"
66.249.75.74 - - [02/May/2025:18:58:11 -0500] "GET /logomasters/product-details-colors.php?id=1764&&color=13079 HTTP/1.1" 200 31147 "-" "Mozilla/5.0 (Linux; Android 6.0.1; Nexus 5X Build/MMB29P) AppleWebKit/537.36 (KHTML, like Gecko) Chrome/135.0.7049.95 Mobile Safari/537.36 (compatible; Googlebot/2.1; +http://www.google.com/bot.html)"
167.86.124.24 - - [02/May/2025:18:59:34 -0500] "POST /xmlrpc.php HTTP/2.0" 200 403 "https://dna-1981.com" "Mozilla/5.0 (Macintosh; Intel Mac OS X 14_6) AppleWebKit/605.1.15 (KHTML, like Gecko) Version/17.5 Safari/605.1.15"
162.215.15.55 - - [02/May/2025:18:59:36 -0500] "POST /wp-cron.php?doing_wp_cron=1746230376.2910299301147460937500 HTTP/1.1" 200 - "-" "WordPress/6.8.1; https://dna-1981.com"
66.249.75.73 - - [02/May/2025:19:05:12 -0500] "GET /logomasters/product-details-colors.php?id=2354&&color=17317 HTTP/1.1" 200 32493 "-" "Mozilla/5.0 (Linux; Android 6.0.1; Nexus 5X Build/MMB29P) AppleWebKit/537.36 (KHTML, like Gecko) Chrome/135.0.7049.95 Mobile Safari/537.36 (compatible; Googlebot/2.1; +http://www.google.com/bot.html)"
86.104.37.37 - - [02/May/2025:19:05:59 -0500] "POST /xmlrpc.php HTTP/2.0" 200 403 "https://dna-1981.com" "Mozilla/5.0 (Windows NT 10.0; Win64; x64) AppleWebKit/537.36 (KHTML, like Gecko) Chrome/126.0.0.0 Safari/537.36"
162.215.15.55 - - [02/May/2025:19:06:00 -0500] "POST /wp-cron.php?doing_wp_cron=1746230760.3047990798950195312500 HTTP/1.1" 200 - "-" "WordPress/6.8.1; https://dna-1981.com"
66.249.75.73 - - [02/May/2025:19:09:12 -0500] "GET /logomasters/product-details-colors.php?id=2354&&color=17320 HTTP/1.1" 200 32631 "-" "Mozilla/5.0 (Linux; Android 6.0.1; Nexus 5X Build/MMB29P) AppleWebKit/537.36 (KHTML, like Gecko) Chrome/135.0.7049.95 Mobile Safari/537.36 (compatible; Googlebot/2.1; +http://www.google.com/bot.html)"
157.245.6.207 - - [02/May/2025:19:12:23 -0500] "POST /xmlrpc.php HTTP/2.0" 200 403 "https://dna-1981.com" "Mozilla/5.0 (Macintosh; Intel Mac OS X 10_15_7) AppleWebKit/537.36 (KHTML, like Gecko) Chrome/126.0.0.0 Safari/537.36"
162.215.15.55 - - [02/May/2025:19:12:24 -0500] "POST /wp-cron.php?doing_wp_cron=1746231144.6761479377746582031250 HTTP/1.1" 200 - "-" "WordPress/6.8.1; https://dna-1981.com"
66.249.75.74 - - [02/May/2025:19:13:11 -0500] "GET /logomasters/product-details-colors.php?id=2006&&color=14314 HTTP/1.1" 200 31708 "-" "Mozilla/5.0 (Linux; Android 6.0.1; Nexus 5X Build/MMB29P) AppleWebKit/537.36 (KHTML, like Gecko) Chrome/135.0.7049.95 Mobile Safari/537.36 (compatible; GoogleOther)"
66.249.75.72 - - [02/May/2025:19:13:13 -0500] "GET /logomasters/product-details-colors.php?id=2354&&color=17319 HTTP/1.1" 200 32555 "-" "Mozilla/5.0 (Linux; Android 6.0.1; Nexus 5X Build/MMB29P) AppleWebKit/537.36 (KHTML, like Gecko) Chrome/135.0.7049.95 Mobile Safari/537.36 (compatible; Googlebot/2.1; +http://www.google.com/bot.html)"
13.201.123.141 - - [02/May/2025:19:14:28 -0500] "GET / HTTP/1.1" 200 119854 "-" "Mozilla/5.0 (Windows NT 10.0; Win64; x64) AppleWebKit/537.36 (KHTML, like Gecko) Chrome/80.0.3987.149 Safari/537.36"
13.201.123.141 - - [02/May/2025:19:14:32 -0500] "GET //wp-includes/wlwmanifest.xml HTTP/1.1" 301 - "-" "Mozilla/5.0 (Windows NT 10.0; Win64; x64) AppleWebKit/537.36 (KHTML, like Gecko) Chrome/80.0.3987.149 Safari/537.36"
13.201.123.141 - - [02/May/2025:19:14:33 -0500] "GET //xmlrpc.php?rsd HTTP/1.1" 200 796 "-" "Mozilla/5.0 (Windows NT 10.0; Win64; x64) AppleWebKit/537.36 (KHTML, like Gecko) Chrome/80.0.3987.149 Safari/537.36"
13.201.123.141 - - [02/May/2025:19:14:35 -0500] "GET //?author=1 HTTP/1.1" 301 - "-" "Mozilla/5.0 (Windows NT 10.0; Win64; x64) AppleWebKit/537.36 (KHTML, like Gecko) Chrome/80.0.3987.149 Safari/537.36"
13.201.123.141 - - [02/May/2025:19:14:37 -0500] "GET //?author=2 HTTP/1.1" 301 - "-" "Mozilla/5.0 (Windows NT 10.0; Win64; x64) AppleWebKit/537.36 (KHTML, like Gecko) Chrome/80.0.3987.149 Safari/537.36"
13.201.123.141 - - [02/May/2025:19:14:38 -0500] "GET //wp-json/wp/v2/users/ HTTP/1.1" 200 770 "-" "Mozilla/5.0 (Windows NT 10.0; Win64; x64) AppleWebKit/537.36 (KHTML, like Gecko) Chrome/80.0.3987.149 Safari/537.36"
13.201.123.141 - - [02/May/2025:19:14:40 -0500] "POST //xmlrpc.php HTTP/1.1" 200 403 "-" "Mozilla/5.0 (Windows NT 10.0; Win64; x64) AppleWebKit/537.36 (KHTML, like Gecko) Chrome/80.0.3987.149 Safari/537.36"
13.201.123.141 - - [02/May/2025:19:14:42 -0500] "POST //xmlrpc.php HTTP/1.1" 200 401 "-" "Mozilla/5.0 (Windows NT 10.0; Win64; x64) AppleWebKit/537.36 (KHTML, like Gecko) Chrome/80.0.3987.149 Safari/537.36"
13.201.123.141 - - [02/May/2025:19:14:45 -0500] "POST //xmlrpc.php HTTP/1.1" 200 403 "-" "Mozilla/5.0 (Windows NT 10.0; Win64; x64) AppleWebKit/537.36 (KHTML, like Gecko) Chrome/80.0.3987.149 Safari/537.36"
162.215.15.55 - - [02/May/2025:19:14:46 -0500] "POST /wp-cron.php?doing_wp_cron=1746231286.8856699466705322265625 HTTP/1.1" 200 - "-" "WordPress/6.8.1; https://dna-1981.com"
13.201.123.141 - - [02/May/2025:19:14:49 -0500] "POST //xmlrpc.php HTTP/1.1" 200 401 "-" "Mozilla/5.0 (Windows NT 10.0; Win64; x64) AppleWebKit/537.36 (KHTML, like Gecko) Chrome/80.0.3987.149 Safari/537.36"
13.201.123.141 - - [02/May/2025:19:14:52 -0500] "POST //xmlrpc.php HTTP/1.1" 200 401 "-" "Mozilla/5.0 (Windows NT 10.0; Win64; x64) AppleWebKit/537.36 (KHTML, like Gecko) Chrome/80.0.3987.149 Safari/537.36"
13.201.123.141 - - [02/May/2025:19:14:54 -0500] "POST //xmlrpc.php HTTP/1.1" 200 401 "-" "Mozilla/5.0 (Windows NT 10.0; Win64; x64) AppleWebKit/537.36 (KHTML, like Gecko) Chrome/80.0.3987.149 Safari/537.36"
13.201.123.141 - - [02/May/2025:19:14:57 -0500] "POST //xmlrpc.php HTTP/1.1" 200 401 "-" "Mozilla/5.0 (Windows NT 10.0; Win64; x64) AppleWebKit/537.36 (KHTML, like Gecko) Chrome/80.0.3987.149 Safari/537.36"
13.201.123.141 - - [02/May/2025:19:14:59 -0500] "POST //xmlrpc.php HTTP/1.1" 200 401 "-" "Mozilla/5.0 (Windows NT 10.0; Win64; x64) AppleWebKit/537.36 (KHTML, like Gecko) Chrome/80.0.3987.149 Safari/537.36"
13.201.123.141 - - [02/May/2025:19:15:02 -0500] "POST //xmlrpc.php HTTP/1.1" 200 401 "-" "Mozilla/5.0 (Windows NT 10.0; Win64; x64) AppleWebKit/537.36 (KHTML, like Gecko) Chrome/80.0.3987.149 Safari/537.36"
13.201.123.141 - - [02/May/2025:19:15:05 -0500] "POST //xmlrpc.php HTTP/1.1" 200 401 "-" "Mozilla/5.0 (Windows NT 10.0; Win64; x64) AppleWebKit/537.36 (KHTML, like Gecko) Chrome/80.0.3987.149 Safari/537.36"
13.201.123.141 - - [02/May/2025:19:15:07 -0500] "POST //xmlrpc.php HTTP/1.1" 200 401 "-" "Mozilla/5.0 (Windows NT 10.0; Win64; x64) AppleWebKit/537.36 (KHTML, like Gecko) Chrome/80.0.3987.149 Safari/537.36"
13.201.123.141 - - [02/May/2025:19:15:10 -0500] "POST //xmlrpc.php HTTP/1.1" 200 401 "-" "Mozilla/5.0 (Windows NT 10.0; Win64; x64) AppleWebKit/537.36 (KHTML, like Gecko) Chrome/80.0.3987.149 Safari/537.36"
13.201.123.141 - - [02/May/2025:19:15:13 -0500] "POST //xmlrpc.php HTTP/1.1" 200 401 "-" "Mozilla/5.0 (Windows NT 10.0; Win64; x64) AppleWebKit/537.36 (KHTML, like Gecko) Chrome/80.0.3987.149 Safari/537.36"
13.201.123.141 - - [02/May/2025:19:15:15 -0500] "POST //xmlrpc.php HTTP/1.1" 200 401 "-" "Mozilla/5.0 (Windows NT 10.0; Win64; x64) AppleWebKit/537.36 (KHTML, like Gecko) Chrome/80.0.3987.149 Safari/537.36"
13.201.123.141 - - [02/May/2025:19:15:18 -0500] "POST //xmlrpc.php HTTP/1.1" 200 401 "-" "Mozilla/5.0 (Windows NT 10.0; Win64; x64) AppleWebKit/537.36 (KHTML, like Gecko) Chrome/80.0.3987.149 Safari/537.36"
13.201.123.141 - - [02/May/2025:19:15:21 -0500] "POST //xmlrpc.php HTTP/1.1" 200 401 "-" "Mozilla/5.0 (Windows NT 10.0; Win64; x64) AppleWebKit/537.36 (KHTML, like Gecko) Chrome/80.0.3987.149 Safari/537.36"
13.201.123.141 - - [02/May/2025:19:15:24 -0500] "POST //xmlrpc.php HTTP/1.1" 200 401 "-" "Mozilla/5.0 (Windows NT 10.0; Win64; x64) AppleWebKit/537.36 (KHTML, like Gecko) Chrome/80.0.3987.149 Safari/537.36"
13.201.123.141 - - [02/May/2025:19:15:27 -0500] "POST //xmlrpc.php HTTP/1.1" 200 401 "-" "Mozilla/5.0 (Windows NT 10.0; Win64; x64) AppleWebKit/537.36 (KHTML, like Gecko) Chrome/80.0.3987.149 Safari/537.36"
13.201.123.141 - - [02/May/2025:19:15:30 -0500] "POST //xmlrpc.php HTTP/1.1" 200 401 "-" "Mozilla/5.0 (Windows NT 10.0; Win64; x64) AppleWebKit/537.36 (KHTML, like Gecko) Chrome/80.0.3987.149 Safari/537.36"
13.201.123.141 - - [02/May/2025:19:15:33 -0500] "POST //xmlrpc.php HTTP/1.1" 200 401 "-" "Mozilla/5.0 (Windows NT 10.0; Win64; x64) AppleWebKit/537.36 (KHTML, like Gecko) Chrome/80.0.3987.149 Safari/537.36"
13.201.123.141 - - [02/May/2025:19:15:35 -0500] "POST //xmlrpc.php HTTP/1.1" 200 401 "-" "Mozilla/5.0 (Windows NT 10.0; Win64; x64) AppleWebKit/537.36 (KHTML, like Gecko) Chrome/80.0.3987.149 Safari/537.36"
13.201.123.141 - - [02/May/2025:19:15:38 -0500] "POST //xmlrpc.php HTTP/1.1" 200 401 "-" "Mozilla/5.0 (Windows NT 10.0; Win64; x64) AppleWebKit/537.36 (KHTML, like Gecko) Chrome/80.0.3987.149 Safari/537.36"
13.201.123.141 - - [02/May/2025:19:15:41 -0500] "POST //xmlrpc.php HTTP/1.1" 200 401 "-" "Mozilla/5.0 (Windows NT 10.0; Win64; x64) AppleWebKit/537.36 (KHTML, like Gecko) Chrome/80.0.3987.149 Safari/537.36"
13.201.123.141 - - [02/May/2025:19:15:44 -0500] "POST //xmlrpc.php HTTP/1.1" 200 401 "-" "Mozilla/5.0 (Windows NT 10.0; Win64; x64) AppleWebKit/537.36 (KHTML, like Gecko) Chrome/80.0.3987.149 Safari/537.36"
13.201.123.141 - - [02/May/2025:19:15:47 -0500] "POST //xmlrpc.php HTTP/1.1" 200 401 "-" "Mozilla/5.0 (Windows NT 10.0; Win64; x64) AppleWebKit/537.36 (KHTML, like Gecko) Chrome/80.0.3987.149 Safari/537.36"
162.215.15.55 - - [02/May/2025:19:15:48 -0500] "POST /wp-cron.php?doing_wp_cron=1746231348.4026679992675781250000 HTTP/1.1" 200 - "-" "WordPress/6.8.1; https://dna-1981.com"
13.201.123.141 - - [02/May/2025:19:15:50 -0500] "POST //xmlrpc.php HTTP/1.1" 200 401 "-" "Mozilla/5.0 (Windows NT 10.0; Win64; x64) AppleWebKit/537.36 (KHTML, like Gecko) Chrome/80.0.3987.149 Safari/537.36"
13.201.123.141 - - [02/May/2025:19:15:53 -0500] "POST //xmlrpc.php HTTP/1.1" 200 401 "-" "Mozilla/5.0 (Windows NT 10.0; Win64; x64) AppleWebKit/537.36 (KHTML, like Gecko) Chrome/80.0.3987.149 Safari/537.36"
13.201.123.141 - - [02/May/2025:19:15:56 -0500] "POST //xmlrpc.php HTTP/1.1" 200 401 "-" "Mozilla/5.0 (Windows NT 10.0; Win64; x64) AppleWebKit/537.36 (KHTML, like Gecko) Chrome/80.0.3987.149 Safari/537.36"
13.201.123.141 - - [02/May/2025:19:15:58 -0500] "POST //xmlrpc.php HTTP/1.1" 200 401 "-" "Mozilla/5.0 (Windows NT 10.0; Win64; x64) AppleWebKit/537.36 (KHTML, like Gecko) Chrome/80.0.3987.149 Safari/537.36"
13.201.123.141 - - [02/May/2025:19:16:01 -0500] "POST //xmlrpc.php HTTP/1.1" 200 401 "-" "Mozilla/5.0 (Windows NT 10.0; Win64; x64) AppleWebKit/537.36 (KHTML, like Gecko) Chrome/80.0.3987.149 Safari/537.36"
13.201.123.141 - - [02/May/2025:19:16:04 -0500] "POST //xmlrpc.php HTTP/1.1" 200 401 "-" "Mozilla/5.0 (Windows NT 10.0; Win64; x64) AppleWebKit/537.36 (KHTML, like Gecko) Chrome/80.0.3987.149 Safari/537.36"
13.201.123.141 - - [02/May/2025:19:16:06 -0500] "POST //xmlrpc.php HTTP/1.1" 200 401 "-" "Mozilla/5.0 (Windows NT 10.0; Win64; x64) AppleWebKit/537.36 (KHTML, like Gecko) Chrome/80.0.3987.149 Safari/537.36"
13.201.123.141 - - [02/May/2025:19:16:09 -0500] "POST //xmlrpc.php HTTP/1.1" 200 401 "-" "Mozilla/5.0 (Windows NT 10.0; Win64; x64) AppleWebKit/537.36 (KHTML, like Gecko) Chrome/80.0.3987.149 Safari/537.36"
13.201.123.141 - - [02/May/2025:19:16:12 -0500] "POST //xmlrpc.php HTTP/1.1" 200 401 "-" "Mozilla/5.0 (Windows NT 10.0; Win64; x64) AppleWebKit/537.36 (KHTML, like Gecko) Chrome/80.0.3987.149 Safari/537.36"
13.201.123.141 - - [02/May/2025:19:16:14 -0500] "POST //xmlrpc.php HTTP/1.1" 200 401 "-" "Mozilla/5.0 (Windows NT 10.0; Win64; x64) AppleWebKit/537.36 (KHTML, like Gecko) Chrome/80.0.3987.149 Safari/537.36"
13.201.123.141 - - [02/May/2025:19:16:17 -0500] "POST //xmlrpc.php HTTP/1.1" 200 401 "-" "Mozilla/5.0 (Windows NT 10.0; Win64; x64) AppleWebKit/537.36 (KHTML, like Gecko) Chrome/80.0.3987.149 Safari/537.36"
13.201.123.141 - - [02/May/2025:19:16:20 -0500] "POST //xmlrpc.php HTTP/1.1" 200 401 "-" "Mozilla/5.0 (Windows NT 10.0; Win64; x64) AppleWebKit/537.36 (KHTML, like Gecko) Chrome/80.0.3987.149 Safari/537.36"
13.201.123.141 - - [02/May/2025:19:16:23 -0500] "POST //xmlrpc.php HTTP/1.1" 200 401 "-" "Mozilla/5.0 (Windows NT 10.0; Win64; x64) AppleWebKit/537.36 (KHTML, like Gecko) Chrome/80.0.3987.149 Safari/537.36"
13.201.123.141 - - [02/May/2025:19:16:25 -0500] "POST //xmlrpc.php HTTP/1.1" 200 401 "-" "Mozilla/5.0 (Windows NT 10.0; Win64; x64) AppleWebKit/537.36 (KHTML, like Gecko) Chrome/80.0.3987.149 Safari/537.36"
13.201.123.141 - - [02/May/2025:19:16:28 -0500] "POST //xmlrpc.php HTTP/1.1" 200 401 "-" "Mozilla/5.0 (Windows NT 10.0; Win64; x64) AppleWebKit/537.36 (KHTML, like Gecko) Chrome/80.0.3987.149 Safari/537.36"
13.201.123.141 - - [02/May/2025:19:16:31 -0500] "POST //xmlrpc.php HTTP/1.1" 200 401 "-" "Mozilla/5.0 (Windows NT 10.0; Win64; x64) AppleWebKit/537.36 (KHTML, like Gecko) Chrome/80.0.3987.149 Safari/537.36"
13.201.123.141 - - [02/May/2025:19:16:33 -0500] "POST //xmlrpc.php HTTP/1.1" 200 401 "-" "Mozilla/5.0 (Windows NT 10.0; Win64; x64) AppleWebKit/537.36 (KHTML, like Gecko) Chrome/80.0.3987.149 Safari/537.36"
13.201.123.141 - - [02/May/2025:19:16:36 -0500] "POST //xmlrpc.php HTTP/1.1" 200 401 "-" "Mozilla/5.0 (Windows NT 10.0; Win64; x64) AppleWebKit/537.36 (KHTML, like Gecko) Chrome/80.0.3987.149 Safari/537.36"
13.201.123.141 - - [02/May/2025:19:16:39 -0500] "POST //xmlrpc.php HTTP/1.1" 200 401 "-" "Mozilla/5.0 (Windows NT 10.0; Win64; x64) AppleWebKit/537.36 (KHTML, like Gecko) Chrome/80.0.3987.149 Safari/537.36"
13.201.123.141 - - [02/May/2025:19:16:41 -0500] "POST //xmlrpc.php HTTP/1.1" 200 401 "-" "Mozilla/5.0 (Windows NT 10.0; Win64; x64) AppleWebKit/537.36 (KHTML, like Gecko) Chrome/80.0.3987.149 Safari/537.36"
13.201.123.141 - - [02/May/2025:19:16:44 -0500] "POST //xmlrpc.php HTTP/1.1" 200 401 "-" "Mozilla/5.0 (Windows NT 10.0; Win64; x64) AppleWebKit/537.36 (KHTML, like Gecko) Chrome/80.0.3987.149 Safari/537.36"
162.215.15.55 - - [02/May/2025:19:16:46 -0500] "POST /wp-cron.php?doing_wp_cron=1746231406.0396440029144287109375 HTTP/1.1" 200 - "-" "WordPress/6.8.1; https://dna-1981.com"
13.201.123.141 - - [02/May/2025:19:16:48 -0500] "POST //xmlrpc.php HTTP/1.1" 200 401 "-" "Mozilla/5.0 (Windows NT 10.0; Win64; x64) AppleWebKit/537.36 (KHTML, like Gecko) Chrome/80.0.3987.149 Safari/537.36"
13.201.123.141 - - [02/May/2025:19:16:51 -0500] "POST //xmlrpc.php HTTP/1.1" 200 401 "-" "Mozilla/5.0 (Windows NT 10.0; Win64; x64) AppleWebKit/537.36 (KHTML, like Gecko) Chrome/80.0.3987.149 Safari/537.36"
13.201.123.141 - - [02/May/2025:19:16:54 -0500] "POST //xmlrpc.php HTTP/1.1" 200 401 "-" "Mozilla/5.0 (Windows NT 10.0; Win64; x64) AppleWebKit/537.36 (KHTML, like Gecko) Chrome/80.0.3987.149 Safari/537.36"
13.201.123.141 - - [02/May/2025:19:16:56 -0500] "POST //xmlrpc.php HTTP/1.1" 200 401 "-" "Mozilla/5.0 (Windows NT 10.0; Win64; x64) AppleWebKit/537.36 (KHTML, like Gecko) Chrome/80.0.3987.149 Safari/537.36"
13.201.123.141 - - [02/May/2025:19:16:59 -0500] "POST //xmlrpc.php HTTP/1.1" 200 401 "-" "Mozilla/5.0 (Windows NT 10.0; Win64; x64) AppleWebKit/537.36 (KHTML, like Gecko) Chrome/80.0.3987.149 Safari/537.36"
13.201.123.141 - - [02/May/2025:19:17:02 -0500] "POST //xmlrpc.php HTTP/1.1" 200 401 "-" "Mozilla/5.0 (Windows NT 10.0; Win64; x64) AppleWebKit/537.36 (KHTML, like Gecko) Chrome/80.0.3987.149 Safari/537.36"
13.201.123.141 - - [02/May/2025:19:17:04 -0500] "POST //xmlrpc.php HTTP/1.1" 200 401 "-" "Mozilla/5.0 (Windows NT 10.0; Win64; x64) AppleWebKit/537.36 (KHTML, like Gecko) Chrome/80.0.3987.149 Safari/537.36"
