66.249.75.73 - - [02/May/2025:10:03:06 -0500] "GET /logomasters/product-details-colors.php?id=2111&&color=15001 HTTP/1.1" 200 31611 "-" "Mozilla/5.0 (Linux; Android 6.0.1; Nexus 5X Build/MMB29P) AppleWebKit/537.36 (KHTML, like Gecko) Chrome/135.0.7049.95 Mobile Safari/537.36 (compatible; Googlebot/2.1; +http://www.google.com/bot.html)"
66.249.75.73 - - [02/May/2025:10:07:06 -0500] "GET /logomasters/product-details-colors.php?id=2103&&color=14956 HTTP/1.1" 200 31614 "-" "Mozilla/5.0 (Linux; Android 6.0.1; Nexus 5X Build/MMB29P) AppleWebKit/537.36 (KHTML, like Gecko) Chrome/135.0.7049.95 Mobile Safari/537.36 (compatible; Googlebot/2.1; +http://www.google.com/bot.html)"
66.249.75.72 - - [02/May/2025:10:10:07 -0500] "GET /logomasters/product-details-colors.php?id=2111&&color=15000 HTTP/1.1" 200 31732 "-" "Mozilla/5.0 (Linux; Android 6.0.1; Nexus 5X Build/MMB29P) AppleWebKit/537.36 (KHTML, like Gecko) Chrome/135.0.7049.95 Mobile Safari/537.36 (compatible; Googlebot/2.1; +http://www.google.com/bot.html)"
66.249.75.72 - - [02/May/2025:10:10:26 -0500] "GET /logomasters/product-details-colors.php?id=2111&&color=15001 HTTP/1.1" 200 31611 "-" "Mozilla/5.0 (Linux; Android 6.0.1; Nexus 5X Build/MMB29P) AppleWebKit/537.36 (KHTML, like Gecko) Chrome/135.0.7049.95 Mobile Safari/537.36 (compatible; GoogleOther)"
66.249.75.72 - - [02/May/2025:10:13:07 -0500] "GET /logomasters/shop-by-brand.php?cat=all_outerwear&&type=Woman&&brand=Eddie%20Bauer&&pageno=2 HTTP/1.1" 200 23732 "-" "Mozilla/5.0 (Linux; Android 6.0.1; Nexus 5X Build/MMB29P) AppleWebKit/537.36 (KHTML, like Gecko) Chrome/135.0.7049.95 Mobile Safari/537.36 (compatible; Googlebot/2.1; +http://www.google.com/bot.html)"
66.249.75.72 - - [02/May/2025:10:14:08 -0500] "GET /logomasters/product-details-colors.php?id=2006&&color=14368 HTTP/1.1" 200 32070 "-" "Mozilla/5.0 (Linux; Android 6.0.1; Nexus 5X Build/MMB29P) AppleWebKit/537.36 (KHTML, like Gecko) Chrome/135.0.7049.95 Mobile Safari/537.36 (compatible; Googlebot/2.1; +http://www.google.com/bot.html)"
66.249.75.73 - - [02/May/2025:10:15:08 -0500] "GET /logomasters/product-details-colors.php?id=1671&&color=12038 HTTP/1.1" 200 30020 "-" "Mozilla/5.0 (Linux; Android 6.0.1; Nexus 5X Build/MMB29P) AppleWebKit/537.36 (KHTML, like Gecko) Chrome/135.0.7049.95 Mobile Safari/537.36 (compatible; Googlebot/2.1; +http://www.google.com/bot.html)"
66.249.75.74 - - [02/May/2025:10:15:08 -0500] "GET /logomasters/product-details-colors.php?id=2067&&color=14758 HTTP/1.1" 200 31579 "-" "Mozilla/5.0 (Linux; Android 6.0.1; Nexus 5X Build/MMB29P) AppleWebKit/537.36 (KHTML, like Gecko) Chrome/135.0.7049.95 Mobile Safari/537.36 (compatible; Googlebot/2.1; +http://www.google.com/bot.html)"
66.249.75.72 - - [02/May/2025:10:16:28 -0500] "GET /logomasters/product-details-colors.php?id=2122&&color=15105 HTTP/1.1" 200 31041 "-" "Mozilla/5.0 (Linux; Android 6.0.1; Nexus 5X Build/MMB29P) AppleWebKit/537.36 (KHTML, like Gecko) Chrome/135.0.7049.95 Mobile Safari/537.36 (compatible; GoogleOther)"
66.249.75.73 - - [02/May/2025:10:17:28 -0500] "GET /logomasters/product-details-colors.php?id=2006&&color=14368 HTTP/1.1" 200 32070 "-" "Mozilla/5.0 (Linux; Android 6.0.1; Nexus 5X Build/MMB29P) AppleWebKit/537.36 (KHTML, like Gecko) Chrome/135.0.7049.95 Mobile Safari/537.36 (compatible; GoogleOther)"
66.249.75.73 - - [02/May/2025:10:18:14 -0500] "GET /logomasters/product-details-colors.php?id=1609&&color=16181 HTTP/1.1" 200 25658 "-" "Mozilla/5.0 (Linux; Android 6.0.1; Nexus 5X Build/MMB29P) AppleWebKit/537.36 (KHTML, like Gecko) Chrome/135.0.7049.95 Mobile Safari/537.36 (compatible; Googlebot/2.1; +http://www.google.com/bot.html)"
66.249.75.72 - - [02/May/2025:10:18:15 -0500] "GET /logomasters/product-details-colors.php?id=2065&&color=14751 HTTP/1.1" 200 31192 "-" "Mozilla/5.0 (Linux; Android 6.0.1; Nexus 5X Build/MMB29P) AppleWebKit/537.36 (KHTML, like Gecko) Chrome/135.0.7049.95 Mobile Safari/537.36 (compatible; Googlebot/2.1; +http://www.google.com/bot.html)"
66.249.75.73 - - [02/May/2025:10:18:18 -0500] "GET /logomasters/javascript/jquery-countTo.js HTTP/1.1" 200 2501 "https://dna-1981.com/logomasters/product-details-colors.php?id=1609&&color=16181" "Mozilla/5.0 (Linux; Android 6.0.1; Nexus 5X Build/MMB29P) AppleWebKit/537.36 (KHTML, like Gecko) Chrome/134.0.6998.165 Mobile Safari/537.36 (compatible; Googlebot/2.1; +http://www.google.com/bot.html)"
66.249.75.72 - - [02/May/2025:10:18:20 -0500] "GET /logomasters/product-details-colors.php?id=2349&&color=17197 HTTP/1.1" 200 31431 "-" "Mozilla/5.0 (Linux; Android 6.0.1; Nexus 5X Build/MMB29P) AppleWebKit/537.36 (KHTML, like Gecko) Chrome/135.0.7049.95 Mobile Safari/537.36 (compatible; Googlebot/2.1; +http://www.google.com/bot.html)"
66.249.75.73 - - [02/May/2025:10:20:22 -0500] "GET /logomasters/product-details-colors.php?id=2072&&color=14776 HTTP/1.1" 200 31651 "-" "Mozilla/5.0 (Linux; Android 6.0.1; Nexus 5X Build/MMB29P) AppleWebKit/537.36 (KHTML, like Gecko) Chrome/135.0.7049.95 Mobile Safari/537.36 (compatible; Googlebot/2.1; +http://www.google.com/bot.html)"
66.249.75.73 - - [02/May/2025:10:20:23 -0500] "GET /logomasters/product-details-colors.php?id=2280&&color=16685 HTTP/1.1" 200 31929 "-" "Mozilla/5.0 (Linux; Android 6.0.1; Nexus 5X Build/MMB29P) AppleWebKit/537.36 (KHTML, like Gecko) Chrome/135.0.7049.95 Mobile Safari/537.36 (compatible; Googlebot/2.1; +http://www.google.com/bot.html)"
107.151.209.126 - - [02/May/2025:10:21:38 -0500] "POST /wp-login.php HTTP/1.1" 200 5972 "-" "Mozilla/5.0"
66.249.75.73 - - [02/May/2025:10:23:23 -0500] "GET /logomasters/product-details-colors.php?id=2006&&color=14313 HTTP/1.1" 200 31705 "-" "Mozilla/5.0 (Linux; Android 6.0.1; Nexus 5X Build/MMB29P) AppleWebKit/537.36 (KHTML, like Gecko) Chrome/135.0.7049.95 Mobile Safari/537.36 (compatible; Googlebot/2.1; +http://www.google.com/bot.html)"
66.249.75.72 - - [02/May/2025:10:23:23 -0500] "GET /logomasters/product-details-colors.php?id=2078&&color=14801 HTTP/1.1" 200 31295 "-" "Mozilla/5.0 (Linux; Android 6.0.1; Nexus 5X Build/MMB29P) AppleWebKit/537.36 (KHTML, like Gecko) Chrome/135.0.7049.95 Mobile Safari/537.36 (compatible; Googlebot/2.1; +http://www.google.com/bot.html)"
66.249.75.74 - - [02/May/2025:10:23:24 -0500] "GET /logomasters/product-details-colors.php?id=1926&&color=13937 HTTP/1.1" 200 28196 "-" "Mozilla/5.0 (Linux; Android 6.0.1; Nexus 5X Build/MMB29P) AppleWebKit/537.36 (KHTML, like Gecko) Chrome/135.0.7049.95 Mobile Safari/537.36 (compatible; Googlebot/2.1; +http://www.google.com/bot.html)"
66.249.75.72 - - [02/May/2025:10:23:28 -0500] "GET /logomasters/product-details-colors.php?id=2110&&color=14994 HTTP/1.1" 200 31920 "-" "Mozilla/5.0 (Linux; Android 6.0.1; Nexus 5X Build/MMB29P) AppleWebKit/537.36 (KHTML, like Gecko) Chrome/135.0.7049.95 Mobile Safari/537.36 (compatible; GoogleOther)"
66.249.75.73 - - [02/May/2025:10:24:29 -0500] "GET /logomasters/shop-by-brand.php?cat=all_outerwear&&type=Woman&&brand=Columbia HTTP/1.1" 200 22246 "-" "Mozilla/5.0 (Linux; Android 6.0.1; Nexus 5X Build/MMB29P) AppleWebKit/537.36 (KHTML, like Gecko) Chrome/135.0.7049.95 Mobile Safari/537.36 (compatible; GoogleOther)"
66.249.75.73 - - [02/May/2025:10:26:24 -0500] "GET /logomasters/product-details-colors.php?id=1352&&color=10750 HTTP/1.1" 200 27919 "-" "Mozilla/5.0 (Linux; Android 6.0.1; Nexus 5X Build/MMB29P) AppleWebKit/537.36 (KHTML, like Gecko) Chrome/135.0.7049.95 Mobile Safari/537.36 (compatible; Googlebot/2.1; +http://www.google.com/bot.html)"
35.155.61.186 - - [02/May/2025:10:27:42 -0500] "GET /?sucurianticache=734319967 HTTP/1.1" 200 119854 "-" "Sucuri Uptime Monitor"
72.14.187.58 - - [02/May/2025:10:27:49 -0500] "GET /?sucurianticache=696217928 HTTP/1.1" 200 119854 "-" "Sucuri Uptime Monitor"
66.249.75.73 - - [02/May/2025:10:31:04 -0500] "GET /logomasters/product-details-colors.php?id=1352&&color=10753 HTTP/1.1" 200 27839 "-" "Mozilla/5.0 (Linux; Android 6.0.1; Nexus 5X Build/MMB29P) AppleWebKit/537.36 (KHTML, like Gecko) Chrome/135.0.7049.95 Mobile Safari/537.36 (compatible; Googlebot/2.1; +http://www.google.com/bot.html)"
66.249.75.74 - - [02/May/2025:10:32:04 -0500] "GET /logomasters/product-details-colors.php?id=2072&&color=14778 HTTP/1.1" 200 31589 "-" "Mozilla/5.0 (Linux; Android 6.0.1; Nexus 5X Build/MMB29P) AppleWebKit/537.36 (KHTML, like Gecko) Chrome/135.0.7049.95 Mobile Safari/537.36 (compatible; GoogleOther)"
66.249.75.73 - - [02/May/2025:10:32:06 -0500] "GET /logomasters/product-details-colors.php?id=2081&&color=14812 HTTP/1.1" 200 31789 "-" "Mozilla/5.0 (Linux; Android 6.0.1; Nexus 5X Build/MMB29P) AppleWebKit/537.36 (KHTML, like Gecko) Chrome/135.0.7049.95 Mobile Safari/537.36 (compatible; GoogleOther)"
66.249.75.73 - - [02/May/2025:10:34:04 -0500] "GET /logomasters/product-details-colors.php?id=1352&&color=10751 HTTP/1.1" 200 27839 "-" "Mozilla/5.0 (Linux; Android 6.0.1; Nexus 5X Build/MMB29P) AppleWebKit/537.36 (KHTML, like Gecko) Chrome/135.0.7049.95 Mobile Safari/537.36 (compatible; Googlebot/2.1; +http://www.google.com/bot.html)"
66.249.75.73 - - [02/May/2025:10:37:04 -0500] "GET /logomasters/product-details-colors.php?id=1932&&color=13959 HTTP/1.1" 200 28289 "-" "Mozilla/5.0 (Linux; Android 6.0.1; Nexus 5X Build/MMB29P) AppleWebKit/537.36 (KHTML, like Gecko) Chrome/135.0.7049.95 Mobile Safari/537.36 (compatible; Googlebot/2.1; +http://www.google.com/bot.html)"
66.249.75.73 - - [02/May/2025:10:39:05 -0500] "GET /logomasters/product-details-colors.php?id=1926&&color=13938 HTTP/1.1" 200 28196 "-" "Mozilla/5.0 (Linux; Android 6.0.1; Nexus 5X Build/MMB29P) AppleWebKit/537.36 (KHTML, like Gecko) Chrome/135.0.7049.95 Mobile Safari/537.36 (compatible; Googlebot/2.1; +http://www.google.com/bot.html)"
66.249.75.73 - - [02/May/2025:10:39:06 -0500] "GET /logomasters/product-details-colors.php?id=1926&&color=13938 HTTP/1.1" 200 28196 "-" "Mozilla/5.0 (Linux; Android 6.0.1; Nexus 5X Build/MMB29P) AppleWebKit/537.36 (KHTML, like Gecko) Chrome/135.0.7049.95 Mobile Safari/537.36 (compatible; GoogleOther)"
66.249.75.74 - - [02/May/2025:10:39:09 -0500] "GET /logomasters/product-details-colors.php?id=2080&&color=14808 HTTP/1.1" 200 31454 "-" "Mozilla/5.0 (Linux; Android 6.0.1; Nexus 5X Build/MMB29P) AppleWebKit/537.36 (KHTML, like Gecko) Chrome/135.0.7049.95 Mobile Safari/537.36 (compatible; GoogleOther)"
34.57.166.129 - - [02/May/2025:10:41:05 -0500] "GET / HTTP/1.1" 200 119854 "-" "Mozilla/5.0 (Windows NT 10.0; Win64; x64) AppleWebKit/537.36 (KHTML, like Gecko) Chrome/78.0.3904.108 Safari/537.36"
34.57.166.129 - - [02/May/2025:10:41:06 -0500] "GET //wp-includes/wlwmanifest.xml HTTP/1.1" 301 - "-" "Mozilla/5.0 (Windows NT 10.0; Win64; x64) AppleWebKit/537.36 (KHTML, like Gecko) Chrome/78.0.3904.108 Safari/537.36"
34.57.166.129 - - [02/May/2025:10:41:08 -0500] "GET //xmlrpc.php?rsd HTTP/1.1" 200 796 "-" "Mozilla/5.0 (Windows NT 10.0; Win64; x64) AppleWebKit/537.36 (KHTML, like Gecko) Chrome/78.0.3904.108 Safari/537.36"
34.57.166.129 - - [02/May/2025:10:41:09 -0500] "GET //?author=1 HTTP/1.1" 301 - "-" "Mozilla/5.0 (Windows NT 10.0; Win64; x64) AppleWebKit/537.36 (KHTML, like Gecko) Chrome/78.0.3904.108 Safari/537.36"
34.57.166.129 - - [02/May/2025:10:41:11 -0500] "GET //?author=2 HTTP/1.1" 301 - "-" "Mozilla/5.0 (Windows NT 10.0; Win64; x64) AppleWebKit/537.36 (KHTML, like Gecko) Chrome/78.0.3904.108 Safari/537.36"
34.57.166.129 - - [02/May/2025:10:41:12 -0500] "GET //wp-json/wp/v2/users/ HTTP/1.1" 200 770 "-" "Mozilla/5.0 (Windows NT 10.0; Win64; x64) AppleWebKit/537.36 (KHTML, like Gecko) Chrome/78.0.3904.108 Safari/537.36"
34.57.166.129 - - [02/May/2025:10:41:13 -0500] "POST //xmlrpc.php HTTP/1.1" 200 401 "-" "Mozilla/5.0 (Windows NT 10.0; Win64; x64) AppleWebKit/537.36 (KHTML, like Gecko) Chrome/78.0.3904.108 Safari/537.36"
34.57.166.129 - - [02/May/2025:10:41:15 -0500] "POST //xmlrpc.php HTTP/1.1" 200 401 "-" "Mozilla/5.0 (Windows NT 10.0; Win64; x64) AppleWebKit/537.36 (KHTML, like Gecko) Chrome/78.0.3904.108 Safari/537.36"
34.57.166.129 - - [02/May/2025:10:41:16 -0500] "POST //xmlrpc.php HTTP/1.1" 200 401 "-" "Mozilla/5.0 (Windows NT 10.0; Win64; x64) AppleWebKit/537.36 (KHTML, like Gecko) Chrome/78.0.3904.108 Safari/537.36"
34.57.166.129 - - [02/May/2025:10:41:18 -0500] "POST //xmlrpc.php HTTP/1.1" 200 401 "-" "Mozilla/5.0 (Windows NT 10.0; Win64; x64) AppleWebKit/537.36 (KHTML, like Gecko) Chrome/78.0.3904.108 Safari/537.36"
34.57.166.129 - - [02/May/2025:10:41:20 -0500] "POST //xmlrpc.php HTTP/1.1" 200 401 "-" "Mozilla/5.0 (Windows NT 10.0; Win64; x64) AppleWebKit/537.36 (KHTML, like Gecko) Chrome/78.0.3904.108 Safari/537.36"
34.57.166.129 - - [02/May/2025:10:41:21 -0500] "POST //xmlrpc.php HTTP/1.1" 200 401 "-" "Mozilla/5.0 (Windows NT 10.0; Win64; x64) AppleWebKit/537.36 (KHTML, like Gecko) Chrome/78.0.3904.108 Safari/537.36"
34.57.166.129 - - [02/May/2025:10:41:23 -0500] "POST //xmlrpc.php HTTP/1.1" 200 401 "-" "Mozilla/5.0 (Windows NT 10.0; Win64; x64) AppleWebKit/537.36 (KHTML, like Gecko) Chrome/78.0.3904.108 Safari/537.36"
34.57.166.129 - - [02/May/2025:10:41:25 -0500] "POST //xmlrpc.php HTTP/1.1" 200 401 "-" "Mozilla/5.0 (Windows NT 10.0; Win64; x64) AppleWebKit/537.36 (KHTML, like Gecko) Chrome/78.0.3904.108 Safari/537.36"
34.57.166.129 - - [02/May/2025:10:41:26 -0500] "POST //xmlrpc.php HTTP/1.1" 200 401 "-" "Mozilla/5.0 (Windows NT 10.0; Win64; x64) AppleWebKit/537.36 (KHTML, like Gecko) Chrome/78.0.3904.108 Safari/537.36"
34.57.166.129 - - [02/May/2025:10:41:28 -0500] "POST //xmlrpc.php HTTP/1.1" 200 401 "-" "Mozilla/5.0 (Windows NT 10.0; Win64; x64) AppleWebKit/537.36 (KHTML, like Gecko) Chrome/78.0.3904.108 Safari/537.36"
34.57.166.129 - - [02/May/2025:10:41:30 -0500] "POST //xmlrpc.php HTTP/1.1" 200 401 "-" "Mozilla/5.0 (Windows NT 10.0; Win64; x64) AppleWebKit/537.36 (KHTML, like Gecko) Chrome/78.0.3904.108 Safari/537.36"
34.57.166.129 - - [02/May/2025:10:41:31 -0500] "POST //xmlrpc.php HTTP/1.1" 200 401 "-" "Mozilla/5.0 (Windows NT 10.0; Win64; x64) AppleWebKit/537.36 (KHTML, like Gecko) Chrome/78.0.3904.108 Safari/537.36"
34.57.166.129 - - [02/May/2025:10:41:33 -0500] "POST //xmlrpc.php HTTP/1.1" 200 401 "-" "Mozilla/5.0 (Windows NT 10.0; Win64; x64) AppleWebKit/537.36 (KHTML, like Gecko) Chrome/78.0.3904.108 Safari/537.36"
34.57.166.129 - - [02/May/2025:10:41:35 -0500] "POST //xmlrpc.php HTTP/1.1" 200 401 "-" "Mozilla/5.0 (Windows NT 10.0; Win64; x64) AppleWebKit/537.36 (KHTML, like Gecko) Chrome/78.0.3904.108 Safari/537.36"
34.57.166.129 - - [02/May/2025:10:41:36 -0500] "POST //xmlrpc.php HTTP/1.1" 200 401 "-" "Mozilla/5.0 (Windows NT 10.0; Win64; x64) AppleWebKit/537.36 (KHTML, like Gecko) Chrome/78.0.3904.108 Safari/537.36"
34.57.166.129 - - [02/May/2025:10:41:38 -0500] "POST //xmlrpc.php HTTP/1.1" 200 401 "-" "Mozilla/5.0 (Windows NT 10.0; Win64; x64) AppleWebKit/537.36 (KHTML, like Gecko) Chrome/78.0.3904.108 Safari/537.36"
34.57.166.129 - - [02/May/2025:10:41:39 -0500] "POST //xmlrpc.php HTTP/1.1" 200 401 "-" "Mozilla/5.0 (Windows NT 10.0; Win64; x64) AppleWebKit/537.36 (KHTML, like Gecko) Chrome/78.0.3904.108 Safari/537.36"
34.57.166.129 - - [02/May/2025:10:41:41 -0500] "POST //xmlrpc.php HTTP/1.1" 200 401 "-" "Mozilla/5.0 (Windows NT 10.0; Win64; x64) AppleWebKit/537.36 (KHTML, like Gecko) Chrome/78.0.3904.108 Safari/537.36"
34.57.166.129 - - [02/May/2025:10:41:43 -0500] "POST //xmlrpc.php HTTP/1.1" 200 401 "-" "Mozilla/5.0 (Windows NT 10.0; Win64; x64) AppleWebKit/537.36 (KHTML, like Gecko) Chrome/78.0.3904.108 Safari/537.36"
34.57.166.129 - - [02/May/2025:10:41:44 -0500] "POST //xmlrpc.php HTTP/1.1" 200 401 "-" "Mozilla/5.0 (Windows NT 10.0; Win64; x64) AppleWebKit/537.36 (KHTML, like Gecko) Chrome/78.0.3904.108 Safari/537.36"
162.215.15.55 - - [02/May/2025:10:41:46 -0500] "POST /wp-cron.php?doing_wp_cron=1746200506.1618969440460205078125 HTTP/1.1" 200 - "-" "WordPress/6.8.1; https://dna-1981.com"
34.57.166.129 - - [02/May/2025:10:41:47 -0500] "POST //xmlrpc.php HTTP/1.1" 200 401 "-" "Mozilla/5.0 (Windows NT 10.0; Win64; x64) AppleWebKit/537.36 (KHTML, like Gecko) Chrome/78.0.3904.108 Safari/537.36"
34.57.166.129 - - [02/May/2025:10:41:49 -0500] "POST //xmlrpc.php HTTP/1.1" 200 401 "-" "Mozilla/5.0 (Windows NT 10.0; Win64; x64) AppleWebKit/537.36 (KHTML, like Gecko) Chrome/78.0.3904.108 Safari/537.36"
34.57.166.129 - - [02/May/2025:10:41:51 -0500] "POST //xmlrpc.php HTTP/1.1" 200 401 "-" "Mozilla/5.0 (Windows NT 10.0; Win64; x64) AppleWebKit/537.36 (KHTML, like Gecko) Chrome/78.0.3904.108 Safari/537.36"
34.57.166.129 - - [02/May/2025:10:41:52 -0500] "POST //xmlrpc.php HTTP/1.1" 200 401 "-" "Mozilla/5.0 (Windows NT 10.0; Win64; x64) AppleWebKit/537.36 (KHTML, like Gecko) Chrome/78.0.3904.108 Safari/537.36"
34.57.166.129 - - [02/May/2025:10:41:54 -0500] "POST //xmlrpc.php HTTP/1.1" 200 401 "-" "Mozilla/5.0 (Windows NT 10.0; Win64; x64) AppleWebKit/537.36 (KHTML, like Gecko) Chrome/78.0.3904.108 Safari/537.36"
34.57.166.129 - - [02/May/2025:10:41:56 -0500] "POST //xmlrpc.php HTTP/1.1" 200 401 "-" "Mozilla/5.0 (Windows NT 10.0; Win64; x64) AppleWebKit/537.36 (KHTML, like Gecko) Chrome/78.0.3904.108 Safari/537.36"
34.57.166.129 - - [02/May/2025:10:41:57 -0500] "POST //xmlrpc.php HTTP/1.1" 200 401 "-" "Mozilla/5.0 (Windows NT 10.0; Win64; x64) AppleWebKit/537.36 (KHTML, like Gecko) Chrome/78.0.3904.108 Safari/537.36"
34.57.166.129 - - [02/May/2025:10:41:59 -0500] "POST //xmlrpc.php HTTP/1.1" 200 401 "-" "Mozilla/5.0 (Windows NT 10.0; Win64; x64) AppleWebKit/537.36 (KHTML, like Gecko) Chrome/78.0.3904.108 Safari/537.36"
34.57.166.129 - - [02/May/2025:10:42:01 -0500] "POST //xmlrpc.php HTTP/1.1" 200 401 "-" "Mozilla/5.0 (Windows NT 10.0; Win64; x64) AppleWebKit/537.36 (KHTML, like Gecko) Chrome/78.0.3904.108 Safari/537.36"
34.57.166.129 - - [02/May/2025:10:42:03 -0500] "POST //xmlrpc.php HTTP/1.1" 200 401 "-" "Mozilla/5.0 (Windows NT 10.0; Win64; x64) AppleWebKit/537.36 (KHTML, like Gecko) Chrome/78.0.3904.108 Safari/537.36"
66.249.75.72 - - [02/May/2025:10:42:05 -0500] "GET /logomasters/product-details-colors.php?id=2078&&color=14803 HTTP/1.1" 200 31482 "-" "Mozilla/5.0 (Linux; Android 6.0.1; Nexus 5X Build/MMB29P) AppleWebKit/537.36 (KHTML, like Gecko) Chrome/135.0.7049.95 Mobile Safari/537.36 (compatible; Googlebot/2.1; +http://www.google.com/bot.html)"
154.53.40.250 - - [02/May/2025:10:42:04 -0500] "POST /xmlrpc.php HTTP/1.1" 200 403 "-" "Mozilla/5.0 (Windows NT 10.0; Win64; x64) AppleWebKit/537.36 (KHTML, like Gecko) Chrome/84.0.4147.105 Safari/537.36"
34.57.166.129 - - [02/May/2025:10:42:04 -0500] "POST //xmlrpc.php HTTP/1.1" 200 401 "-" "Mozilla/5.0 (Windows NT 10.0; Win64; x64) AppleWebKit/537.36 (KHTML, like Gecko) Chrome/78.0.3904.108 Safari/537.36"
34.57.166.129 - - [02/May/2025:10:42:06 -0500] "POST //xmlrpc.php HTTP/1.1" 200 401 "-" "Mozilla/5.0 (Windows NT 10.0; Win64; x64) AppleWebKit/537.36 (KHTML, like Gecko) Chrome/78.0.3904.108 Safari/537.36"
34.57.166.129 - - [02/May/2025:10:42:08 -0500] "POST //xmlrpc.php HTTP/1.1" 200 401 "-" "Mozilla/5.0 (Windows NT 10.0; Win64; x64) AppleWebKit/537.36 (KHTML, like Gecko) Chrome/78.0.3904.108 Safari/537.36"
34.57.166.129 - - [02/May/2025:10:42:09 -0500] "POST //xmlrpc.php HTTP/1.1" 200 401 "-" "Mozilla/5.0 (Windows NT 10.0; Win64; x64) AppleWebKit/537.36 (KHTML, like Gecko) Chrome/78.0.3904.108 Safari/537.36"
34.57.166.129 - - [02/May/2025:10:42:11 -0500] "POST //xmlrpc.php HTTP/1.1" 200 401 "-" "Mozilla/5.0 (Windows NT 10.0; Win64; x64) AppleWebKit/537.36 (KHTML, like Gecko) Chrome/78.0.3904.108 Safari/537.36"
5.9.157.246 - - [02/May/2025:10:42:11 -0500] "POST /xmlrpc.php HTTP/1.1" 200 403 "-" "Mozilla/5.0 (Windows NT 6.1; Win64; x64) AppleWebKit/537.36 (KHTML, like Gecko) Chrome/69.0.3497.100 Safari/537.36"
34.57.166.129 - - [02/May/2025:10:42:12 -0500] "POST //xmlrpc.php HTTP/1.1" 200 401 "-" "Mozilla/5.0 (Windows NT 10.0; Win64; x64) AppleWebKit/537.36 (KHTML, like Gecko) Chrome/78.0.3904.108 Safari/537.36"
20.201.24.164 - - [02/May/2025:10:42:12 -0500] "POST /xmlrpc.php HTTP/1.1" 200 403 "-" "Mozilla/5.0 (Windows NT 5.1; rv:7.0.1) Gecko/20100101 Firefox/7.0.1"
34.57.166.129 - - [02/May/2025:10:42:14 -0500] "POST //xmlrpc.php HTTP/1.1" 200 401 "-" "Mozilla/5.0 (Windows NT 10.0; Win64; x64) AppleWebKit/537.36 (KHTML, like Gecko) Chrome/78.0.3904.108 Safari/537.36"
34.57.166.129 - - [02/May/2025:10:42:16 -0500] "POST //xmlrpc.php HTTP/1.1" 200 401 "-" "Mozilla/5.0 (Windows NT 10.0; Win64; x64) AppleWebKit/537.36 (KHTML, like Gecko) Chrome/78.0.3904.108 Safari/537.36"
34.57.166.129 - - [02/May/2025:10:42:17 -0500] "POST //xmlrpc.php HTTP/1.1" 200 401 "-" "Mozilla/5.0 (Windows NT 10.0; Win64; x64) AppleWebKit/537.36 (KHTML, like Gecko) Chrome/78.0.3904.108 Safari/537.36"
34.57.166.129 - - [02/May/2025:10:42:19 -0500] "POST //xmlrpc.php HTTP/1.1" 200 401 "-" "Mozilla/5.0 (Windows NT 10.0; Win64; x64) AppleWebKit/537.36 (KHTML, like Gecko) Chrome/78.0.3904.108 Safari/537.36"
20.201.24.164 - - [02/May/2025:10:42:19 -0500] "POST /xmlrpc.php HTTP/1.1" 200 403 "-" "Mozilla/5.0 (Linux; Android 10; SM-N960U) AppleWebKit/537.36 (KHTML, like Gecko) Chrome/91.0.4472.114 Mobile Safari/537.36"
34.57.166.129 - - [02/May/2025:10:42:20 -0500] "POST //xmlrpc.php HTTP/1.1" 200 401 "-" "Mozilla/5.0 (Windows NT 10.0; Win64; x64) AppleWebKit/537.36 (KHTML, like Gecko) Chrome/78.0.3904.108 Safari/537.36"
34.57.166.129 - - [02/May/2025:10:42:22 -0500] "POST //xmlrpc.php HTTP/1.1" 200 401 "-" "Mozilla/5.0 (Windows NT 10.0; Win64; x64) AppleWebKit/537.36 (KHTML, like Gecko) Chrome/78.0.3904.108 Safari/537.36"
192.210.144.233 - - [02/May/2025:10:42:23 -0500] "POST /xmlrpc.php HTTP/1.1" 200 403 "-" "Mozilla/5.0 (Windows NT 5.1; Win64; x64) AppleWebKit/537.36 (KHTML, like Gecko) Chrome/60.0.3112.90 Safari/537.36"
34.57.166.129 - - [02/May/2025:10:42:23 -0500] "POST //xmlrpc.php HTTP/1.1" 200 401 "-" "Mozilla/5.0 (Windows NT 10.0; Win64; x64) AppleWebKit/537.36 (KHTML, like Gecko) Chrome/78.0.3904.108 Safari/537.36"
34.57.166.129 - - [02/May/2025:10:42:25 -0500] "POST //xmlrpc.php HTTP/1.1" 200 401 "-" "Mozilla/5.0 (Windows NT 10.0; Win64; x64) AppleWebKit/537.36 (KHTML, like Gecko) Chrome/78.0.3904.108 Safari/537.36"
34.57.166.129 - - [02/May/2025:10:42:27 -0500] "POST //xmlrpc.php HTTP/1.1" 200 401 "-" "Mozilla/5.0 (Windows NT 10.0; Win64; x64) AppleWebKit/537.36 (KHTML, like Gecko) Chrome/78.0.3904.108 Safari/537.36"
34.57.166.129 - - [02/May/2025:10:42:28 -0500] "POST //xmlrpc.php HTTP/1.1" 200 401 "-" "Mozilla/5.0 (Windows NT 10.0; Win64; x64) AppleWebKit/537.36 (KHTML, like Gecko) Chrome/78.0.3904.108 Safari/537.36"
34.57.166.129 - - [02/May/2025:10:42:30 -0500] "POST //xmlrpc.php HTTP/1.1" 200 401 "-" "Mozilla/5.0 (Windows NT 10.0; Win64; x64) AppleWebKit/537.36 (KHTML, like Gecko) Chrome/78.0.3904.108 Safari/537.36"
34.57.166.129 - - [02/May/2025:10:42:32 -0500] "POST //xmlrpc.php HTTP/1.1" 200 401 "-" "Mozilla/5.0 (Windows NT 10.0; Win64; x64) AppleWebKit/537.36 (KHTML, like Gecko) Chrome/78.0.3904.108 Safari/537.36"
34.57.166.129 - - [02/May/2025:10:42:34 -0500] "POST //xmlrpc.php HTTP/1.1" 200 401 "-" "Mozilla/5.0 (Windows NT 10.0; Win64; x64) AppleWebKit/537.36 (KHTML, like Gecko) Chrome/78.0.3904.108 Safari/537.36"
34.57.166.129 - - [02/May/2025:10:42:35 -0500] "POST //xmlrpc.php HTTP/1.1" 200 401 "-" "Mozilla/5.0 (Windows NT 10.0; Win64; x64) AppleWebKit/537.36 (KHTML, like Gecko) Chrome/78.0.3904.108 Safari/537.36"
34.57.166.129 - - [02/May/2025:10:42:37 -0500] "POST //xmlrpc.php HTTP/1.1" 200 401 "-" "Mozilla/5.0 (Windows NT 10.0; Win64; x64) AppleWebKit/537.36 (KHTML, like Gecko) Chrome/78.0.3904.108 Safari/537.36"
5.9.157.246 - - [02/May/2025:10:42:38 -0500] "POST /xmlrpc.php HTTP/1.1" 200 403 "-" "Mozilla/5.0 (Windows NT 10.0; Win64; x64) AppleWebKit/537.36 (KHTML, like Gecko) Chrome/72.0.3626.121 Safari/537.36"
34.57.166.129 - - [02/May/2025:10:42:38 -0500] "POST //xmlrpc.php HTTP/1.1" 200 401 "-" "Mozilla/5.0 (Windows NT 10.0; Win64; x64) AppleWebKit/537.36 (KHTML, like Gecko) Chrome/78.0.3904.108 Safari/537.36"
34.57.166.129 - - [02/May/2025:10:42:40 -0500] "POST //xmlrpc.php HTTP/1.1" 200 401 "-" "Mozilla/5.0 (Windows NT 10.0; Win64; x64) AppleWebKit/537.36 (KHTML, like Gecko) Chrome/78.0.3904.108 Safari/537.36"
5.188.118.241 - - [02/May/2025:10:42:41 -0500] "POST /xmlrpc.php HTTP/1.1" 200 403 "-" "Mozilla/5.0 (Windows NT 6.1; Win64; x64; rv:57.0) Gecko/20100101 Firefox/57.0"
34.57.166.129 - - [02/May/2025:10:42:42 -0500] "POST //xmlrpc.php HTTP/1.1" 200 401 "-" "Mozilla/5.0 (Windows NT 10.0; Win64; x64) AppleWebKit/537.36 (KHTML, like Gecko) Chrome/78.0.3904.108 Safari/537.36"
34.57.166.129 - - [02/May/2025:10:42:43 -0500] "POST //xmlrpc.php HTTP/1.1" 200 401 "-" "Mozilla/5.0 (Windows NT 10.0; Win64; x64) AppleWebKit/537.36 (KHTML, like Gecko) Chrome/78.0.3904.108 Safari/537.36"
34.57.166.129 - - [02/May/2025:10:42:45 -0500] "POST //xmlrpc.php HTTP/1.1" 200 401 "-" "Mozilla/5.0 (Windows NT 10.0; Win64; x64) AppleWebKit/537.36 (KHTML, like Gecko) Chrome/78.0.3904.108 Safari/537.36"
162.215.15.55 - - [02/May/2025:10:42:46 -0500] "POST /wp-cron.php?doing_wp_cron=1746200566.6112840175628662109375 HTTP/1.1" 200 - "-" "WordPress/6.8.1; https://dna-1981.com"
77.156.227.220 - - [02/May/2025:10:42:47 -0500] "POST /xmlrpc.php HTTP/1.1" 200 403 "-" "Mozilla/5.0 (Windows NT 6.1; WOW64; rv:47.0) Gecko/20100101 Firefox/47.0"
34.57.166.129 - - [02/May/2025:10:42:47 -0500] "POST //xmlrpc.php HTTP/1.1" 200 401 "-" "Mozilla/5.0 (Windows NT 10.0; Win64; x64) AppleWebKit/537.36 (KHTML, like Gecko) Chrome/78.0.3904.108 Safari/537.36"
34.57.166.129 - - [02/May/2025:10:42:49 -0500] "POST //xmlrpc.php HTTP/1.1" 200 401 "-" "Mozilla/5.0 (Windows NT 10.0; Win64; x64) AppleWebKit/537.36 (KHTML, like Gecko) Chrome/78.0.3904.108 Safari/537.36"
34.57.166.129 - - [02/May/2025:10:42:51 -0500] "POST //xmlrpc.php HTTP/1.1" 200 401 "-" "Mozilla/5.0 (Windows NT 10.0; Win64; x64) AppleWebKit/537.36 (KHTML, like Gecko) Chrome/78.0.3904.108 Safari/537.36"
34.57.166.129 - - [02/May/2025:10:42:52 -0500] "POST //xmlrpc.php HTTP/1.1" 200 401 "-" "Mozilla/5.0 (Windows NT 10.0; Win64; x64) AppleWebKit/537.36 (KHTML, like Gecko) Chrome/78.0.3904.108 Safari/537.36"
66.249.75.74 - - [02/May/2025:10:44:05 -0500] "GET /logomasters/product-details-colors.php?id=2071&&color=14773 HTTP/1.1" 200 31434 "-" "Mozilla/5.0 (Linux; Android 6.0.1; Nexus 5X Build/MMB29P) AppleWebKit/537.36 (KHTML, like Gecko) Chrome/135.0.7049.95 Mobile Safari/537.36 (compatible; Googlebot/2.1; +http://www.google.com/bot.html)"
66.249.75.72 - - [02/May/2025:10:45:09 -0500] "GET /logomasters/product-details-colors.php?id=2087&&color=14825 HTTP/1.1" 200 31634 "-" "Mozilla/5.0 (Linux; Android 6.0.1; Nexus 5X Build/MMB29P) AppleWebKit/537.36 (KHTML, like Gecko) Chrome/135.0.7049.95 Mobile Safari/537.36 (compatible; GoogleOther)"
66.249.75.74 - - [02/May/2025:10:45:11 -0500] "GET /logomasters/product-details-colors.php?id=2050&&color=14703 HTTP/1.1" 200 30923 "-" "Mozilla/5.0 (Linux; Android 6.0.1; Nexus 5X Build/MMB29P) AppleWebKit/537.36 (KHTML, like Gecko) Chrome/135.0.7049.95 Mobile Safari/537.36 (compatible; GoogleOther)"
66.249.75.72 - - [02/May/2025:10:50:06 -0500] "GET /logomasters/product-details-colors.php?id=2072&&color=14778 HTTP/1.1" 200 31589 "-" "Mozilla/5.0 (Linux; Android 6.0.1; Nexus 5X Build/MMB29P) AppleWebKit/537.36 (KHTML, like Gecko) Chrome/135.0.7049.95 Mobile Safari/537.36 (compatible; Googlebot/2.1; +http://www.google.com/bot.html)"
66.249.75.73 - - [02/May/2025:10:51:12 -0500] "GET /logomasters/product-details-colors.php?id=2006&&color=14312 HTTP/1.1" 200 31725 "-" "Mozilla/5.0 (Linux; Android 6.0.1; Nexus 5X Build/MMB29P) AppleWebKit/537.36 (KHTML, like Gecko) Chrome/135.0.7049.95 Mobile Safari/537.36 (compatible; GoogleOther)"
66.249.75.73 - - [02/May/2025:10:52:07 -0500] "GET /logomasters/product-details-colors.php?id=2087&&color=14825 HTTP/1.1" 200 31634 "-" "Mozilla/5.0 (Linux; Android 6.0.1; Nexus 5X Build/MMB29P) AppleWebKit/537.36 (KHTML, like Gecko) Chrome/135.0.7049.95 Mobile Safari/537.36 (compatible; Googlebot/2.1; +http://www.google.com/bot.html)"
66.249.75.73 - - [02/May/2025:10:52:12 -0500] "GET /logomasters/product-details-colors.php?id=2046&&color=14686 HTTP/1.1" 200 31059 "-" "Mozilla/5.0 (Linux; Android 6.0.1; Nexus 5X Build/MMB29P) AppleWebKit/537.36 (KHTML, like Gecko) Chrome/135.0.7049.95 Mobile Safari/537.36 (compatible; GoogleOther)"
66.249.75.73 - - [02/May/2025:10:55:07 -0500] "GET /logomasters/product-details-colors.php?id=2072&&color=14777 HTTP/1.1" 200 31456 "-" "Mozilla/5.0 (Linux; Android 6.0.1; Nexus 5X Build/MMB29P) AppleWebKit/537.36 (KHTML, like Gecko) Chrome/135.0.7049.95 Mobile Safari/537.36 (compatible; Googlebot/2.1; +http://www.google.com/bot.html)"
66.249.75.74 - - [02/May/2025:10:57:02 -0500] "GET /logomasters/product-details-colors.php?id=2006&&color=14310 HTTP/1.1" 200 31752 "-" "Mozilla/5.0 (Linux; Android 6.0.1; Nexus 5X Build/MMB29P) AppleWebKit/537.36 (KHTML, like Gecko) Chrome/135.0.7049.95 Mobile Safari/537.36 (compatible; GoogleOther)"
66.249.75.72 - - [02/May/2025:10:58:02 -0500] "GET /logomasters/product-details-colors.php?id=2087&&color=14826 HTTP/1.1" 200 31439 "-" "Mozilla/5.0 (Linux; Android 6.0.1; Nexus 5X Build/MMB29P) AppleWebKit/537.36 (KHTML, like Gecko) Chrome/135.0.7049.95 Mobile Safari/537.36 (compatible; Googlebot/2.1; +http://www.google.com/bot.html)"
66.249.75.74 - - [02/May/2025:10:59:03 -0500] "GET /logomasters/product-details-colors.php?id=2071&&color=14774 HTTP/1.1" 200 31683 "-" "Mozilla/5.0 (Linux; Android 6.0.1; Nexus 5X Build/MMB29P) AppleWebKit/537.36 (KHTML, like Gecko) Chrome/135.0.7049.95 Mobile Safari/537.36 (compatible; GoogleOther)"
66.249.75.74 - - [02/May/2025:11:00:03 -0500] "GET /logomasters/product-details-colors.php?id=2065&&color=14753 HTTP/1.1" 200 31161 "-" "Mozilla/5.0 (Linux; Android 6.0.1; Nexus 5X Build/MMB29P) AppleWebKit/537.36 (KHTML, like Gecko) Chrome/135.0.7049.95 Mobile Safari/537.36 (compatible; Googlebot/2.1; +http://www.google.com/bot.html)"
162.213.255.38 - - [02/May/2025:11:02:10 -0500] "POST /xmlrpc.php HTTP/2.0" 200 403 "https://dna-1981.com" "Mozilla/5.0 (Macintosh; Intel Mac OS X 10_15_7; rv:127.0) Gecko/20100101 Firefox/127.0"
162.215.15.55 - - [02/May/2025:11:02:11 -0500] "POST /wp-cron.php?doing_wp_cron=1746201731.8731360435485839843750 HTTP/1.1" 200 - "-" "WordPress/6.8.1; https://dna-1981.com"
66.249.75.74 - - [02/May/2025:11:03:04 -0500] "GET /logomasters/product-details-colors.php?id=2110&&color=14995 HTTP/1.1" 200 31952 "-" "Mozilla/5.0 (Linux; Android 6.0.1; Nexus 5X Build/MMB29P) AppleWebKit/537.36 (KHTML, like Gecko) Chrome/135.0.7049.95 Mobile Safari/537.36 (compatible; GoogleOther)"
205.210.31.45 - - [02/May/2025:11:05:12 -0500] "GET /wp-login.php HTTP/1.1" 200 5569 "-" "Expanse, a Palo Alto Networks company, searches across the global IPv4 space multiple times per day to identify customers&#39; presences on the Internet. If you would like to be excluded from our scans, please send IP addresses/domains to: scaninfo@paloaltonetworks.com"
162.215.15.55 - - [02/May/2025:11:05:13 -0500] "POST /wp-cron.php?doing_wp_cron=1746201913.9028658866882324218750 HTTP/1.1" 200 - "-" "WordPress/6.8.1; https://dna-1981.com"
66.249.75.72 - - [02/May/2025:11:06:03 -0500] "GET /logomasters/product-details-colors.php?id=2064&&color=14748 HTTP/1.1" 200 31180 "-" "Mozilla/5.0 (Linux; Android 6.0.1; Nexus 5X Build/MMB29P) AppleWebKit/537.36 (KHTML, like Gecko) Chrome/135.0.7049.95 Mobile Safari/537.36 (compatible; Googlebot/2.1; +http://www.google.com/bot.html)"
66.249.75.72 - - [02/May/2025:11:06:04 -0500] "GET /logomasters/product-details-colors.php?id=2103&&color=14957 HTTP/1.1" 200 31583 "-" "Mozilla/5.0 (Linux; Android 6.0.1; Nexus 5X Build/MMB29P) AppleWebKit/537.36 (KHTML, like Gecko) Chrome/135.0.7049.95 Mobile Safari/537.36 (compatible; GoogleOther)"
66.249.75.72 - - [02/May/2025:11:08:04 -0500] "GET /logomasters/product-details-colors.php?id=2065&&color=14752 HTTP/1.1" 200 31325 "-" "Mozilla/5.0 (Linux; Android 6.0.1; Nexus 5X Build/MMB29P) AppleWebKit/537.36 (KHTML, like Gecko) Chrome/135.0.7049.95 Mobile Safari/537.36 (compatible; Googlebot/2.1; +http://www.google.com/bot.html)"
116.193.190.94 - - [02/May/2025:11:08:13 -0500] "POST /xmlrpc.php HTTP/2.0" 200 403 "https://dna-1981.com" "Mozilla/5.0 (Windows NT 10.0; Win64; x64; rv:127.0) Gecko/20100101 Firefox/127.0"
162.215.15.55 - - [02/May/2025:11:08:15 -0500] "POST /wp-cron.php?doing_wp_cron=1746202095.1178200244903564453125 HTTP/1.1" 200 - "-" "WordPress/6.8.1; https://dna-1981.com"
66.249.75.72 - - [02/May/2025:11:09:04 -0500] "GET /logomasters/product-details-colors.php?id=2247&&color=16453 HTTP/1.1" 200 27079 "-" "Mozilla/5.0 (Linux; Android 6.0.1; Nexus 5X Build/MMB29P) AppleWebKit/537.36 (KHTML, like Gecko) Chrome/135.0.7049.95 Mobile Safari/537.36 (compatible; Googlebot/2.1; +http://www.google.com/bot.html)"
66.249.75.74 - - [02/May/2025:11:11:04 -0500] "GET /logomasters/product-details-colors.php?id=2067&&color=14762 HTTP/1.1" 200 31646 "-" "Mozilla/5.0 (Linux; Android 6.0.1; Nexus 5X Build/MMB29P) AppleWebKit/537.36 (KHTML, like Gecko) Chrome/135.0.7049.95 Mobile Safari/537.36 (compatible; Googlebot/2.1; +http://www.google.com/bot.html)"
175.6.217.4 - - [02/May/2025:11:11:54 -0500] "GET / HTTP/1.1" 200 119865 "http://www.dna-1981.com" "Mozilla/5.0 (iPhone; CPU iPhone OS 13_2_3 like Mac OS X) AppleWebKit/605.1.15 (KHTML, like Gecko) Version/13.0.3 Mobile/15E148 Safari/604.1"
199.195.248.147 - - [02/May/2025:11:12:47 -0500] "GET /wp-login.php HTTP/1.1" 200 5569 "-" "Mozilla/5.0 (Macintosh; Intel Mac OS X 10.8; rv:31.0) Gecko/20100101 Firefox/31.0"
162.215.15.55 - - [02/May/2025:11:12:48 -0500] "POST /wp-cron.php?doing_wp_cron=1746202368.6031041145324707031250 HTTP/1.1" 200 - "-" "WordPress/6.8.1; https://dna-1981.com"
199.195.248.147 - - [02/May/2025:11:12:51 -0500] "POST /wp-login.php HTTP/1.1" 200 5990 "-" "Mozilla/5.0 (Macintosh; Intel Mac OS X 10.8; rv:31.0) Gecko/20100101 Firefox/31.0"
66.249.75.72 - - [02/May/2025:11:13:05 -0500] "GET /logomasters/product-details-colors.php?id=2066&&color=14754 HTTP/1.1" 200 31493 "-" "Mozilla/5.0 (Linux; Android 6.0.1; Nexus 5X Build/MMB29P) AppleWebKit/537.36 (KHTML, like Gecko) Chrome/135.0.7049.95 Mobile Safari/537.36 (compatible; GoogleOther)"
66.249.75.73 - - [02/May/2025:11:13:07 -0500] "GET /logomasters/product-details-colors.php?id=2073&&color=14779 HTTP/1.1" 200 31636 "-" "Mozilla/5.0 (Linux; Android 6.0.1; Nexus 5X Build/MMB29P) AppleWebKit/537.36 (KHTML, like Gecko) Chrome/135.0.7049.95 Mobile Safari/537.36 (compatible; GoogleOther)"
190.92.174.31 - - [02/May/2025:11:14:02 -0500] "POST /xmlrpc.php HTTP/2.0" 200 403 "https://dna-1981.com" "Mozilla/5.0 (Windows NT 10.0; Win64; x64; rv:126.0) Gecko/20100101 Firefox/126.0"
162.215.15.55 - - [02/May/2025:11:14:03 -0500] "POST /wp-cron.php?doing_wp_cron=1746202443.9221169948577880859375 HTTP/1.1" 200 - "-" "WordPress/6.8.1; https://dna-1981.com"
66.249.75.74 - - [02/May/2025:11:14:05 -0500] "GET /logomasters/product-details-colors.php?id=2066&&color=14754 HTTP/1.1" 200 31493 "-" "Mozilla/5.0 (Linux; Android 6.0.1; Nexus 5X Build/MMB29P) AppleWebKit/537.36 (KHTML, like Gecko) Chrome/135.0.7049.95 Mobile Safari/537.36 (compatible; Googlebot/2.1; +http://www.google.com/bot.html)"
107.151.209.126 - - [02/May/2025:11:15:00 -0500] "POST /wp-login.php HTTP/1.1" 200 5972 "-" "Mozilla/5.0"
162.215.15.55 - - [02/May/2025:11:15:01 -0500] "POST /wp-cron.php?doing_wp_cron=1746202501.3607840538024902343750 HTTP/1.1" 200 - "-" "WordPress/6.8.1; https://dna-1981.com"
66.249.75.72 - - [02/May/2025:11:16:05 -0500] "GET /logomasters/product-details-colors.php?id=2071&&color=14774 HTTP/1.1" 200 31683 "-" "Mozilla/5.0 (Linux; Android 6.0.1; Nexus 5X Build/MMB29P) AppleWebKit/537.36 (KHTML, like Gecko) Chrome/135.0.7049.95 Mobile Safari/537.36 (compatible; Googlebot/2.1; +http://www.google.com/bot.html)"
66.249.75.73 - - [02/May/2025:11:16:06 -0500] "GET /logomasters/product-details-colors.php?id=2073&&color=14780 HTTP/1.1" 200 31876 "-" "Mozilla/5.0 (Linux; Android 6.0.1; Nexus 5X Build/MMB29P) AppleWebKit/537.36 (KHTML, like Gecko) Chrome/135.0.7049.95 Mobile Safari/537.36 (compatible; Googlebot/2.1; +http://www.google.com/bot.html)"
35.89.87.200 - - [02/May/2025:11:18:37 -0500] "GET / HTTP/1.1" 200 119854 "-" "Mozilla/5.0 (X11; Linux x86_64) AppleWebKit/537.36 (KHTML, like Gecko) Chrome/83.0.4103.97 Safari/537.36"
103.163.214.43 - - [02/May/2025:11:19:47 -0500] "POST /xmlrpc.php HTTP/2.0" 200 403 "https://dna-1981.com" "Mozilla/5.0 (Windows NT 11.0; Win64; x64; rv:126.0) Gecko/20100101 Firefox/126.0"
162.215.15.55 - - [02/May/2025:11:19:49 -0500] "POST /wp-cron.php?doing_wp_cron=1746202789.7529809474945068359375 HTTP/1.1" 200 - "-" "WordPress/6.8.1; https://dna-1981.com"
66.249.75.73 - - [02/May/2025:11:20:08 -0500] "GET /logomasters/product-details-colors.php?id=2071&&color=14775 HTTP/1.1" 200 31621 "-" "Mozilla/5.0 (Linux; Android 6.0.1; Nexus 5X Build/MMB29P) AppleWebKit/537.36 (KHTML, like Gecko) Chrome/135.0.7049.95 Mobile Safari/537.36 (compatible; GoogleOther)"
198.98.54.73 - - [02/May/2025:11:21:52 -0500] "GET /wp-login.php HTTP/1.1" 200 5569 "-" "Mozilla/5.0 (Windows NT 6.0) AppleWebKit/537.36 (KHTML, like Gecko) Chrome/36.0.1985.125 Safari/537.36"
162.215.15.55 - - [02/May/2025:11:21:54 -0500] "POST /wp-cron.php?doing_wp_cron=1746202914.0487980842590332031250 HTTP/1.1" 200 - "-" "WordPress/6.8.1; https://dna-1981.com"
198.98.54.73 - - [02/May/2025:11:21:55 -0500] "POST /wp-login.php HTTP/1.1" 200 5990 "-" "Mozilla/5.0 (Windows NT 6.0) AppleWebKit/537.36 (KHTML, like Gecko) Chrome/36.0.1985.125 Safari/537.36"
66.249.75.74 - - [02/May/2025:11:22:07 -0500] "GET /logomasters/product-details-colors.php?id=2071&&color=14775 HTTP/1.1" 200 31621 "-" "Mozilla/5.0 (Linux; Android 6.0.1; Nexus 5X Build/MMB29P) AppleWebKit/537.36 (KHTML, like Gecko) Chrome/135.0.7049.95 Mobile Safari/537.36 (compatible; Googlebot/2.1; +http://www.google.com/bot.html)"
66.249.75.72 - - [02/May/2025:11:23:07 -0500] "GET /logomasters/product-details-colors.php?id=2103&&color=14958 HTTP/1.1" 200 31744 "-" "Mozilla/5.0 (Linux; Android 6.0.1; Nexus 5X Build/MMB29P) AppleWebKit/537.36 (KHTML, like Gecko) Chrome/135.0.7049.95 Mobile Safari/537.36 (compatible; Googlebot/2.1; +http://www.google.com/bot.html)"
66.249.75.72 - - [02/May/2025:11:23:11 -0500] "GET /logomasters/stylesheets/woocommerce.css HTTP/1.1" 200 42464 "https://dna-1981.com/logomasters/stylesheets/style.css" "Mozilla/5.0 (Linux; Android 6.0.1; Nexus 5X Build/MMB29P) AppleWebKit/537.36 (KHTML, like Gecko) Chrome/134.0.6998.165 Mobile Safari/537.36 (compatible; Googlebot/2.1; +http://www.google.com/bot.html)"
66.249.75.74 - - [02/May/2025:11:24:08 -0500] "GET /logomasters/product-details-colors.php?id=2051&&color=14706 HTTP/1.1" 200 31293 "-" "Mozilla/5.0 (Linux; Android 6.0.1; Nexus 5X Build/MMB29P) AppleWebKit/537.36 (KHTML, like Gecko) Chrome/135.0.7049.95 Mobile Safari/537.36 (compatible; Googlebot/2.1; +http://www.google.com/bot.html)"
66.249.75.72 - - [02/May/2025:11:25:08 -0500] "GET /logomasters/product-details-colors.php?id=1941&&color=13990 HTTP/1.1" 200 28216 "-" "Mozilla/5.0 (Linux; Android 6.0.1; Nexus 5X Build/MMB29P) AppleWebKit/537.36 (KHTML, like Gecko) Chrome/135.0.7049.95 Mobile Safari/537.36 (compatible; GoogleOther)"
66.249.75.73 - - [02/May/2025:11:25:12 -0500] "GET /logomasters/product-details-colors.php?id=2111&&color=14998 HTTP/1.1" 200 31558 "-" "Mozilla/5.0 (Linux; Android 6.0.1; Nexus 5X Build/MMB29P) AppleWebKit/537.36 (KHTML, like Gecko) Chrome/135.0.7049.95 Mobile Safari/537.36 (compatible; GoogleOther)"
162.240.153.241 - - [02/May/2025:11:25:33 -0500] "POST /xmlrpc.php HTTP/2.0" 200 403 "https://dna-1981.com" "Mozilla/5.0 (Macintosh; Intel Mac OS X 10_15_7; rv:128.0) Gecko/20100101 Firefox/128.0"
162.215.15.55 - - [02/May/2025:11:25:34 -0500] "POST /wp-cron.php?doing_wp_cron=1746203134.4273529052734375000000 HTTP/1.1" 200 - "-" "WordPress/6.8.1; https://dna-1981.com"
66.249.75.73 - - [02/May/2025:11:26:36 -0500] "GET /logomasters/product-details-colors.php?id=2053&&color=14715 HTTP/1.1" 200 31233 "-" "Mozilla/5.0 (Linux; Android 6.0.1; Nexus 5X Build/MMB29P) AppleWebKit/537.36 (KHTML, like Gecko) Chrome/135.0.7049.95 Mobile Safari/537.36 (compatible; GoogleOther)"
66.249.75.73 - - [02/May/2025:11:27:03 -0500] "GET /logomasters/product-details-colors.php?id=1932&&color=13960 HTTP/1.1" 200 28289 "-" "Mozilla/5.0 (Linux; Android 6.0.1; Nexus 5X Build/MMB29P) AppleWebKit/537.36 (KHTML, like Gecko) Chrome/135.0.7049.95 Mobile Safari/537.36 (compatible; Googlebot/2.1; +http://www.google.com/bot.html)"
114.119.142.20 - - [02/May/2025:11:31:19 -0500] "GET /robots.txt HTTP/1.1" 200 23 "-" "Mozilla/5.0 (compatible;PetalBot;+https://webmaster.petalsearch.com/site/petalbot)"
198.54.114.18 - - [02/May/2025:11:31:31 -0500] "POST /xmlrpc.php HTTP/2.0" 200 403 "https://dna-1981.com" "Mozilla/5.0 (Windows NT 10.0; Win64; x64) AppleWebKit/537.36 (KHTML, like Gecko) Chrome/126.0.0.0 Safari/537.36 Edg/126.0.0.0"
162.215.15.55 - - [02/May/2025:11:31:33 -0500] "POST /wp-cron.php?doing_wp_cron=1746203493.1857779026031494140625 HTTP/1.1" 200 - "-" "WordPress/6.8.1; https://dna-1981.com"
66.249.75.74 - - [02/May/2025:11:32:09 -0500] "GET /logomasters/product-details-colors.php?id=2051&&color=14709 HTTP/1.1" 200 31426 "-" "Mozilla/5.0 (Linux; Android 6.0.1; Nexus 5X Build/MMB29P) AppleWebKit/537.36 (KHTML, like Gecko) Chrome/135.0.7049.95 Mobile Safari/537.36 (compatible; Googlebot/2.1; +http://www.google.com/bot.html)"
44.240.169.92 - - [02/May/2025:11:32:12 -0500] "GET /?sucurianticache=2050545316 HTTP/1.1" 200 119854 "-" "Sucuri Uptime Monitor"
54.190.214.215 - - [02/May/2025:11:32:19 -0500] "GET /?sucurianticache=1524422605 HTTP/1.1" 200 119854 "-" "Sucuri Uptime Monitor"
66.249.75.73 - - [02/May/2025:11:33:31 -0500] "GET /logomasters/product-details-colors.php?id=2051&&color=14709 HTTP/1.1" 200 31426 "-" "Mozilla/5.0 (Linux; Android 6.0.1; Nexus 5X Build/MMB29P) AppleWebKit/537.36 (KHTML, like Gecko) Chrome/135.0.7049.95 Mobile Safari/537.36 (compatible; GoogleOther)"
66.249.75.72 - - [02/May/2025:11:35:09 -0500] "GET /logomasters/product-details-colors.php?id=2066&&color=14756 HTTP/1.1" 200 31659 "-" "Mozilla/5.0 (Linux; Android 6.0.1; Nexus 5X Build/MMB29P) AppleWebKit/537.36 (KHTML, like Gecko) Chrome/135.0.7049.95 Mobile Safari/537.36 (compatible; Googlebot/2.1; +http://www.google.com/bot.html)"
66.249.75.72 - - [02/May/2025:11:35:13 -0500] "GET /logomasters/product-details-colors.php?id=2064&&color=14750 HTTP/1.1" 200 31149 "-" "Mozilla/5.0 (Linux; Android 6.0.1; Nexus 5X Build/MMB29P) AppleWebKit/537.36 (KHTML, like Gecko) Chrome/135.0.7049.95 Mobile Safari/537.36 (compatible; GoogleOther)"
66.249.75.72 - - [02/May/2025:11:37:10 -0500] "GET /logomasters/product-details-colors.php?id=2066&&color=14757 HTTP/1.1" 200 31505 "-" "Mozilla/5.0 (Linux; Android 6.0.1; Nexus 5X Build/MMB29P) AppleWebKit/537.36 (KHTML, like Gecko) Chrome/135.0.7049.95 Mobile Safari/537.36 (compatible; Googlebot/2.1; +http://www.google.com/bot.html)"
35.193.113.252 - - [02/May/2025:11:37:46 -0500] "POST /xmlrpc.php HTTP/2.0" 200 403 "https://dna-1981.com" "Mozilla/5.0 (Macintosh; Intel Mac OS X 10.15; rv:126.0) Gecko/20100101 Firefox/126.0"
162.215.15.55 - - [02/May/2025:11:37:48 -0500] "POST /wp-cron.php?doing_wp_cron=1746203868.3108670711517333984375 HTTP/1.1" 200 - "-" "WordPress/6.8.1; https://dna-1981.com"
66.249.75.72 - - [02/May/2025:11:40:10 -0500] "GET /logomasters/product-details-colors.php?id=2064&&color=14750 HTTP/1.1" 200 31149 "-" "Mozilla/5.0 (Linux; Android 6.0.1; Nexus 5X Build/MMB29P) AppleWebKit/537.36 (KHTML, like Gecko) Chrome/135.0.7049.95 Mobile Safari/537.36 (compatible; Googlebot/2.1; +http://www.google.com/bot.html)"
66.249.75.73 - - [02/May/2025:11:40:27 -0500] "GET /logomasters/product-details-colors.php?id=2066&&color=14756 HTTP/1.1" 200 31659 "-" "Mozilla/5.0 (Linux; Android 6.0.1; Nexus 5X Build/MMB29P) AppleWebKit/537.36 (KHTML, like Gecko) Chrome/135.0.7049.95 Mobile Safari/537.36 (compatible; GoogleOther)"
68.65.120.171 - - [02/May/2025:11:44:04 -0500] "POST /xmlrpc.php HTTP/2.0" 200 403 "https://dna-1981.com" "Mozilla/5.0 (Macintosh; Intel Mac OS X 10_15_7; rv:127.0) Gecko/20100101 Firefox/127.0"
162.215.15.55 - - [02/May/2025:11:44:05 -0500] "POST /wp-cron.php?doing_wp_cron=1746204245.6441669464111328125000 HTTP/1.1" 200 - "-" "WordPress/6.8.1; https://dna-1981.com"
66.249.75.72 - - [02/May/2025:11:45:11 -0500] "GET /logomasters/product-details-colors.php?id=2064&&color=14749 HTTP/1.1" 200 31313 "-" "Mozilla/5.0 (Linux; Android 6.0.1; Nexus 5X Build/MMB29P) AppleWebKit/537.36 (KHTML, like Gecko) Chrome/135.0.7049.95 Mobile Safari/537.36 (compatible; Googlebot/2.1; +http://www.google.com/bot.html)"
66.249.75.73 - - [02/May/2025:11:46:28 -0500] "GET /logomasters/product-details-colors.php?id=1941&&color=13989 HTTP/1.1" 200 28216 "-" "Mozilla/5.0 (Linux; Android 6.0.1; Nexus 5X Build/MMB29P) AppleWebKit/537.36 (KHTML, like Gecko) Chrome/135.0.7049.95 Mobile Safari/537.36 (compatible; GoogleOther)"
66.249.75.74 - - [02/May/2025:11:47:22 -0500] "GET /logomasters/product-details-colors.php?id=2064&&color=14749 HTTP/1.1" 200 31313 "-" "Mozilla/5.0 (Linux; Android 6.0.1; Nexus 5X Build/MMB29P) AppleWebKit/537.36 (KHTML, like Gecko) Chrome/135.0.7049.95 Mobile Safari/537.36 (compatible; GoogleOther)"
66.249.75.74 - - [02/May/2025:11:48:11 -0500] "GET /logomasters/product-details-colors.php?id=2050&&color=14703 HTTP/1.1" 200 30923 "-" "Mozilla/5.0 (Linux; Android 6.0.1; Nexus 5X Build/MMB29P) AppleWebKit/537.36 (KHTML, like Gecko) Chrome/135.0.7049.95 Mobile Safari/537.36 (compatible; Googlebot/2.1; +http://www.google.com/bot.html)"
67.223.118.151 - - [02/May/2025:11:50:17 -0500] "POST /xmlrpc.php HTTP/2.0" 200 403 "https://dna-1981.com" "Mozilla/5.0 (Windows NT 11.0; Win64; x64) AppleWebKit/537.36 (KHTML, like Gecko) Chrome/126.0.0.0 Safari/537.36"
162.215.15.55 - - [02/May/2025:11:50:19 -0500] "POST /wp-cron.php?doing_wp_cron=1746204619.0308089256286621093750 HTTP/1.1" 200 - "-" "WordPress/6.8.1; https://dna-1981.com"
103.173.66.99 - - [02/May/2025:11:50:25 -0500] "GET /wp-admin/ HTTP/1.1" 302 - "http://mail.dna-1981.com/wp-login.php" "GRequests/0.10"
103.173.66.99 - - [02/May/2025:11:50:26 -0500] "GET /wp-login.php?redirect_to=https%3A%2F%2Fdna-1981.com%2Fwp-admin%2F&reauth=1 HTTP/1.1" 200 5569 "https://dna-1981.com/wp-admin/" "GRequests/0.10"
103.173.66.99 - - [02/May/2025:11:50:30 -0500] "GET /wp-admin/ HTTP/1.1" 302 - "http://mail.dna-1981.com/wp-login.php" "GRequests/0.10"
103.173.66.99 - - [02/May/2025:11:50:32 -0500] "GET /wp-login.php?redirect_to=https%3A%2F%2Fdna-1981.com%2Fwp-admin%2F&reauth=1 HTTP/1.1" 200 5569 "https://dna-1981.com/wp-admin/" "GRequests/0.10"
103.173.66.99 - - [02/May/2025:11:50:36 -0500] "GET /wp-admin/ HTTP/1.1" 302 - "http://mail.dna-1981.com/wp-admin/" "GRequests/0.10"
103.173.66.99 - - [02/May/2025:11:50:38 -0500] "GET /wp-login.php?redirect_to=https%3A%2F%2Fmail.dna-1981.com%2Fwp-admin%2F&reauth=1 HTTP/1.1" 200 5574 "https://mail.dna-1981.com/wp-admin/" "GRequests/0.10"
66.249.75.74 - - [02/May/2025:11:51:12 -0500] "GET /logomasters/product-details-colors.php?id=2053&&color=14715 HTTP/1.1" 200 31233 "-" "Mozilla/5.0 (Linux; Android 6.0.1; Nexus 5X Build/MMB29P) AppleWebKit/537.36 (KHTML, like Gecko) Chrome/135.0.7049.95 Mobile Safari/537.36 (compatible; Googlebot/2.1; +http://www.google.com/bot.html)"
66.249.75.74 - - [02/May/2025:11:52:19 -0500] "GET /logomasters/product-details-colors.php?id=2282&&color=16694 HTTP/1.1" 200 31578 "-" "Mozilla/5.0 (Linux; Android 6.0.1; Nexus 5X Build/MMB29P) AppleWebKit/537.36 (KHTML, like Gecko) Chrome/135.0.7049.95 Mobile Safari/537.36 (compatible; Googlebot/2.1; +http://www.google.com/bot.html)"
66.249.75.72 - - [02/May/2025:11:53:20 -0500] "GET /logomasters/product-details-colors.php?id=2046&&color=14686 HTTP/1.1" 200 31059 "-" "Mozilla/5.0 (Linux; Android 6.0.1; Nexus 5X Build/MMB29P) AppleWebKit/537.36 (KHTML, like Gecko) Chrome/135.0.7049.95 Mobile Safari/537.36 (compatible; Googlebot/2.1; +http://www.google.com/bot.html)"
66.249.75.72 - - [02/May/2025:11:53:21 -0500] "GET /logomasters/product-details-colors.php?id=2067&&color=14760 HTTP/1.1" 200 31745 "-" "Mozilla/5.0 (Linux; Android 6.0.1; Nexus 5X Build/MMB29P) AppleWebKit/537.36 (KHTML, like Gecko) Chrome/135.0.7049.95 Mobile Safari/537.36 (compatible; Googlebot/2.1; +http://www.google.com/bot.html)"
66.249.75.74 - - [02/May/2025:11:53:21 -0500] "GET /logomasters/shop-by-brand.php?cat=all_outerwear&&type=Woman&&brand=Eddie%20Bauer&&pageno=1 HTTP/1.1" 200 38445 "-" "Mozilla/5.0 (Linux; Android 6.0.1; Nexus 5X Build/MMB29P) AppleWebKit/537.36 (KHTML, like Gecko) Chrome/135.0.7049.95 Mobile Safari/537.36 (compatible; Googlebot/2.1; +http://www.google.com/bot.html)"
66.249.75.72 - - [02/May/2025:11:53:28 -0500] "GET /logomasters/product-details-colors.php?id=2087&&color=14827 HTTP/1.1" 200 31572 "-" "Mozilla/5.0 (Linux; Android 6.0.1; Nexus 5X Build/MMB29P) AppleWebKit/537.36 (KHTML, like Gecko) Chrome/135.0.7049.95 Mobile Safari/537.36 (compatible; Googlebot/2.1; +http://www.google.com/bot.html)"
66.249.75.72 - - [02/May/2025:11:54:18 -0500] "GET /logomasters/product-details-colors.php?id=2069&&color=14765 HTTP/1.1" 200 31385 "-" "Mozilla/5.0 (Linux; Android 6.0.1; Nexus 5X Build/MMB29P) AppleWebKit/537.36 (KHTML, like Gecko) Chrome/135.0.7049.95 Mobile Safari/537.36 (compatible; GoogleOther)"
66.249.75.73 - - [02/May/2025:11:54:34 -0500] "GET /logomasters/product-details-colors.php?id=1940&&color=13987 HTTP/1.1" 200 28164 "-" "Mozilla/5.0 (Linux; Android 6.0.1; Nexus 5X Build/MMB29P) AppleWebKit/537.36 (KHTML, like Gecko) Chrome/135.0.7049.95 Mobile Safari/537.36 (compatible; Googlebot/2.1; +http://www.google.com/bot.html)"
