68.65.120.171 - - [02/May/2025:11:56:31 -0500] "POST /xmlrpc.php HTTP/2.0" 200 403 "https://dna-1981.com" "Mozilla/5.0 (Windows NT 10.0; Win64; x64; rv:129.0) Gecko/20100101 Firefox/129.0"
162.215.15.55 - - [02/May/2025:11:56:33 -0500] "POST /wp-cron.php?doing_wp_cron=1746204993.3066029548645019531250 HTTP/1.1" 200 - "-" "WordPress/6.8.1; https://dna-1981.com"
66.249.75.73 - - [02/May/2025:11:56:34 -0500] "GET /logomasters/product-details-colors.php?id=2103&&color=14957 HTTP/1.1" 200 31583 "-" "Mozilla/5.0 (Linux; Android 6.0.1; Nexus 5X Build/MMB29P) AppleWebKit/537.36 (KHTML, like Gecko) Chrome/135.0.7049.95 Mobile Safari/537.36 (compatible; Googlebot/2.1; +http://www.google.com/bot.html)"
41.185.8.132 - - [02/May/2025:11:59:35 -0500] "GET /wp-login.php HTTP/1.1" 200 5569 "-" "Mozilla/5.0 (Windows NT 10.0; Win64; x64; rv:61.0) Gecko/20100101 Firefox/61.0"
162.215.15.55 - - [02/May/2025:11:59:37 -0500] "POST /wp-cron.php?doing_wp_cron=1746205177.1530430316925048828125 HTTP/1.1" 200 - "-" "WordPress/6.8.1; https://dna-1981.com"
41.185.8.132 - - [02/May/2025:11:59:40 -0500] "POST /wp-login.php HTTP/1.1" 200 5990 "https://dna-1981.com/wp-login.php" "Mozilla/5.0 (Windows NT 10.0; Win64; x64; rv:61.0) Gecko/20100101 Firefox/61.0"
162.241.225.96 - - [02/May/2025:11:59:45 -0500] "GET /wp-login.php HTTP/1.1" 200 5569 "-" "Mozilla/5.0 (Windows NT 6.1; WOW64; rv:54.0) Gecko/20100101 Firefox/54.0"
162.215.15.55 - - [02/May/2025:11:59:47 -0500] "POST /wp-cron.php?doing_wp_cron=1746205187.3174788951873779296875 HTTP/1.1" 200 - "-" "WordPress/6.8.1; https://dna-1981.com"
162.241.225.96 - - [02/May/2025:11:59:48 -0500] "POST /wp-login.php HTTP/1.1" 200 5990 "https://dna-1981.com/wp-login.php" "Mozilla/5.0 (Windows NT 6.1; WOW64; rv:54.0) Gecko/20100101 Firefox/54.0"
150.60.157.163 - - [02/May/2025:11:59:48 -0500] "GET /wp-login.php HTTP/1.1" 200 5569 "-" "Mozilla/5.0 (Linux; Android 10; SM-N960U) AppleWebKit/537.36 (KHTML, like Gecko) Chrome/91.0.4472.114 Mobile Safari/537.36"
150.60.157.163 - - [02/May/2025:11:59:50 -0500] "POST /wp-login.php HTTP/1.1" 200 5990 "https://dna-1981.com/wp-login.php" "Mozilla/5.0 (Linux; Android 10; SM-N960U) AppleWebKit/537.36 (KHTML, like Gecko) Chrome/91.0.4472.114 Mobile Safari/537.36"
84.246.209.250 - - [02/May/2025:11:59:54 -0500] "GET /wp-login.php HTTP/1.1" 200 5569 "-" "Mozilla/5.0 (Windows NT 6.1; Win64; x64) AppleWebKit/537.36 (KHTML, like Gecko) Chrome/60.0.3112.90 Safari/537.36"
84.246.209.250 - - [02/May/2025:11:59:56 -0500] "POST /wp-login.php HTTP/1.1" 200 5990 "https://dna-1981.com/wp-login.php" "Mozilla/5.0 (Windows NT 6.1; Win64; x64) AppleWebKit/537.36 (KHTML, like Gecko) Chrome/60.0.3112.90 Safari/537.36"
51.178.146.199 - - [02/May/2025:11:59:59 -0500] "GET /wp-login.php HTTP/1.1" 200 5569 "-" "Mozilla/5.0 (Windows NT 10.0; Win64; x64; rv:88.0) Gecko/20100101 Firefox/88.0"
51.178.146.199 - - [02/May/2025:12:00:01 -0500] "POST /wp-login.php HTTP/1.1" 200 5990 "https://dna-1981.com/wp-login.php" "Mozilla/5.0 (Windows NT 10.0; Win64; x64; rv:88.0) Gecko/20100101 Firefox/88.0"
65.111.170.229 - - [02/May/2025:12:00:02 -0500] "GET /wp-login.php HTTP/1.1" 200 5569 "-" "Mozilla/5.0 (Windows NT 10.0; Win64; x64; rv:59.0) Gecko/20100101 Firefox/59.0"
65.111.170.229 - - [02/May/2025:12:00:04 -0500] "POST /wp-login.php HTTP/1.1" 200 5990 "https://dna-1981.com/wp-login.php" "Mozilla/5.0 (Windows NT 10.0; Win64; x64; rv:59.0) Gecko/20100101 Firefox/59.0"
185.73.130.137 - - [02/May/2025:12:00:15 -0500] "GET /wp-login.php HTTP/1.1" 200 5569 "-" "Mozilla/5.0 (Linux; Android 10) AppleWebKit/537.36 (KHTML, like Gecko) Chrome/91.0.4472.114 Mobile Safari/537.36"
185.73.130.137 - - [02/May/2025:12:00:18 -0500] "POST /wp-login.php HTTP/1.1" 200 5990 "https://dna-1981.com/wp-login.php" "Mozilla/5.0 (Linux; Android 10) AppleWebKit/537.36 (KHTML, like Gecko) Chrome/91.0.4472.114 Mobile Safari/537.36"
47.254.173.12 - - [02/May/2025:12:00:19 -0500] "GET /wp-login.php HTTP/1.1" 200 5569 "-" "Mozilla/5.0 (Windows NT 10.0) AppleWebKit/537.36 (KHTML, like Gecko) Chrome/91.0.4472.114 Safari/537.36"
47.254.173.12 - - [02/May/2025:12:00:21 -0500] "POST /wp-login.php HTTP/1.1" 200 5990 "https://dna-1981.com/wp-login.php" "Mozilla/5.0 (Windows NT 10.0) AppleWebKit/537.36 (KHTML, like Gecko) Chrome/91.0.4472.114 Safari/537.36"
77.68.64.29 - - [02/May/2025:12:00:25 -0500] "GET /wp-login.php HTTP/1.1" 200 5569 "-" "Mozilla/5.0 (Windows NT 5.1; rv:52.0) Gecko/20100101 Firefox/52.0"
77.68.64.29 - - [02/May/2025:12:00:28 -0500] "POST /wp-login.php HTTP/1.1" 200 5990 "https://dna-1981.com/wp-login.php" "Mozilla/5.0 (Windows NT 5.1; rv:52.0) Gecko/20100101 Firefox/52.0"
125.212.225.214 - - [02/May/2025:12:00:28 -0500] "GET /wp-login.php HTTP/1.1" 200 5569 "-" "Mozilla/5.0 (Windows NT 10.0; Win64; x64) AppleWebKit/537.36 (KHTML, like Gecko) Chrome/80.0.3987.132 Safari/537.36"
125.212.225.214 - - [02/May/2025:12:00:31 -0500] "POST /wp-login.php HTTP/1.1" 200 5990 "https://dna-1981.com/wp-login.php" "Mozilla/5.0 (Windows NT 10.0; Win64; x64) AppleWebKit/537.36 (KHTML, like Gecko) Chrome/80.0.3987.132 Safari/537.36"
5.44.111.143 - - [02/May/2025:12:00:31 -0500] "GET /wp-login.php HTTP/1.1" 200 5569 "-" "Mozilla/5.0 (Windows NT 6.1; Win64; x64; rv:61.0) Gecko/20100101 Firefox/61.0"
5.44.111.143 - - [02/May/2025:12:00:34 -0500] "POST /wp-login.php HTTP/1.1" 200 5990 "https://dna-1981.com/wp-login.php" "Mozilla/5.0 (Windows NT 6.1; Win64; x64; rv:61.0) Gecko/20100101 Firefox/61.0"
128.199.182.156 - - [02/May/2025:12:00:41 -0500] "GET /wp-login.php HTTP/1.1" 200 5569 "-" "Mozilla/5.0 (Windows NT 10.0; Win64; x64) AppleWebKit/537.36 (KHTML, like Gecko) Chrome/85.0.4183.121 Safari/537.36"
193.202.110.30 - - [02/May/2025:12:00:42 -0500] "GET /wp-login.php HTTP/1.1" 200 5569 "-" "Mozilla/5.0 (Windows NT 6.3; Win64; x64; rv:73.0) Gecko/20100101 Firefox/73.0"
176.56.56.49 - - [02/May/2025:12:00:43 -0500] "GET /wp-login.php HTTP/1.1" 200 5569 "-" "Mozilla/5.0 (Windows NT 10.0; Win64; x64) AppleWebKit/537.36 (KHTML, like Gecko) Chrome/91.0.4472.114 Safari/537.36"
128.199.182.156 - - [02/May/2025:12:00:44 -0500] "POST /wp-login.php HTTP/1.1" 200 5990 "https://dna-1981.com/wp-login.php" "Mozilla/5.0 (Windows NT 10.0; Win64; x64) AppleWebKit/537.36 (KHTML, like Gecko) Chrome/85.0.4183.121 Safari/537.36"
176.56.56.49 - - [02/May/2025:12:00:45 -0500] "POST /wp-login.php HTTP/1.1" 200 5990 "https://dna-1981.com/wp-login.php" "Mozilla/5.0 (Windows NT 10.0; Win64; x64) AppleWebKit/537.36 (KHTML, like Gecko) Chrome/91.0.4472.114 Safari/537.36"
193.202.110.30 - - [02/May/2025:12:00:44 -0500] "POST /wp-login.php HTTP/1.1" 200 5990 "https://dna-1981.com/wp-login.php" "Mozilla/5.0 (Windows NT 6.3; Win64; x64; rv:73.0) Gecko/20100101 Firefox/73.0"
162.215.15.55 - - [02/May/2025:12:00:46 -0500] "POST /wp-cron.php?doing_wp_cron=1746205246.1493248939514160156250 HTTP/1.1" 200 - "-" "WordPress/6.8.1; https://dna-1981.com"
84.246.209.250 - - [02/May/2025:12:00:51 -0500] "GET /wp-login.php HTTP/1.1" 200 5569 "-" "Mozilla/5.0 (Windows NT 10.0; Win64; x64) AppleWebKit/537.36 (KHTML, like Gecko) Chrome/86.0.4240.198 Safari/537.36"
185.73.130.137 - - [02/May/2025:12:00:52 -0500] "GET /wp-login.php HTTP/1.1" 200 5569 "-" "Mozilla/5.0 (Windows NT 10.0; Win64; x64; rv:88.0) Gecko/20100101 Firefox/88.0"
84.246.209.250 - - [02/May/2025:12:00:54 -0500] "POST /wp-login.php HTTP/1.1" 200 5990 "https://dna-1981.com/wp-login.php" "Mozilla/5.0 (Windows NT 10.0; Win64; x64) AppleWebKit/537.36 (KHTML, like Gecko) Chrome/86.0.4240.198 Safari/537.36"
185.73.130.137 - - [02/May/2025:12:00:54 -0500] "POST /wp-login.php HTTP/1.1" 200 5990 "https://dna-1981.com/wp-login.php" "Mozilla/5.0 (Windows NT 10.0; Win64; x64; rv:88.0) Gecko/20100101 Firefox/88.0"
66.249.75.74 - - [02/May/2025:12:01:04 -0500] "GET /logomasters/product-details-colors.php?id=2046&&color=14688 HTTP/1.1" 200 31192 "-" "Mozilla/5.0 (Linux; Android 6.0.1; Nexus 5X Build/MMB29P) AppleWebKit/537.36 (KHTML, like Gecko) Chrome/135.0.7049.95 Mobile Safari/537.36 (compatible; Googlebot/2.1; +http://www.google.com/bot.html)"
66.249.75.72 - - [02/May/2025:12:01:43 -0500] "GET /logomasters/product-details-colors.php?id=2066&&color=14757 HTTP/1.1" 200 31505 "-" "Mozilla/5.0 (Linux; Android 6.0.1; Nexus 5X Build/MMB29P) AppleWebKit/537.36 (KHTML, like Gecko) Chrome/135.0.7049.95 Mobile Safari/537.36 (compatible; GoogleOther)"
50.63.24.239 - - [02/May/2025:12:02:45 -0500] "POST /xmlrpc.php HTTP/2.0" 200 403 "https://dna-1981.com" "Mozilla/5.0 (Macintosh; Intel Mac OS X 14_6) AppleWebKit/605.1.15 (KHTML, like Gecko) Version/17.5 Safari/605.1.15"
162.215.15.55 - - [02/May/2025:12:02:46 -0500] "POST /wp-cron.php?doing_wp_cron=1746205366.4313459396362304687500 HTTP/1.1" 200 - "-" "WordPress/6.8.1; https://dna-1981.com"
66.249.75.74 - - [02/May/2025:12:04:04 -0500] "GET /logomasters/product-details-colors.php?id=2045&&color=14683 HTTP/1.1" 200 31024 "-" "Mozilla/5.0 (Linux; Android 6.0.1; Nexus 5X Build/MMB29P) AppleWebKit/537.36 (KHTML, like Gecko) Chrome/135.0.7049.95 Mobile Safari/537.36 (compatible; Googlebot/2.1; +http://www.google.com/bot.html)"
66.249.75.72 - - [02/May/2025:12:04:43 -0500] "GET /logomasters/product-details-colors.php?id=2078&&color=14803 HTTP/1.1" 200 31482 "-" "Mozilla/5.0 (Linux; Android 6.0.1; Nexus 5X Build/MMB29P) AppleWebKit/537.36 (KHTML, like Gecko) Chrome/135.0.7049.95 Mobile Safari/537.36 (compatible; GoogleOther)"
66.249.75.74 - - [02/May/2025:12:07:05 -0500] "GET /logomasters/product-details-colors.php?id=2053&&color=14717 HTTP/1.1" 200 31366 "-" "Mozilla/5.0 (Linux; Android 6.0.1; Nexus 5X Build/MMB29P) AppleWebKit/537.36 (KHTML, like Gecko) Chrome/135.0.7049.95 Mobile Safari/537.36 (compatible; Googlebot/2.1; +http://www.google.com/bot.html)"
66.249.75.73 - - [02/May/2025:12:08:09 -0500] "GET /logomasters/product-details-colors.php?id=2006&&color=14311 HTTP/1.1" 200 31683 "-" "Mozilla/5.0 (Linux; Android 6.0.1; Nexus 5X Build/MMB29P) AppleWebKit/537.36 (KHTML, like Gecko) Chrome/135.0.7049.95 Mobile Safari/537.36 (compatible; GoogleOther)"
107.151.209.126 - - [02/May/2025:12:08:42 -0500] "POST /wp-login.php HTTP/1.1" 200 5972 "-" "Mozilla/5.0"
162.215.15.55 - - [02/May/2025:12:08:44 -0500] "POST /wp-cron.php?doing_wp_cron=1746205723.9346799850463867187500 HTTP/1.1" 200 - "-" "WordPress/6.8.1; https://dna-1981.com"
91.151.95.70 - - [02/May/2025:12:08:58 -0500] "POST /xmlrpc.php HTTP/2.0" 200 403 "https://dna-1981.com" "Mozilla/5.0 (Macintosh; Intel Mac OS X 10_15_7) AppleWebKit/537.36 (KHTML, like Gecko) Chrome/114.0.5735.134 Safari/537.36"
162.215.15.55 - - [02/May/2025:12:09:00 -0500] "POST /wp-cron.php?doing_wp_cron=1746205740.0374588966369628906250 HTTP/1.1" 200 - "-" "WordPress/6.8.1; https://dna-1981.com"
66.249.75.72 - - [02/May/2025:12:09:05 -0500] "GET /logomasters/product-details-colors.php?id=2053&&color=14716 HTTP/1.1" 200 31397 "-" "Mozilla/5.0 (Linux; Android 6.0.1; Nexus 5X Build/MMB29P) AppleWebKit/537.36 (KHTML, like Gecko) Chrome/135.0.7049.95 Mobile Safari/537.36 (compatible; Googlebot/2.1; +http://www.google.com/bot.html)"
66.249.75.72 - - [02/May/2025:12:10:21 -0500] "GET /logomasters/product-details-colors.php?id=2300&&color=16761 HTTP/1.1" 200 29788 "-" "Mozilla/5.0 (Linux; Android 6.0.1; Nexus 5X Build/MMB29P) AppleWebKit/537.36 (KHTML, like Gecko) Chrome/135.0.7049.95 Mobile Safari/537.36 (compatible; GoogleOther)"
66.249.75.74 - - [02/May/2025:12:12:06 -0500] "GET /logomasters/product-details-colors.php?id=2052&&color=14711 HTTP/1.1" 200 31387 "-" "Mozilla/5.0 (Linux; Android 6.0.1; Nexus 5X Build/MMB29P) AppleWebKit/537.36 (KHTML, like Gecko) Chrome/135.0.7049.95 Mobile Safari/537.36 (compatible; Googlebot/2.1; +http://www.google.com/bot.html)"
66.249.75.73 - - [02/May/2025:12:15:04 -0500] "GET /logomasters/shop-by-brand.php?cat=all_outerwear&&type=Woman&&brand=Eddie%20Bauer&&pageno=2 HTTP/1.1" 200 23732 "-" "Mozilla/5.0 (Linux; Android 6.0.1; Nexus 5X Build/MMB29P) AppleWebKit/537.36 (KHTML, like Gecko) Chrome/135.0.7049.95 Mobile Safari/537.36 (compatible; GoogleOther)"
66.249.75.73 - - [02/May/2025:12:15:06 -0500] "GET /logomasters/product-details-colors.php?id=2050&&color=14705 HTTP/1.1" 200 31056 "-" "Mozilla/5.0 (Linux; Android 6.0.1; Nexus 5X Build/MMB29P) AppleWebKit/537.36 (KHTML, like Gecko) Chrome/135.0.7049.95 Mobile Safari/537.36 (compatible; Googlebot/2.1; +http://www.google.com/bot.html)"
52.45.232.96 - - [02/May/2025:12:15:13 -0500] "POST /xmlrpc.php HTTP/2.0" 200 403 "https://dna-1981.com" "Mozilla/5.0 (Macintosh; Intel Mac OS X 13_3) AppleWebKit/537.36 (KHTML, like Gecko) Chrome/126.0.0.0 Safari/537.36"
162.215.15.55 - - [02/May/2025:12:15:15 -0500] "POST /wp-cron.php?doing_wp_cron=1746206115.3884758949279785156250 HTTP/1.1" 200 - "-" "WordPress/6.8.1; https://dna-1981.com"
162.215.15.55 - - [02/May/2025:12:15:55 -0500] "POST /wp-cron.php?doing_wp_cron=1746206155.6009609699249267578125 HTTP/1.1" 200 - "-" "WordPress/6.8.1; https://dna-1981.com"
54.173.10.72 - - [02/May/2025:12:15:54 -0500] "GET / HTTP/1.1" 200 119865 "-" "Mozilla/5.0 (Linux; Android 8.0.0; SM-J737A) AppleWebKit/537.36 (KHTML, like Gecko) Chrome/75.0.3770.143 Mobile Safari/537.36"
54.173.10.72 - - [02/May/2025:12:16:11 -0500] "GET //dna-1981.com/wp-includes/js/jquery/jquery-migrate.min.js HTTP/1.1" 301 - "-" "Mozilla/5.0 (Linux; Android 5.1.1; Nexus 7 Build/LMY47V) AppleWebKit/537.36 (KHTML, like Gecko) Chrome/43.0.2357.78 Safari/537.36 OPR/30.0.1856.93524"
54.173.10.72 - - [02/May/2025:12:16:11 -0500] "GET //dna-1981.com/wp-includes/js/jquery/jquery.min.js HTTP/1.1" 301 - "-" "Mozilla/5.0 (compatible; alexa site audit/1.0; +http://www.alexa.com/help/webmasters; )"
54.173.10.72 - - [02/May/2025:12:16:11 -0500] "GET //dna-1981.com/wp-content/plugins/elementor/assets/lib/swiper/v8/swiper.min.js HTTP/1.1" 301 - "-" "HTC-ST7377/1.59.502.3 (67150) Opera/9.50 (Windows NT 5.1; U; en) UP.Link/6.3.1.17.0"
54.173.10.72 - - [02/May/2025:12:16:11 -0500] "GET //dna-1981.com/wp-content/themes/astra/assets/js/minified/flexibility.min.js HTTP/1.1" 301 - "-" "Mozilla/5.0 (Linux; Android 7.1.1; SM-J510F) AppleWebKit/537.36 (KHTML, like Gecko) Chrome/75.0.3770.143 Mobile Safari/537.36"
54.173.10.72 - - [02/May/2025:12:16:11 -0500] "GET //dna-1981.com/wp-content/themes/astra/assets/js/minified/style.min.js HTTP/1.1" 301 - "-" "Mozilla/5.0 (Linux; Android 5.1.1; vivo Y31L.RastaMod\xe2\x84\xa2_Version) AppleWebKit/537.36 (KHTML, like Gecko) Chrome/75.0.3770.143 Mobile Safari/537.36"
54.173.10.72 - - [02/May/2025:12:16:11 -0500] "GET //dna-1981.com/wp-content/plugins/astra-sites/inc/lib/onboarding/assets/dist/template-preview/main.js HTTP/1.1" 301 - "-" "Mozilla/5.0 (Macintosh; Intel Mac OS X 10_14_6) AppleWebKit/537.36 (KHTML, like Gecko) Chrome/77.0.3844.0 Safari/537.36"
54.173.10.72 - - [02/May/2025:12:16:11 -0500] "GET //dna-1981.com/wp-includes/js/dist/dom-ready.min.js HTTP/1.1" 301 - "-" "Mozilla/5.0 (Linux; U; Android 4.3; en-us; sdk Build/MR1) AppleWebKit/536.23 (KHTML, like Gecko) Version/4.3 Mobile Safari/536.23"
54.173.10.72 - - [02/May/2025:12:16:11 -0500] "GET //dna-1981.com/wp-content/plugins/elementor/assets/js/webpack.runtime.min.js HTTP/1.1" 301 - "-" "Mozilla/5.0 (Windows NT 6.3; Win64; x64) AppleWebKit/537.36 (KHTML, like Gecko) Chrome/72.0.3626.121 Safari/537.36"
54.173.10.72 - - [02/May/2025:12:16:11 -0500] "GET //dna-1981.com/wp-content/plugins/elementor/assets/js/frontend.min.js HTTP/1.1" 301 - "-" "Mozilla/5.0 (Linux; Android 9; Pixel XL) AppleWebKit/537.36 (KHTML, like Gecko) Chrome/76.0.3809.89 Mobile Safari/537.36"
54.173.10.72 - - [02/May/2025:12:16:11 -0500] "GET //dna-1981.com/wp-includes/js/jquery/ui/core.min.js HTTP/1.1" 301 - "-" "Mozilla/5.0 (Linux; U; Android 8.1.0; en-US; Infinix X624B Build/O11019) AppleWebKit/537.36 (KHTML, like Gecko) Version/4.0 Chrome/57.0.2987.108 UCBrowser/12.13.0.1207 Mobile Safari/537.36"
54.173.10.72 - - [02/May/2025:12:16:11 -0500] "GET /wp-emoji-release.min.js HTTP/1.1" 404 85065 "-" "Mozilla/5.0 (Macintosh; Intel Mac OS X 10_14_4) AppleWebKit/537.36 (KHTML, like Gecko) Chrome/73.0.3683.103 Safari/537.36"
54.173.10.72 - - [02/May/2025:12:16:13 -0500] "GET //dna-1981.com/wp-content/plugins/elementor/assets/js/frontend-modules.min.js HTTP/1.1" 301 - "-" "Gulper Web Bot 0.2.4 (www.ecsl.cs.sunysb.edu/~maxim/cgi-bin/Link/GulperBot)"
66.249.75.72 - - [02/May/2025:12:17:06 -0500] "GET /logomasters/product-details-colors.php?id=2080&&color=14808 HTTP/1.1" 200 31454 "-" "Mozilla/5.0 (Linux; Android 6.0.1; Nexus 5X Build/MMB29P) AppleWebKit/537.36 (KHTML, like Gecko) Chrome/135.0.7049.95 Mobile Safari/537.36 (compatible; Googlebot/2.1; +http://www.google.com/bot.html)"
66.249.75.72 - - [02/May/2025:12:19:04 -0500] "GET /logomasters/product-details-colors.php?id=2103&&color=14956 HTTP/1.1" 200 31614 "-" "Mozilla/5.0 (Linux; Android 6.0.1; Nexus 5X Build/MMB29P) AppleWebKit/537.36 (KHTML, like Gecko) Chrome/135.0.7049.95 Mobile Safari/537.36 (compatible; GoogleOther)"
66.249.75.74 - - [02/May/2025:12:19:07 -0500] "GET /logomasters/product-details-colors.php?id=2075&&color=14787 HTTP/1.1" 200 31502 "-" "Mozilla/5.0 (Linux; Android 6.0.1; Nexus 5X Build/MMB29P) AppleWebKit/537.36 (KHTML, like Gecko) Chrome/135.0.7049.95 Mobile Safari/537.36 (compatible; Googlebot/2.1; +http://www.google.com/bot.html)"
66.249.75.74 - - [02/May/2025:12:19:07 -0500] "GET /logomasters/product-details-colors.php?id=1352&&color=10754 HTTP/1.1" 200 28015 "-" "Mozilla/5.0 (Linux; Android 6.0.1; Nexus 5X Build/MMB29P) AppleWebKit/537.36 (KHTML, like Gecko) Chrome/135.0.7049.95 Mobile Safari/537.36 (compatible; Googlebot/2.1; +http://www.google.com/bot.html)"
66.249.75.73 - - [02/May/2025:12:20:08 -0500] "GET /logomasters/product-details-colors.php?id=2081&&color=14812 HTTP/1.1" 200 31789 "-" "Mozilla/5.0 (Linux; Android 6.0.1; Nexus 5X Build/MMB29P) AppleWebKit/537.36 (KHTML, like Gecko) Chrome/135.0.7049.95 Mobile Safari/537.36 (compatible; Googlebot/2.1; +http://www.google.com/bot.html)"
68.178.168.103 - - [02/May/2025:12:21:24 -0500] "POST /xmlrpc.php HTTP/2.0" 200 403 "https://dna-1981.com" "Mozilla/5.0 (Macintosh; Intel Mac OS X 10_15_7; rv:126.0) Gecko/20100101 Firefox/126.0"
162.215.15.55 - - [02/May/2025:12:21:25 -0500] "POST /wp-cron.php?doing_wp_cron=1746206485.8592519760131835937500 HTTP/1.1" 200 - "-" "WordPress/6.8.1; https://dna-1981.com"
66.249.75.74 - - [02/May/2025:12:23:05 -0500] "GET /logomasters/product-details-colors.php?id=1920&&color=13916 HTTP/1.1" 200 28252 "-" "Mozilla/5.0 (Linux; Android 6.0.1; Nexus 5X Build/MMB29P) AppleWebKit/537.36 (KHTML, like Gecko) Chrome/135.0.7049.95 Mobile Safari/537.36 (compatible; GoogleOther)"
66.249.75.73 - - [02/May/2025:12:26:08 -0500] "GET /logomasters/product-details-colors.php?id=1876&&color=13674 HTTP/1.1" 200 28240 "-" "Mozilla/5.0 (Linux; Android 6.0.1; Nexus 5X Build/MMB29P) AppleWebKit/537.36 (KHTML, like Gecko) Chrome/135.0.7049.95 Mobile Safari/537.36 (compatible; Googlebot/2.1; +http://www.google.com/bot.html)"
66.29.146.73 - - [02/May/2025:12:27:33 -0500] "POST /xmlrpc.php HTTP/2.0" 200 403 "https://dna-1981.com" "Mozilla/5.0 (Macintosh; Intel Mac OS X 14_6) AppleWebKit/605.1.15 (KHTML, like Gecko) Version/17.5 Safari/605.1.15"
162.215.15.55 - - [02/May/2025:12:27:34 -0500] "POST /wp-cron.php?doing_wp_cron=1746206854.8951458930969238281250 HTTP/1.1" 200 - "-" "WordPress/6.8.1; https://dna-1981.com"
66.249.75.72 - - [02/May/2025:12:28:06 -0500] "GET /logomasters/product-details-colors.php?id=1876&&color=13678 HTTP/1.1" 200 28290 "-" "Mozilla/5.0 (Linux; Android 6.0.1; Nexus 5X Build/MMB29P) AppleWebKit/537.36 (KHTML, like Gecko) Chrome/135.0.7049.95 Mobile Safari/537.36 (compatible; Googlebot/2.1; +http://www.google.com/bot.html)"
66.249.75.73 - - [02/May/2025:12:29:06 -0500] "GET /logomasters/product-details-colors.php?id=2052&&color=14713 HTTP/1.1" 200 31520 "-" "Mozilla/5.0 (Linux; Android 6.0.1; Nexus 5X Build/MMB29P) AppleWebKit/537.36 (KHTML, like Gecko) Chrome/135.0.7049.95 Mobile Safari/537.36 (compatible; GoogleOther)"
66.249.75.74 - - [02/May/2025:12:31:06 -0500] "GET /logomasters/product-details-colors.php?id=1876&&color=13676 HTTP/1.1" 200 28314 "-" "Mozilla/5.0 (Linux; Android 6.0.1; Nexus 5X Build/MMB29P) AppleWebKit/537.36 (KHTML, like Gecko) Chrome/135.0.7049.95 Mobile Safari/537.36 (compatible; Googlebot/2.1; +http://www.google.com/bot.html)"
66.249.75.74 - - [02/May/2025:12:31:07 -0500] "GET /logomasters/product-details-colors.php?id=2045&&color=14685 HTTP/1.1" 200 31157 "-" "Mozilla/5.0 (Linux; Android 6.0.1; Nexus 5X Build/MMB29P) AppleWebKit/537.36 (KHTML, like Gecko) Chrome/135.0.7049.95 Mobile Safari/537.36 (compatible; GoogleOther)"
5.9.157.246 - - [02/May/2025:12:32:34 -0500] "POST /xmlrpc.php HTTP/1.1" 200 403 "-" "Mozilla/5.0 (Windows NT 6.1; WOW64; rv:47.0) Gecko/20100101 Firefox/47.0"
162.215.15.55 - - [02/May/2025:12:32:35 -0500] "POST /wp-cron.php?doing_wp_cron=1746207155.7715740203857421875000 HTTP/1.1" 200 - "-" "WordPress/6.8.1; https://dna-1981.com"
185.232.248.217 - - [02/May/2025:12:32:40 -0500] "POST /xmlrpc.php HTTP/1.1" 200 403 "-" "Mozilla/5.0 (Windows NT 6.1; WOW64; rv:43.0) Gecko/20100101 Firefox/43.0"
5.9.157.246 - - [02/May/2025:12:32:52 -0500] "POST /xmlrpc.php HTTP/1.1" 200 403 "-" "Mozilla/5.0 (Windows NT 10.0; Win64; x64) AppleWebKit/537.36 (KHTML, like Gecko) Chrome/88.0.4324.104 Safari/537.36"
162.215.15.55 - - [02/May/2025:12:32:53 -0500] "POST /wp-cron.php?doing_wp_cron=1746207173.8640511035919189453125 HTTP/1.1" 200 - "-" "WordPress/6.8.1; https://dna-1981.com"
54.36.110.109 - - [02/May/2025:12:32:56 -0500] "POST /xmlrpc.php HTTP/1.1" 200 403 "-" "Mozilla/5.0 (Windows NT 6.1) AppleWebKit/537.36 (KHTML, like Gecko) Chrome/56.0.2924.76 Safari/537.36"
46.226.10.74 - - [02/May/2025:12:33:03 -0500] "POST /xmlrpc.php HTTP/1.1" 200 403 "-" "Mozilla/5.0 (Linux; Android 10; SM-A102U) AppleWebKit/537.36 (KHTML, like Gecko) Chrome/91.0.4472.114 Mobile Safari/537.36"
46.226.10.74 - - [02/May/2025:12:33:09 -0500] "POST /xmlrpc.php HTTP/1.1" 200 403 "-" "Mozilla/5.0 (Windows NT 10.0; Win64; x64) AppleWebKit/537.36 (KHTML, like Gecko) Chrome/79.0.3945.117 Safari/537.36"
5.202.15.246 - - [02/May/2025:12:33:37 -0500] "POST /xmlrpc.php HTTP/2.0" 200 403 "https://dna-1981.com" "Mozilla/5.0 (Macintosh; Intel Mac OS X 14_6) AppleWebKit/605.1.15 (KHTML, like Gecko) Version/17.5 Safari/605.1.15"
66.249.75.72 - - [02/May/2025:12:34:07 -0500] "GET /logomasters/product-details-colors.php?id=1876&&color=13675 HTTP/1.1" 200 28130 "-" "Mozilla/5.0 (Linux; Android 6.0.1; Nexus 5X Build/MMB29P) AppleWebKit/537.36 (KHTML, like Gecko) Chrome/135.0.7049.95 Mobile Safari/537.36 (compatible; Googlebot/2.1; +http://www.google.com/bot.html)"
54.214.165.245 - - [02/May/2025:12:36:34 -0500] "GET /?sucurianticache=306911330 HTTP/1.1" 200 119854 "-" "Sucuri Uptime Monitor"
52.11.79.209 - - [02/May/2025:12:36:40 -0500] "GET /?sucurianticache=225896688 HTTP/1.1" 200 119854 "-" "Sucuri Uptime Monitor"
66.249.75.73 - - [02/May/2025:12:37:07 -0500] "GET /logomasters/product-details-colors.php?id=2075&&color=14788 HTTP/1.1" 200 31728 "-" "Mozilla/5.0 (Linux; Android 6.0.1; Nexus 5X Build/MMB29P) AppleWebKit/537.36 (KHTML, like Gecko) Chrome/135.0.7049.95 Mobile Safari/537.36 (compatible; Googlebot/2.1; +http://www.google.com/bot.html)"
66.249.75.74 - - [02/May/2025:12:38:07 -0500] "GET /logomasters/product-details-colors.php?id=2075&&color=14793 HTTP/1.1" 200 31635 "-" "Mozilla/5.0 (Linux; Android 6.0.1; Nexus 5X Build/MMB29P) AppleWebKit/537.36 (KHTML, like Gecko) Chrome/135.0.7049.95 Mobile Safari/537.36 (compatible; GoogleOther)"
66.249.75.73 - - [02/May/2025:12:39:07 -0500] "GET /logomasters/product-details-colors.php?id=2089&&color=14830 HTTP/1.1" 200 31576 "-" "Mozilla/5.0 (Linux; Android 6.0.1; Nexus 5X Build/MMB29P) AppleWebKit/537.36 (KHTML, like Gecko) Chrome/135.0.7049.95 Mobile Safari/537.36 (compatible; GoogleOther)"
66.29.132.42 - - [02/May/2025:12:39:43 -0500] "POST /xmlrpc.php HTTP/2.0" 200 403 "https://dna-1981.com" "Mozilla/5.0 (Macintosh; Intel Mac OS X 14_6) AppleWebKit/605.1.15 (KHTML, like Gecko) Version/17.5 Safari/605.1.15"
162.215.15.55 - - [02/May/2025:12:39:44 -0500] "POST /wp-cron.php?doing_wp_cron=1746207584.9317789077758789062500 HTTP/1.1" 200 - "-" "WordPress/6.8.1; https://dna-1981.com"
66.249.75.74 - - [02/May/2025:12:42:08 -0500] "GET /logomasters/product-details-colors.php?id=2075&&color=14793 HTTP/1.1" 200 31635 "-" "Mozilla/5.0 (Linux; Android 6.0.1; Nexus 5X Build/MMB29P) AppleWebKit/537.36 (KHTML, like Gecko) Chrome/135.0.7049.95 Mobile Safari/537.36 (compatible; Googlebot/2.1; +http://www.google.com/bot.html)"
40.113.90.41 - - [02/May/2025:12:44:25 -0500] "GET /wp-admin/network/about.php HTTP/1.1" 302 - "-" "-"
40.113.90.41 - - [02/May/2025:12:44:27 -0500] "GET /wp-login.php?redirect_to=https%3A%2F%2Fdna-1981.com%2Fwp-admin%2Fnetwork%2Fabout.php&reauth=1 HTTP/1.1" 200 5586 "-" "-"
66.249.75.72 - - [02/May/2025:12:45:08 -0500] "GET /logomasters/product-details-colors.php?id=2075&&color=14789 HTTP/1.1" 200 31635 "-" "Mozilla/5.0 (Linux; Android 6.0.1; Nexus 5X Build/MMB29P) AppleWebKit/537.36 (KHTML, like Gecko) Chrome/135.0.7049.95 Mobile Safari/537.36 (compatible; Googlebot/2.1; +http://www.google.com/bot.html)"
40.113.90.41 - - [02/May/2025:12:45:42 -0500] "GET /wp-login.php HTTP/1.1" 200 5569 "-" "-"
198.54.114.29 - - [02/May/2025:12:45:52 -0500] "POST /xmlrpc.php HTTP/2.0" 200 403 "https://dna-1981.com" "Mozilla/5.0 (Windows NT 10.0; Win64; x64; rv:125.0.1) Gecko/20100101 Firefox/125.0.1"
66.249.75.74 - - [02/May/2025:12:46:08 -0500] "GET /logomasters/product-details-colors.php?id=2052&&color=14714 HTTP/1.1" 200 31520 "-" "Mozilla/5.0 (Linux; Android 6.0.1; Nexus 5X Build/MMB29P) AppleWebKit/537.36 (KHTML, like Gecko) Chrome/135.0.7049.95 Mobile Safari/537.36 (compatible; GoogleOther)"
40.113.90.41 - - [02/May/2025:12:47:04 -0500] "GET /wp-admin/index.php HTTP/1.1" 302 - "-" "-"
40.113.90.41 - - [02/May/2025:12:47:05 -0500] "GET /wp-login.php?redirect_to=https%3A%2F%2Fdna-1981.com%2Fwp-admin%2Findex.php&reauth=1 HTTP/1.1" 200 5578 "-" "-"
66.249.75.73 - - [02/May/2025:12:48:08 -0500] "GET /logomasters/product-details-colors.php?id=2080&&color=14810 HTTP/1.1" 200 31730 "-" "Mozilla/5.0 (Linux; Android 6.0.1; Nexus 5X Build/MMB29P) AppleWebKit/537.36 (KHTML, like Gecko) Chrome/135.0.7049.95 Mobile Safari/537.36 (compatible; Googlebot/2.1; +http://www.google.com/bot.html)"
66.249.75.73 - - [02/May/2025:12:49:08 -0500] "GET /logomasters/product-details-colors.php?id=1931&&color=13957 HTTP/1.1" 200 28129 "-" "Mozilla/5.0 (Linux; Android 6.0.1; Nexus 5X Build/MMB29P) AppleWebKit/537.36 (KHTML, like Gecko) Chrome/135.0.7049.95 Mobile Safari/537.36 (compatible; GoogleOther)"
66.249.75.74 - - [02/May/2025:12:50:09 -0500] "GET /logomasters/product-details-colors.php?id=2080&&color=14809 HTTP/1.1" 200 31739 "-" "Mozilla/5.0 (Linux; Android 6.0.1; Nexus 5X Build/MMB29P) AppleWebKit/537.36 (KHTML, like Gecko) Chrome/135.0.7049.95 Mobile Safari/537.36 (compatible; Googlebot/2.1; +http://www.google.com/bot.html)"
198.54.114.29 - - [02/May/2025:12:51:57 -0500] "POST /xmlrpc.php HTTP/2.0" 200 403 "https://dna-1981.com" "Mozilla/5.0 (Windows NT 10.0; Win64; x64; rv:125.0.1) Gecko/20100101 Firefox/125.0.1"
40.113.90.41 - - [02/May/2025:12:52:52 -0500] "GET /wp-admin/about.php HTTP/1.1" 302 - "-" "-"
40.113.90.41 - - [02/May/2025:12:52:54 -0500] "GET /wp-login.php?redirect_to=https%3A%2F%2Fdna-1981.com%2Fwp-admin%2Fabout.php&reauth=1 HTTP/1.1" 200 5578 "-" "-"
66.249.75.72 - - [02/May/2025:12:53:09 -0500] "GET /logomasters/product-details-colors.php?id=2075&&color=14789 HTTP/1.1" 200 31635 "-" "Mozilla/5.0 (Linux; Android 6.0.1; Nexus 5X Build/MMB29P) AppleWebKit/537.36 (KHTML, like Gecko) Chrome/135.0.7049.95 Mobile Safari/537.36 (compatible; GoogleOther)"
66.249.75.72 - - [02/May/2025:12:53:10 -0500] "GET /logomasters/product-details-colors.php?id=1931&&color=13958 HTTP/1.1" 200 28129 "-" "Mozilla/5.0 (Linux; Android 6.0.1; Nexus 5X Build/MMB29P) AppleWebKit/537.36 (KHTML, like Gecko) Chrome/135.0.7049.95 Mobile Safari/537.36 (compatible; Googlebot/2.1; +http://www.google.com/bot.html)"
40.113.90.41 - - [02/May/2025:12:54:42 -0500] "GET /wp-admin/network/plugins.php HTTP/1.1" 302 - "-" "-"
40.113.90.41 - - [02/May/2025:12:54:44 -0500] "GET /wp-login.php?redirect_to=https%3A%2F%2Fdna-1981.com%2Fwp-admin%2Fnetwork%2Fplugins.php&reauth=1 HTTP/1.1" 200 5588 "-" "-"
66.249.75.74 - - [02/May/2025:12:56:10 -0500] "GET /logomasters/product-details-colors.php?id=1918&&color=15118 HTTP/1.1" 200 29159 "-" "Mozilla/5.0 (Linux; Android 6.0.1; Nexus 5X Build/MMB29P) AppleWebKit/537.36 (KHTML, like Gecko) Chrome/135.0.7049.95 Mobile Safari/537.36 (compatible; Googlebot/2.1; +http://www.google.com/bot.html)"
66.249.75.72 - - [02/May/2025:12:56:25 -0500] "GET /logomasters/product-details-colors.php?id=2070&&color=14769 HTTP/1.1" 200 31385 "-" "Mozilla/5.0 (Linux; Android 6.0.1; Nexus 5X Build/MMB29P) AppleWebKit/537.36 (KHTML, like Gecko) Chrome/135.0.7049.95 Mobile Safari/537.36 (compatible; Googlebot/2.1; +http://www.google.com/bot.html)"
66.249.75.72 - - [02/May/2025:12:56:26 -0500] "GET /logomasters/product-details-colors.php?id=1353&&color=10755 HTTP/1.1" 200 31669 "-" "Mozilla/5.0 (Linux; Android 6.0.1; Nexus 5X Build/MMB29P) AppleWebKit/537.36 (KHTML, like Gecko) Chrome/135.0.7049.95 Mobile Safari/537.36 (compatible; Googlebot/2.1; +http://www.google.com/bot.html)"
66.249.75.72 - - [02/May/2025:12:56:28 -0500] "GET /logomasters/product-details-colors.php?id=1920&&color=13917 HTTP/1.1" 200 28287 "-" "Mozilla/5.0 (Linux; Android 6.0.1; Nexus 5X Build/MMB29P) AppleWebKit/537.36 (KHTML, like Gecko) Chrome/135.0.7049.95 Mobile Safari/537.36 (compatible; Googlebot/2.1; +http://www.google.com/bot.html)"
40.113.90.41 - - [02/May/2025:12:57:06 -0500] "GET /wp-admin/network/admin.php HTTP/1.1" 302 - "-" "-"
40.113.90.41 - - [02/May/2025:12:57:08 -0500] "GET /wp-login.php?redirect_to=https%3A%2F%2Fdna-1981.com%2Fwp-admin%2Fnetwork%2Fadmin.php&reauth=1 HTTP/1.1" 200 5586 "-" "-"
157.245.6.207 - - [02/May/2025:12:58:08 -0500] "POST /xmlrpc.php HTTP/2.0" 200 403 "https://dna-1981.com" "Mozilla/5.0 (Macintosh; Intel Mac OS X 13.3; rv:126.0) Gecko/20100101 Firefox/126.0"
40.113.90.41 - - [02/May/2025:12:58:30 -0500] "GET /wp-admin/user/index.php HTTP/1.1" 302 - "-" "-"
40.113.90.41 - - [02/May/2025:12:58:32 -0500] "GET /wp-login.php?redirect_to=https%3A%2F%2Fdna-1981.com%2Fwp-admin%2Fuser%2Findex.php&reauth=1 HTTP/1.1" 200 5583 "-" "-"
66.249.75.73 - - [02/May/2025:12:59:08 -0500] "GET /logomasters/product-details-colors.php?id=2108&&color=14987 HTTP/1.1" 200 30959 "-" "Mozilla/5.0 (Linux; Android 6.0.1; Nexus 5X Build/MMB29P) AppleWebKit/537.36 (KHTML, like Gecko) Chrome/135.0.7049.95 Mobile Safari/537.36 (compatible; GoogleOther)"
66.249.75.74 - - [02/May/2025:12:59:09 -0500] "GET /logomasters/product-details-colors.php?id=2070&&color=14770 HTTP/1.1" 200 31159 "-" "Mozilla/5.0 (Linux; Android 6.0.1; Nexus 5X Build/MMB29P) AppleWebKit/537.36 (KHTML, like Gecko) Chrome/135.0.7049.95 Mobile Safari/537.36 (compatible; Googlebot/2.1; +http://www.google.com/bot.html)"
66.249.75.74 - - [02/May/2025:13:01:08 -0500] "GET /logomasters/product-details-colors.php?id=1353&&color=15377 HTTP/1.1" 200 31832 "-" "Mozilla/5.0 (Linux; Android 6.0.1; Nexus 5X Build/MMB29P) AppleWebKit/537.36 (KHTML, like Gecko) Chrome/135.0.7049.95 Mobile Safari/537.36 (compatible; GoogleOther)"
66.249.75.73 - - [02/May/2025:13:01:10 -0500] "GET /logomasters/product-details-colors.php?id=1353&&color=15376 HTTP/1.1" 200 31851 "-" "Mozilla/5.0 (Linux; Android 6.0.1; Nexus 5X Build/MMB29P) AppleWebKit/537.36 (KHTML, like Gecko) Chrome/135.0.7049.95 Mobile Safari/537.36 (compatible; Googlebot/2.1; +http://www.google.com/bot.html)"
107.151.209.126 - - [02/May/2025:13:03:30 -0500] "POST /wp-login.php HTTP/1.1" 200 5972 "-" "Mozilla/5.0"
162.215.15.55 - - [02/May/2025:13:03:32 -0500] "POST /wp-cron.php?doing_wp_cron=1746209012.2483029365539550781250 HTTP/1.1" 200 - "-" "WordPress/6.8.1; https://dna-1981.com"
116.204.78.140 - - [02/May/2025:13:04:20 -0500] "POST /xmlrpc.php HTTP/2.0" 200 403 "https://dna-1981.com" "Mozilla/5.0 (Macintosh; Intel Mac OS X 10_15_7) AppleWebKit/537.36 (KHTML, like Gecko) Chrome/114.0.5735.134 Safari/537.36"
162.215.15.55 - - [02/May/2025:13:04:22 -0500] "POST /wp-cron.php?doing_wp_cron=1746209062.4262061119079589843750 HTTP/1.1" 200 - "-" "WordPress/6.8.1; https://dna-1981.com"
66.249.75.72 - - [02/May/2025:13:07:17 -0500] "GET /logomasters/product-details-colors.php?id=1353&&color=15375 HTTP/1.1" 200 31797 "-" "Mozilla/5.0 (Linux; Android 6.0.1; Nexus 5X Build/MMB29P) AppleWebKit/537.36 (KHTML, like Gecko) Chrome/135.0.7049.95 Mobile Safari/537.36 (compatible; Googlebot/2.1; +http://www.google.com/bot.html)"
13.79.199.112 - - [02/May/2025:13:07:38 -0500] "GET /wp-admin/network/ HTTP/1.1" 302 - "-" "-"
13.79.199.112 - - [02/May/2025:13:07:40 -0500] "GET /wp-login.php?redirect_to=https%3A%2F%2Fdna-1981.com%2Fwp-admin%2Fnetwork%2F&reauth=1 HTTP/1.1" 200 5577 "-" "-"
13.79.199.112 - - [02/May/2025:13:07:56 -0500] "GET /wp-admin/user/ HTTP/1.1" 302 - "-" "-"
13.79.199.112 - - [02/May/2025:13:07:58 -0500] "GET /wp-login.php?redirect_to=https%3A%2F%2Fdna-1981.com%2Fwp-admin%2Fuser%2F&reauth=1 HTTP/1.1" 200 5574 "-" "-"
66.249.75.72 - - [02/May/2025:13:08:09 -0500] "GET /logomasters/product-details-colors.php?id=2090&&color=14833 HTTP/1.1" 200 31379 "-" "Mozilla/5.0 (Linux; Android 6.0.1; Nexus 5X Build/MMB29P) AppleWebKit/537.36 (KHTML, like Gecko) Chrome/135.0.7049.95 Mobile Safari/537.36 (compatible; GoogleOther)"
13.79.199.112 - - [02/May/2025:13:08:33 -0500] "GET /wp-admin/ HTTP/1.1" 302 - "-" "-"
13.79.199.112 - - [02/May/2025:13:08:35 -0500] "GET /wp-login.php?redirect_to=https%3A%2F%2Fdna-1981.com%2Fwp-admin%2F&reauth=1 HTTP/1.1" 200 5569 "-" "-"
13.79.199.112 - - [02/May/2025:13:08:53 -0500] "GET /wp-admin/ HTTP/1.1" 302 - "-" "-"
13.79.199.112 - - [02/May/2025:13:08:57 -0500] "GET /wp-login.php?redirect_to=https%3A%2F%2Fdna-1981.com%2Fwp-admin%2F&reauth=1 HTTP/1.1" 200 5569 "-" "-"
13.79.199.112 - - [02/May/2025:13:09:45 -0500] "GET /wp-login.php HTTP/1.1" 200 5569 "-" "-"
162.215.15.55 - - [02/May/2025:13:09:46 -0500] "POST /wp-cron.php?doing_wp_cron=1746209386.4931440353393554687500 HTTP/1.1" 200 - "-" "WordPress/6.8.1; https://dna-1981.com"
13.79.199.112 - - [02/May/2025:13:10:08 -0500] "GET /wp-login.php?action=register HTTP/1.1" 302 - "-" "-"
13.79.199.112 - - [02/May/2025:13:10:09 -0500] "GET /wp-login.php?registration=disabled HTTP/1.1" 200 5761 "-" "-"
66.249.75.72 - - [02/May/2025:13:10:17 -0500] "GET /logomasters/product-details-colors.php?id=2090&&color=14833 HTTP/1.1" 200 31379 "-" "Mozilla/5.0 (Linux; Android 6.0.1; Nexus 5X Build/MMB29P) AppleWebKit/537.36 (KHTML, like Gecko) Chrome/135.0.7049.95 Mobile Safari/537.36 (compatible; Googlebot/2.1; +http://www.google.com/bot.html)"
162.0.209.9 - - [02/May/2025:13:10:34 -0500] "POST /xmlrpc.php HTTP/2.0" 200 403 "https://dna-1981.com" "Mozilla/5.0 (Windows NT 10.0; Win64; x64; rv:128.0) Gecko/20100101 Firefox/128.0"
13.79.199.112 - - [02/May/2025:13:11:07 -0500] "GET /wp-login.php?action=register HTTP/1.1" 302 - "-" "-"
13.79.199.112 - - [02/May/2025:13:11:09 -0500] "GET /wp-login.php?registration=disabled HTTP/1.1" 200 5761 "-" "-"
13.79.199.112 - - [02/May/2025:13:11:14 -0500] "GET / HTTP/1.1" 200 119854 "-" "-"
5.255.231.161 - - [02/May/2025:13:11:18 -0500] "GET /robots.txt HTTP/1.1" 200 23 "-" "Mozilla/5.0 (compatible; YandexBot/3.0; +http://yandex.com/bots)"
5.255.231.75 - - [02/May/2025:13:11:19 -0500] "GET /logomasters/product-details-colors.php?id=1097&&color=9234 HTTP/1.1" 200 30942 "-" "Mozilla/5.0 (compatible; YandexBot/3.0; +http://yandex.com/bots)"
66.249.75.73 - - [02/May/2025:13:12:17 -0500] "GET /logomasters/product-details-colors.php?id=2070&&color=14772 HTTP/1.1" 200 31292 "-" "Mozilla/5.0 (Linux; Android 6.0.1; Nexus 5X Build/MMB29P) AppleWebKit/537.36 (KHTML, like Gecko) Chrome/135.0.7049.95 Mobile Safari/537.36 (compatible; Googlebot/2.1; +http://www.google.com/bot.html)"
66.249.75.74 - - [02/May/2025:13:12:20 -0500] "GET /logomasters/stylesheets/shortcodes.css HTTP/1.1" 200 53463 "https://dna-1981.com/logomasters/stylesheets/style.css" "Mozilla/5.0 (Linux; Android 6.0.1; Nexus 5X Build/MMB29P) AppleWebKit/537.36 (KHTML, like Gecko) Chrome/134.0.6998.165 Mobile Safari/537.36 (compatible; Googlebot/2.1; +http://www.google.com/bot.html)"
66.249.75.73 - - [02/May/2025:13:15:18 -0500] "GET /logomasters/product-details-colors.php?id=2052&&color=14713 HTTP/1.1" 200 31520 "-" "Mozilla/5.0 (Linux; Android 6.0.1; Nexus 5X Build/MMB29P) AppleWebKit/537.36 (KHTML, like Gecko) Chrome/135.0.7049.95 Mobile Safari/537.36 (compatible; Googlebot/2.1; +http://www.google.com/bot.html)"
66.249.75.72 - - [02/May/2025:13:16:10 -0500] "GET /logomasters/product-details-colors.php?id=2070&&color=14770 HTTP/1.1" 200 31159 "-" "Mozilla/5.0 (Linux; Android 6.0.1; Nexus 5X Build/MMB29P) AppleWebKit/537.36 (KHTML, like Gecko) Chrome/135.0.7049.95 Mobile Safari/537.36 (compatible; GoogleOther)"
31.214.174.194 - - [02/May/2025:13:16:38 -0500] "POST /xmlrpc.php HTTP/2.0" 200 403 "https://dna-1981.com" "Mozilla/5.0 (Macintosh; Intel Mac OS X 10_15_7; rv:126.0) Gecko/20100101 Firefox/126.0"
162.215.15.55 - - [02/May/2025:13:16:39 -0500] "POST /wp-cron.php?doing_wp_cron=1746209799.4501039981842041015625 HTTP/1.1" 200 - "-" "WordPress/6.8.1; https://dna-1981.com"
66.249.75.74 - - [02/May/2025:13:18:18 -0500] "GET /logomasters/product-details-colors.php?id=2052&&color=14714 HTTP/1.1" 200 31520 "-" "Mozilla/5.0 (Linux; Android 6.0.1; Nexus 5X Build/MMB29P) AppleWebKit/537.36 (KHTML, like Gecko) Chrome/135.0.7049.95 Mobile Safari/537.36 (compatible; Googlebot/2.1; +http://www.google.com/bot.html)"
66.249.75.74 - - [02/May/2025:13:19:10 -0500] "GET /logomasters/product-details-colors.php?id=1340&&color=10645 HTTP/1.1" 200 27856 "-" "Mozilla/5.0 (Linux; Android 6.0.1; Nexus 5X Build/MMB29P) AppleWebKit/537.36 (KHTML, like Gecko) Chrome/135.0.7049.95 Mobile Safari/537.36 (compatible; GoogleOther)"
66.249.75.72 - - [02/May/2025:13:21:18 -0500] "GET /logomasters/product-details-colors.php?id=2045&&color=14685 HTTP/1.1" 200 31157 "-" "Mozilla/5.0 (Linux; Android 6.0.1; Nexus 5X Build/MMB29P) AppleWebKit/537.36 (KHTML, like Gecko) Chrome/135.0.7049.95 Mobile Safari/537.36 (compatible; Googlebot/2.1; +http://www.google.com/bot.html)"
81.177.139.64 - - [02/May/2025:13:22:50 -0500] "POST /xmlrpc.php HTTP/2.0" 200 403 "https://dna-1981.com" "Mozilla/5.0 (Macintosh; Intel Mac OS X 10_15_7; rv:129.0) Gecko/20100101 Firefox/129.0"
162.215.15.55 - - [02/May/2025:13:22:51 -0500] "POST /wp-cron.php?doing_wp_cron=1746210171.9226479530334472656250 HTTP/1.1" 200 - "-" "WordPress/6.8.1; https://dna-1981.com"
66.249.75.72 - - [02/May/2025:13:23:19 -0500] "GET /logomasters/product-details-colors.php?id=1353&&color=10757 HTTP/1.1" 200 31649 "-" "Mozilla/5.0 (Linux; Android 6.0.1; Nexus 5X Build/MMB29P) AppleWebKit/537.36 (KHTML, like Gecko) Chrome/135.0.7049.95 Mobile Safari/537.36 (compatible; Googlebot/2.1; +http://www.google.com/bot.html)"
66.249.75.74 - - [02/May/2025:13:23:19 -0500] "GET /logomasters/product-details-colors.php?id=1918&&color=13912 HTTP/1.1" 200 29103 "-" "Mozilla/5.0 (Linux; Android 6.0.1; Nexus 5X Build/MMB29P) AppleWebKit/537.36 (KHTML, like Gecko) Chrome/135.0.7049.95 Mobile Safari/537.36 (compatible; Googlebot/2.1; +http://www.google.com/bot.html)"
66.249.75.73 - - [02/May/2025:13:24:10 -0500] "GET /logomasters/product-details-colors.php?id=2070&&color=14772 HTTP/1.1" 200 31292 "-" "Mozilla/5.0 (Linux; Android 6.0.1; Nexus 5X Build/MMB29P) AppleWebKit/537.36 (KHTML, like Gecko) Chrome/135.0.7049.95 Mobile Safari/537.36 (compatible; GoogleOther)"
66.249.75.74 - - [02/May/2025:13:26:20 -0500] "GET /logomasters/product-details-colors.php?id=1918&&color=16001 HTTP/1.1" 200 29089 "-" "Mozilla/5.0 (Linux; Android 6.0.1; Nexus 5X Build/MMB29P) AppleWebKit/537.36 (KHTML, like Gecko) Chrome/135.0.7049.95 Mobile Safari/537.36 (compatible; Googlebot/2.1; +http://www.google.com/bot.html)"
80.248.226.94 - - [02/May/2025:13:29:02 -0500] "POST /xmlrpc.php HTTP/2.0" 200 403 "https://dna-1981.com" "Mozilla/5.0 (Windows NT 10.0; Win64; x64) AppleWebKit/537.36 (KHTML, like Gecko) Chrome/113.0.5672.93 Safari/537.36"
162.215.15.55 - - [02/May/2025:13:29:03 -0500] "POST /wp-cron.php?doing_wp_cron=1746210543.3600680828094482421875 HTTP/1.1" 200 - "-" "WordPress/6.8.1; https://dna-1981.com"
66.249.75.74 - - [02/May/2025:13:29:10 -0500] "GET /logomasters/product-details-colors.php?id=2297&&color=16754 HTTP/1.1" 200 27022 "-" "Mozilla/5.0 (Linux; Android 6.0.1; Nexus 5X Build/MMB29P) AppleWebKit/537.36 (KHTML, like Gecko) Chrome/135.0.7049.95 Mobile Safari/537.36 (compatible; GoogleOther)"
66.249.75.74 - - [02/May/2025:13:31:10 -0500] "GET /logomasters/product-details-colors.php?id=2075&&color=14788 HTTP/1.1" 200 31728 "-" "Mozilla/5.0 (Linux; Android 6.0.1; Nexus 5X Build/MMB29P) AppleWebKit/537.36 (KHTML, like Gecko) Chrome/135.0.7049.95 Mobile Safari/537.36 (compatible; GoogleOther)"
66.249.75.74 - - [02/May/2025:13:32:06 -0500] "GET /logomasters/product-details-colors.php?id=2090&&color=14834 HTTP/1.1" 200 31153 "-" "Mozilla/5.0 (Linux; Android 6.0.1; Nexus 5X Build/MMB29P) AppleWebKit/537.36 (KHTML, like Gecko) Chrome/135.0.7049.95 Mobile Safari/537.36 (compatible; Googlebot/2.1; +http://www.google.com/bot.html)"
66.249.75.73 - - [02/May/2025:13:35:07 -0500] "GET /logomasters/product-details-colors.php?id=2090&&color=14836 HTTP/1.1" 200 31242 "-" "Mozilla/5.0 (Linux; Android 6.0.1; Nexus 5X Build/MMB29P) AppleWebKit/537.36 (KHTML, like Gecko) Chrome/135.0.7049.95 Mobile Safari/537.36 (compatible; Googlebot/2.1; +http://www.google.com/bot.html)"
66.249.75.73 - - [02/May/2025:13:35:08 -0500] "GET /logomasters/product-details-colors.php?id=2052&&color=14712 HTTP/1.1" 200 31551 "-" "Mozilla/5.0 (Linux; Android 6.0.1; Nexus 5X Build/MMB29P) AppleWebKit/537.36 (KHTML, like Gecko) Chrome/135.0.7049.95 Mobile Safari/537.36 (compatible; Googlebot/2.1; +http://www.google.com/bot.html)"
139.59.11.121 - - [02/May/2025:13:35:15 -0500] "POST /xmlrpc.php HTTP/2.0" 200 403 "https://dna-1981.com" "Mozilla/5.0 (Macintosh; Intel Mac OS X 10_15_7; rv:126.0) Gecko/20100101 Firefox/126.0"
162.215.15.55 - - [02/May/2025:13:35:16 -0500] "POST /wp-cron.php?doing_wp_cron=1746210916.8952939510345458984375 HTTP/1.1" 200 - "-" "WordPress/6.8.1; https://dna-1981.com"
66.249.75.74 - - [02/May/2025:13:38:08 -0500] "GET /logomasters/product-details-colors.php?id=1918&&color=15999 HTTP/1.1" 200 29124 "-" "Mozilla/5.0 (Linux; Android 6.0.1; Nexus 5X Build/MMB29P) AppleWebKit/537.36 (KHTML, like Gecko) Chrome/135.0.7049.95 Mobile Safari/537.36 (compatible; Googlebot/2.1; +http://www.google.com/bot.html)"
104.244.73.51 - - [02/May/2025:13:38:55 -0500] "GET /wp-login.php HTTP/1.1" 200 5569 "-" "Mozilla/5.0 (Macintosh; Intel Mac OS X 10_9_4) AppleWebKit/537.36 (KHTML, like Gecko) Chrome/36.0.1985.143 Safari/537.36"
162.215.15.55 - - [02/May/2025:13:38:56 -0500] "POST /wp-cron.php?doing_wp_cron=1746211136.5672819614410400390625 HTTP/1.1" 200 - "-" "WordPress/6.8.1; https://dna-1981.com"
104.244.73.51 - - [02/May/2025:13:38:57 -0500] "POST /wp-login.php HTTP/1.1" 200 5995 "-" "Mozilla/5.0 (Macintosh; Intel Mac OS X 10_9_4) AppleWebKit/537.36 (KHTML, like Gecko) Chrome/36.0.1985.143 Safari/537.36"
66.249.75.74 - - [02/May/2025:13:39:10 -0500] "GET /logomasters/product-details-colors.php?id=2074&&color=14784 HTTP/1.1" 200 31680 "-" "Mozilla/5.0 (Linux; Android 6.0.1; Nexus 5X Build/MMB29P) AppleWebKit/537.36 (KHTML, like Gecko) Chrome/135.0.7049.95 Mobile Safari/537.36 (compatible; GoogleOther)"
66.249.75.73 - - [02/May/2025:13:39:13 -0500] "GET /logomasters/shop-by-brand.php?cat=all_outerwear&&type=Woman&&brand=Eddie%20Bauer&&pageno=1 HTTP/1.1" 200 38445 "-" "Mozilla/5.0 (Linux; Android 6.0.1; Nexus 5X Build/MMB29P) AppleWebKit/537.36 (KHTML, like Gecko) Chrome/135.0.7049.95 Mobile Safari/537.36 (compatible; GoogleOther)"
35.80.228.191 - - [02/May/2025:13:40:53 -0500] "GET /?sucurianticache=1490002731 HTTP/1.1" 200 119854 "-" "Sucuri Uptime Monitor"
54.190.214.215 - - [02/May/2025:13:41:01 -0500] "GET /?sucurianticache=1620696021 HTTP/1.1" 200 119854 "-" "Sucuri Uptime Monitor"
199.188.201.172 - - [02/May/2025:13:41:28 -0500] "POST /xmlrpc.php HTTP/2.0" 200 403 "https://dna-1981.com" "Mozilla/5.0 (Windows NT 10.0; Win64; x64) AppleWebKit/537.36 (KHTML, like Gecko) Chrome/112.0.5615.138 Safari/537.36"
69.164.219.45 - - [02/May/2025:13:42:21 -0500] "GET / HTTP/1.1" 200 119854 "-" "Mozilla/5.0 (Windows; U; Windows NT 6.1; en-US; rv:1.9.2) Gecko/20100115 Firefox/3.6 MSIE 7.0 Sucuri Integrity Monitor/2.4"
69.164.219.45 - - [02/May/2025:13:42:25 -0500] "GET / HTTP/1.1" 200 119854 "http://sucuri.net" "Mozilla/5.0 (Macintosh; Intel Mac OS X 10.15; rv:96.0) Gecko/20100101 Firefox/96.0"
69.164.219.45 - - [02/May/2025:13:42:29 -0500] "GET / HTTP/1.1" 200 119854 "http://www.google.com/images/url" "Googlebot/2.1; +http://www.google.com/bot.html)"
69.164.219.45 - - [02/May/2025:13:42:31 -0500] "GET /wp-content/themes/astra/ HTTP/1.1" 200 - "-" "curl/7.29.0"
69.164.219.45 - - [02/May/2025:13:42:33 -0500] "TRACE / HTTP/1.1" 405 119854 "" "Mozilla/5.0 (Macintosh; Intel Mac OS X 10.15; rv:96.0) Gecko/20100101 Firefox/96.0"
69.164.219.45 - - [02/May/2025:13:42:35 -0500] "GET //wp-includes/css/ HTTP/1.1" 301 - "" "Mozilla/5.0 (Macintosh; Intel Mac OS X 10.15; rv:96.0) Gecko/20100101 Firefox/96.0"
69.164.219.45 - - [02/May/2025:13:42:37 -0500] "GET /wp-includes/css/ HTTP/1.1" 404 85065 "" "Mozilla/5.0 (Macintosh; Intel Mac OS X 10.15; rv:96.0) Gecko/20100101 Firefox/96.0"
69.164.219.45 - - [02/May/2025:13:42:39 -0500] "GET /wp-content/themes/astra/assets/js/minified/flexibility.min.js?ver=4.10.1 HTTP/1.1" 200 15525 "http://sucuri.net" "Mozilla/5.0 (Macintosh; Intel Mac OS X 10.15; rv:96.0) Gecko/20100101 Firefox/96.0"
69.164.219.45 - - [02/May/2025:13:42:39 -0500] "GET /wp-includes/js/jquery/jquery.min.js?ver=3.7.1 HTTP/1.1" 200 87553 "http://sucuri.net" "Mozilla/5.0 (Macintosh; Intel Mac OS X 10.15; rv:96.0) Gecko/20100101 Firefox/96.0"
69.164.219.45 - - [02/May/2025:13:42:40 -0500] "GET /wp-includes/js/jquery/jquery-migrate.min.js?ver=3.4.1 HTTP/1.1" 200 13577 "http://sucuri.net" "Mozilla/5.0 (Macintosh; Intel Mac OS X 10.15; rv:96.0) Gecko/20100101 Firefox/96.0"
69.164.219.45 - - [02/May/2025:13:42:41 -0500] "GET /wp-content/themes/astra/assets/js/minified/style.min.js?ver=4.10.1 HTTP/1.1" 200 12973 "http://sucuri.net" "Mozilla/5.0 (Macintosh; Intel Mac OS X 10.15; rv:96.0) Gecko/20100101 Firefox/96.0"
69.164.219.45 - - [02/May/2025:13:42:41 -0500] "GET /wp-includes/js/dist/dom-ready.min.js?ver=f77871ff7694fffea381 HTTP/1.1" 200 457 "http://sucuri.net" "Mozilla/5.0 (Macintosh; Intel Mac OS X 10.15; rv:96.0) Gecko/20100101 Firefox/96.0"
69.164.219.45 - - [02/May/2025:13:42:42 -0500] "GET /wp-content/plugins/astra-sites/inc/lib/onboarding/assets/dist/template-preview/main.js?ver=06758d4d807d9d22c6ea HTTP/1.1" 200 6581 "http://sucuri.net" "Mozilla/5.0 (Macintosh; Intel Mac OS X 10.15; rv:96.0) Gecko/20100101 Firefox/96.0"
69.164.219.45 - - [02/May/2025:13:42:42 -0500] "GET /wp-content/plugins/elementor/assets/lib/swiper/v8/swiper.min.js?ver=8.4.5 HTTP/1.1" 200 143709 "http://sucuri.net" "Mozilla/5.0 (Macintosh; Intel Mac OS X 10.15; rv:96.0) Gecko/20100101 Firefox/96.0"
69.164.219.45 - - [02/May/2025:13:42:43 -0500] "GET /wp-content/plugins/elementor/assets/js/webpack.runtime.min.js?ver=3.28.4 HTTP/1.1" 200 5407 "http://sucuri.net" "Mozilla/5.0 (Macintosh; Intel Mac OS X 10.15; rv:96.0) Gecko/20100101 Firefox/96.0"
69.164.219.45 - - [02/May/2025:13:42:44 -0500] "GET /wp-content/plugins/elementor/assets/js/frontend-modules.min.js?ver=3.28.4 HTTP/1.1" 200 48393 "http://sucuri.net" "Mozilla/5.0 (Macintosh; Intel Mac OS X 10.15; rv:96.0) Gecko/20100101 Firefox/96.0"
69.164.219.45 - - [02/May/2025:13:42:45 -0500] "GET /wp-includes/js/jquery/ui/core.min.js?ver=1.13.3 HTTP/1.1" 200 21464 "http://sucuri.net" "Mozilla/5.0 (Macintosh; Intel Mac OS X 10.15; rv:96.0) Gecko/20100101 Firefox/96.0"
69.164.219.45 - - [02/May/2025:13:42:45 -0500] "GET /wp-content/plugins/elementor/assets/js/frontend.min.js?ver=3.28.4 HTTP/1.1" 200 44243 "http://sucuri.net" "Mozilla/5.0 (Macintosh; Intel Mac OS X 10.15; rv:96.0) Gecko/20100101 Firefox/96.0"
162.215.15.55 - - [02/May/2025:13:42:47 -0500] "POST /wp-cron.php?doing_wp_cron=1746211367.5477530956268310546875 HTTP/1.1" 200 - "-" "WordPress/6.8.1; https://dna-1981.com"
69.164.219.45 - - [02/May/2025:13:42:46 -0500] "GET / HTTP/1.1" 200 119854 "" "Ipad Iphone Safari"
69.164.219.45 - - [02/May/2025:13:42:49 -0500] "GET /404testpage4525d2fdc HTTP/1.1" 404 85065 "http://sucuri.net" "Mozilla/5.0 (Macintosh; Intel Mac OS X 10.15; rv:96.0) Gecko/20100101 Firefox/96.0"
69.164.219.45 - - [02/May/2025:13:42:51 -0500] "GET /404javascript.js HTTP/1.1" 404 85065 "http://www.google.com/url/?sa=t" "Mozilla/5.0 (Macintosh; Intel Mac OS X 10.15; rv:96.0) Gecko/20100101 Firefox/96.0"
69.164.219.45 - - [02/May/2025:13:42:53 -0500] "GET /index.php/work/ HTTP/1.1" 200 112674 "-" "Googlebot/2.1; +http://www.google.com/bot.html)"
69.164.219.45 - - [02/May/2025:13:42:56 -0500] "GET /index.php/testimonials/ HTTP/1.1" 200 115444 "-" "Mozilla/5.0 (iPhone; U; CPU iPhone OS 3_0 like Mac OS X; en-us) AppleWebKit/528.18 (KHTML, like Gecko) Version/4.0 Mobile/7A341 Safari/528.16; Ipad"
69.164.219.45 - - [02/May/2025:13:42:58 -0500] "GET /index.php/contact/ HTTP/1.1" 200 101423 "http://www.bing.com/?s=bing" "Mozilla/5.0 (Macintosh; Intel Mac OS X 10.15; rv:96.0) Gecko/20100101 Firefox/96.0"
