47.128.39.199 - - [02/May/2025:15:56:30 -0500] "GET /wp-content/plugins/elementor/assets/lib/font-awesome/css/solid.css?ver=5.15.3 HTTP/2.0" 200 727 "https://dna-1981.com/" "Mozilla/5.0 (Linux; Android 5.0) AppleWebKit/537.36 (KHTML, like Gecko) Mobile Safari/537.36 (compatible; Bytespider; spider-feedback@bytedance.com)"
47.128.39.199 - - [02/May/2025:15:56:30 -0500] "GET /wp-content/uploads/elementor/google-fonts/css/robotoslab.css?ver=1742228969 HTTP/2.0" 200 23310 "https://dna-1981.com/" "Mozilla/5.0 (Linux; Android 5.0) AppleWebKit/537.36 (KHTML, like Gecko) Mobile Safari/537.36 (compatible; Bytespider; spider-feedback@bytedance.com)"
47.128.39.199 - - [02/May/2025:15:56:30 -0500] "GET /wp-content/uploads/elementor/google-fonts/css/roboto.css?ver=1742228965 HTTP/2.0" 200 103194 "https://dna-1981.com/" "Mozilla/5.0 (Linux; Android 5.0) AppleWebKit/537.36 (KHTML, like Gecko) Mobile Safari/537.36 (compatible; Bytespider; spider-feedback@bytedance.com)"
47.128.39.199 - - [02/May/2025:15:56:30 -0500] "GET /wp-content/uploads/elementor/google-fonts/css/rufina.css?ver=1742228969 HTTP/2.0" 200 1730 "https://dna-1981.com/" "Mozilla/5.0 (Linux; Android 5.0) AppleWebKit/537.36 (KHTML, like Gecko) Mobile Safari/537.36 (compatible; Bytespider; spider-feedback@bytedance.com)"
47.128.39.199 - - [02/May/2025:15:56:30 -0500] "GET /wp-content/plugins/elementor/assets/css/widget-social-icons.min.css?ver=3.24.0 HTTP/2.0" 200 5150 "https://dna-1981.com/" "Mozilla/5.0 (Linux; Android 5.0) AppleWebKit/537.36 (KHTML, like Gecko) Mobile Safari/537.36 (compatible; Bytespider; spider-feedback@bytedance.com)"
47.128.39.199 - - [02/May/2025:15:56:30 -0500] "GET /wp-content/plugins/elementor/assets/lib/font-awesome/css/fontawesome.css?ver=5.15.3 HTTP/2.0" 200 72184 "https://dna-1981.com/" "Mozilla/5.0 (Linux; Android 5.0) AppleWebKit/537.36 (KHTML, like Gecko) Mobile Safari/537.36 (compatible; Bytespider; spider-feedback@bytedance.com)"
47.128.39.199 - - [02/May/2025:15:56:30 -0500] "GET /wp-content/plugins/elementor/assets/lib/font-awesome/css/solid.min.css?ver=5.15.3 HTTP/2.0" 200 669 "https://dna-1981.com/" "Mozilla/5.0 (Linux; Android 5.0) AppleWebKit/537.36 (KHTML, like Gecko) Mobile Safari/537.36 (compatible; Bytespider; spider-feedback@bytedance.com)"
47.128.39.199 - - [02/May/2025:15:56:30 -0500] "GET /wp-content/plugins/elementor/assets/lib/font-awesome/css/brands.min.css?ver=5.15.3 HTTP/2.0" 200 675 "https://dna-1981.com/" "Mozilla/5.0 (Linux; Android 5.0) AppleWebKit/537.36 (KHTML, like Gecko) Mobile Safari/537.36 (compatible; Bytespider; spider-feedback@bytedance.com)"
47.128.39.199 - - [02/May/2025:15:56:30 -0500] "GET /wp-content/themes/astra/assets/css/minified/galleries.min.css?ver=4.10.1 HTTP/2.0" 200 1051 "https://dna-1981.com/" "Mozilla/5.0 (Linux; Android 5.0) AppleWebKit/537.36 (KHTML, like Gecko) Mobile Safari/537.36 (compatible; Bytespider; spider-feedback@bytedance.com)"
47.128.39.199 - - [02/May/2025:15:56:30 -0500] "GET /wp-content/uploads/2020/09/logo-2.png HTTP/2.0" 206 500 "https://dna-1981.com/" "Mozilla/5.0 (Linux; Android 5.0) AppleWebKit/537.36 (KHTML, like Gecko) Mobile Safari/537.36 (compatible; Bytespider; spider-feedback@bytedance.com)"
47.128.39.199 - - [02/May/2025:15:56:30 -0500] "GET /wp-content/uploads/2020/09/freelance-copywriter-hero.png HTTP/2.0" 206 500 "https://dna-1981.com/wp-content/uploads/elementor/css/post-13.css?ver=1745339598" "Mozilla/5.0 (Linux; Android 5.0) AppleWebKit/537.36 (KHTML, like Gecko) Mobile Safari/537.36 (compatible; Bytespider; spider-feedback@bytedance.com)"
47.128.39.199 - - [02/May/2025:15:56:30 -0500] "GET /wp-content/uploads/2020/09/logo-4.png HTTP/2.0" 206 500 "https://dna-1981.com/" "Mozilla/5.0 (Linux; Android 5.0) AppleWebKit/537.36 (KHTML, like Gecko) Mobile Safari/537.36 (compatible; Bytespider; spider-feedback@bytedance.com)"
47.128.39.199 - - [02/May/2025:15:56:30 -0500] "GET /wp-content/uploads/2020/09/logo-11.png HTTP/2.0" 206 500 "https://dna-1981.com/" "Mozilla/5.0 (Linux; Android 5.0) AppleWebKit/537.36 (KHTML, like Gecko) Mobile Safari/537.36 (compatible; Bytespider; spider-feedback@bytedance.com)"
47.128.39.199 - - [02/May/2025:15:56:31 -0500] "GET /wp-content/uploads/2020/09/logo-9.png HTTP/2.0" 206 500 "https://dna-1981.com/" "Mozilla/5.0 (Linux; Android 5.0) AppleWebKit/537.36 (KHTML, like Gecko) Mobile Safari/537.36 (compatible; Bytespider; spider-feedback@bytedance.com)"
47.128.39.199 - - [02/May/2025:15:56:31 -0500] "GET /wp-content/uploads/2020/09/freelance-copywriter-cta-bg.png HTTP/2.0" 206 500 "https://dna-1981.com/wp-content/uploads/elementor/css/post-64.css?ver=1745339179" "Mozilla/5.0 (Linux; Android 5.0) AppleWebKit/537.36 (KHTML, like Gecko) Mobile Safari/537.36 (compatible; Bytespider; spider-feedback@bytedance.com)"
47.128.39.199 - - [02/May/2025:15:56:31 -0500] "GET /wp-content/uploads/2020/09/logo-5.png HTTP/2.0" 206 500 "https://dna-1981.com/" "Mozilla/5.0 (Linux; Android 5.0) AppleWebKit/537.36 (KHTML, like Gecko) Mobile Safari/537.36 (compatible; Bytespider; spider-feedback@bytedance.com)"
47.128.39.199 - - [02/May/2025:15:56:31 -0500] "GET /wp-content/uploads/2020/09/copywriter-client-testimonial-man.jpg HTTP/2.0" 206 500 "https://dna-1981.com/" "Mozilla/5.0 (Linux; Android 5.0) AppleWebKit/537.36 (KHTML, like Gecko) Mobile Safari/537.36 (compatible; Bytespider; spider-feedback@bytedance.com)"
103.179.190.244 - - [02/May/2025:15:57:21 -0500] "POST /xmlrpc.php HTTP/2.0" 200 403 "https://dna-1981.com" "Mozilla/5.0 (Windows NT 10.0; Win64; x64) AppleWebKit/537.36 (KHTML, like Gecko) Chrome/114.0.5735.134 Safari/537.36"
162.215.15.55 - - [02/May/2025:15:57:22 -0500] "POST /wp-cron.php?doing_wp_cron=1746219442.8298799991607666015625 HTTP/1.1" 200 - "-" "WordPress/6.8.1; https://dna-1981.com"
198.98.62.97 - - [02/May/2025:15:58:19 -0500] "GET /wp-login.php HTTP/1.1" 200 5569 "-" "Mozilla/5.0 (Macintosh; Intel Mac OS X 10.8; rv:31.0) Gecko/20100101 Firefox/31.0"
162.215.15.55 - - [02/May/2025:15:58:20 -0500] "POST /wp-cron.php?doing_wp_cron=1746219500.4241769313812255859375 HTTP/1.1" 200 - "-" "WordPress/6.8.1; https://dna-1981.com"
198.98.62.97 - - [02/May/2025:15:58:21 -0500] "POST /wp-login.php HTTP/1.1" 200 5990 "-" "Mozilla/5.0 (Macintosh; Intel Mac OS X 10.8; rv:31.0) Gecko/20100101 Firefox/31.0"
66.249.75.73 - - [02/May/2025:15:59:07 -0500] "GET /logomasters/product-details-colors.php?id=2318&&color=16897 HTTP/1.1" 200 30234 "-" "Mozilla/5.0 (Linux; Android 6.0.1; Nexus 5X Build/MMB29P) AppleWebKit/537.36 (KHTML, like Gecko) Chrome/135.0.7049.95 Mobile Safari/537.36 (compatible; Googlebot/2.1; +http://www.google.com/bot.html)"
66.249.75.73 - - [02/May/2025:16:00:30 -0500] "GET /logomasters/product-details-colors.php?id=2317&&color=16888 HTTP/1.1" 200 31302 "-" "Mozilla/5.0 (Linux; Android 6.0.1; Nexus 5X Build/MMB29P) AppleWebKit/537.36 (KHTML, like Gecko) Chrome/135.0.7049.95 Mobile Safari/537.36 (compatible; GoogleOther)"
134.122.118.246 - - [02/May/2025:16:03:34 -0500] "POST /xmlrpc.php HTTP/2.0" 200 403 "https://dna-1981.com" "Mozilla/5.0 (Macintosh; Intel Mac OS X 10_15_7) AppleWebKit/537.36 (KHTML, like Gecko) Chrome/112.0.5615.138 Safari/537.36"
162.215.15.55 - - [02/May/2025:16:03:35 -0500] "POST /wp-cron.php?doing_wp_cron=1746219815.4209721088409423828125 HTTP/1.1" 200 - "-" "WordPress/6.8.1; https://dna-1981.com"
66.249.75.72 - - [02/May/2025:16:07:11 -0500] "GET /logomasters/product-details-colors.php?id=2317&&color=16888 HTTP/1.1" 200 31302 "-" "Mozilla/5.0 (Linux; Android 6.0.1; Nexus 5X Build/MMB29P) AppleWebKit/537.36 (KHTML, like Gecko) Chrome/135.0.7049.95 Mobile Safari/537.36 (compatible; Googlebot/2.1; +http://www.google.com/bot.html)"
81.177.140.54 - - [02/May/2025:16:09:48 -0500] "POST /xmlrpc.php HTTP/2.0" 200 403 "https://dna-1981.com" "Mozilla/5.0 (Macintosh; Intel Mac OS X 10_15_7; rv:128.0) Gecko/20100101 Firefox/128.0"
162.215.15.55 - - [02/May/2025:16:09:49 -0500] "POST /wp-cron.php?doing_wp_cron=1746220189.9671919345855712890625 HTTP/1.1" 200 - "-" "WordPress/6.8.1; https://dna-1981.com"
66.249.75.72 - - [02/May/2025:16:09:59 -0500] "GET /logomasters/product-details-colors.php?id=2354&&color=17323 HTTP/1.1" 200 32493 "-" "Mozilla/5.0 (Linux; Android 6.0.1; Nexus 5X Build/MMB29P) AppleWebKit/537.36 (KHTML, like Gecko) Chrome/135.0.7049.95 Mobile Safari/537.36 (compatible; GoogleOther)"
66.249.75.73 - - [02/May/2025:16:11:27 -0500] "GET /logomasters/product-details-colors.php?id=2318&&color=16898 HTTP/1.1" 200 30194 "-" "Mozilla/5.0 (Linux; Android 6.0.1; Nexus 5X Build/MMB29P) AppleWebKit/537.36 (KHTML, like Gecko) Chrome/135.0.7049.95 Mobile Safari/537.36 (compatible; Googlebot/2.1; +http://www.google.com/bot.html)"
194.238.25.211 - - [02/May/2025:16:12:12 -0500] "POST /xmlrpc.php HTTP/1.1" 200 403 "-" "Mozilla/5.0 (Windows NT 10.0; Win64; x64) AppleWebKit/537.36 (KHTML, like Gecko) Chrome/89.0.4389.90 Safari/537.36"
162.215.15.55 - - [02/May/2025:16:12:14 -0500] "POST /wp-cron.php?doing_wp_cron=1746220334.4154419898986816406250 HTTP/1.1" 200 - "-" "WordPress/6.8.1; https://dna-1981.com"
141.94.87.67 - - [02/May/2025:16:12:17 -0500] "POST /xmlrpc.php HTTP/1.1" 200 403 "-" "Mozilla/5.0 (Windows NT 10.0; Win64; x64; rv:60.0) Gecko/20100101 Firefox/60.0"
47.116.184.174 - - [02/May/2025:16:12:20 -0500] "POST /xmlrpc.php HTTP/1.1" 200 403 "-" "Mozilla/5.0 (Windows NT 6.1; WOW64; rv:18.0) Gecko/20100101 Firefox/18.0"
136.243.92.92 - - [02/May/2025:16:12:20 -0500] "POST /xmlrpc.php HTTP/1.1" 200 403 "-" "Mozilla/5.0 (Windows NT 10.0; Win64; x64) AppleWebKit/537.36 (KHTML, like Gecko) Chrome/81.0.4044.138 Safari/537.36"
147.45.103.156 - - [02/May/2025:16:12:21 -0500] "POST /xmlrpc.php HTTP/1.1" 200 403 "-" "Mozilla/5.0 (iPod; CPU iPhone OS 14_6 like Mac OS X) AppleWebKit/605.1.15 (KHTML, like Gecko) CriOS/91.0.4472.80 Mobile/15E148 Safari/604.1"
35.188.67.4 - - [02/May/2025:16:12:31 -0500] "POST /xmlrpc.php HTTP/1.1" 200 403 "-" "Mozilla/5.0 (Windows NT 10.0; Win64; x64) AppleWebKit/537.36 (KHTML, like Gecko) Chrome/80.0.3987.163 Safari/537.36"
66.249.75.74 - - [02/May/2025:16:12:35 -0500] "GET /logomasters/product-details-colors.php?id=2076&&color=14794 HTTP/1.1" 200 31477 "-" "Mozilla/5.0 (Linux; Android 6.0.1; Nexus 5X Build/MMB29P) AppleWebKit/537.36 (KHTML, like Gecko) Chrome/135.0.7049.95 Mobile Safari/537.36 (compatible; Googlebot/2.1; +http://www.google.com/bot.html)"
185.193.19.102 - - [02/May/2025:16:12:38 -0500] "POST /xmlrpc.php HTTP/1.1" 200 403 "-" "Mozilla/5.0 (Windows NT 10.0; Win64; x64) AppleWebKit/537.36 (KHTML, like Gecko) Chrome/85.0.4183.102 Safari/537.36"
108.181.92.67 - - [02/May/2025:16:16:04 -0500] "POST /xmlrpc.php HTTP/2.0" 200 403 "https://dna-1981.com" "Mozilla/5.0 (Windows NT 10.0; Win64; x64) AppleWebKit/537.36 (KHTML, like Gecko) Chrome/126.0.0.0 Safari/537.36 Edg/126.0.0.0"
162.215.15.55 - - [02/May/2025:16:16:06 -0500] "POST /wp-cron.php?doing_wp_cron=1746220566.0307750701904296875000 HTTP/1.1" 200 - "-" "WordPress/6.8.1; https://dna-1981.com"
66.249.75.74 - - [02/May/2025:16:18:36 -0500] "GET /logomasters/shop-by-brand.php?cat=all_outerwear&&type=Woman&&brand=PUMA HTTP/1.1" 200 19618 "-" "Mozilla/5.0 (Linux; Android 6.0.1; Nexus 5X Build/MMB29P) AppleWebKit/537.36 (KHTML, like Gecko) Chrome/135.0.7049.95 Mobile Safari/537.36 (compatible; Googlebot/2.1; +http://www.google.com/bot.html)"
106.54.57.77 - - [02/May/2025:16:19:16 -0500] "GET /wp-login.php HTTP/1.1" 200 5569 "-" "Mozilla/5.0 (Windows NT 10.0; Win64; x64) AppleWebKit/537.36 (KHTML, like Gecko) Chrome/86.0.4240.198 Safari/537.36"
162.215.15.55 - - [02/May/2025:16:19:18 -0500] "POST /wp-cron.php?doing_wp_cron=1746220758.1138660907745361328125 HTTP/1.1" 200 - "-" "WordPress/6.8.1; https://dna-1981.com"
106.54.57.77 - - [02/May/2025:16:19:20 -0500] "POST /wp-login.php HTTP/1.1" 200 5990 "https://dna-1981.com/wp-login.php" "Mozilla/5.0 (Windows NT 10.0; Win64; x64) AppleWebKit/537.36 (KHTML, like Gecko) Chrome/86.0.4240.198 Safari/537.36"
106.54.57.77 - - [02/May/2025:16:19:21 -0500] "GET /wp-login.php HTTP/1.1" 200 5569 "-" "Mozilla/5.0 (Windows NT 6.1; Win64; x64) AppleWebKit/537.36 (KHTML, like Gecko) Chrome/74.0.3729.169 Safari/537.36"
106.54.57.77 - - [02/May/2025:16:19:23 -0500] "POST /wp-login.php HTTP/1.1" 200 5990 "https://dna-1981.com/wp-login.php" "Mozilla/5.0 (Windows NT 6.1; Win64; x64) AppleWebKit/537.36 (KHTML, like Gecko) Chrome/74.0.3729.169 Safari/537.36"
175.117.144.122 - - [02/May/2025:16:19:25 -0500] "GET /wp-login.php HTTP/1.1" 200 5569 "-" "Mozilla/5.0 (Windows NT 10.0; Win64; x64) AppleWebKit/537.36 (KHTML, like Gecko) Chrome/79.0.3945.130 Safari/537.36"
175.117.144.122 - - [02/May/2025:16:19:28 -0500] "POST /wp-login.php HTTP/1.1" 200 5990 "https://dna-1981.com/wp-login.php" "Mozilla/5.0 (Windows NT 10.0; Win64; x64) AppleWebKit/537.36 (KHTML, like Gecko) Chrome/79.0.3945.130 Safari/537.36"
185.224.214.20 - - [02/May/2025:16:19:33 -0500] "GET /wp-login.php HTTP/1.1" 200 5569 "-" "Mozilla/5.0 (Windows; U; Windows NT 5.1; en-US; rv:1.7.12) Gecko/20050915 Firefox/1.0.7"
185.224.214.20 - - [02/May/2025:16:19:36 -0500] "POST /wp-login.php HTTP/1.1" 200 5990 "https://dna-1981.com/wp-login.php" "Mozilla/5.0 (Windows; U; Windows NT 5.1; en-US; rv:1.7.12) Gecko/20050915 Firefox/1.0.7"
84.246.209.250 - - [02/May/2025:16:19:38 -0500] "GET /wp-login.php HTTP/1.1" 200 5569 "-" "Mozilla/5.0 (Windows NT 6.1; Win64; x64) AppleWebKit/537.36 (KHTML, like Gecko) Chrome/63.0.3239.132 Safari/537.36"
84.246.209.250 - - [02/May/2025:16:19:40 -0500] "POST /wp-login.php HTTP/1.1" 200 5990 "https://dna-1981.com/wp-login.php" "Mozilla/5.0 (Windows NT 6.1; Win64; x64) AppleWebKit/537.36 (KHTML, like Gecko) Chrome/63.0.3239.132 Safari/537.36"
96.9.212.16 - - [02/May/2025:16:19:43 -0500] "GET /wp-login.php HTTP/1.1" 200 5569 "-" "Mozilla/5.0 (Windows NT 10.0; Win64; x64; rv:57.0) Gecko/20100101 Firefox/57.0"
96.9.212.16 - - [02/May/2025:16:19:45 -0500] "POST /wp-login.php HTTP/1.1" 200 5990 "https://dna-1981.com/wp-login.php" "Mozilla/5.0 (Windows NT 10.0; Win64; x64; rv:57.0) Gecko/20100101 Firefox/57.0"
84.235.250.197 - - [02/May/2025:16:19:45 -0500] "GET /wp-login.php HTTP/1.1" 200 5569 "-" "Mozilla/5.0 (Windows NT 6.1; Win64; x64; rv:58.0) Gecko/20100101 Firefox/58.0"
162.215.15.55 - - [02/May/2025:16:19:46 -0500] "POST /wp-cron.php?doing_wp_cron=1746220786.4537780284881591796875 HTTP/1.1" 200 - "-" "WordPress/6.8.1; https://dna-1981.com"
84.235.250.197 - - [02/May/2025:16:19:48 -0500] "POST /wp-login.php HTTP/1.1" 200 5990 "https://dna-1981.com/wp-login.php" "Mozilla/5.0 (Windows NT 6.1; Win64; x64; rv:58.0) Gecko/20100101 Firefox/58.0"
47.103.72.39 - - [02/May/2025:16:19:49 -0500] "GET /wp-login.php HTTP/1.1" 200 5569 "-" "Mozilla/5.0 (Windows NT 6.1; WOW64; rv:42.0) Gecko/20100101 Firefox/42.0"
47.103.72.39 - - [02/May/2025:16:19:52 -0500] "POST /wp-login.php HTTP/1.1" 200 5990 "https://dna-1981.com/wp-login.php" "Mozilla/5.0 (Windows NT 6.1; WOW64; rv:42.0) Gecko/20100101 Firefox/42.0"
202.144.128.219 - - [02/May/2025:16:19:55 -0500] "GET /wp-login.php HTTP/1.1" 200 5569 "-" "Mozilla/5.0 (Windows NT 10.0; Win64; x64) AppleWebKit/537.36 (KHTML, like Gecko) Chrome/68.0.3440.106 Safari/537.36"
202.144.128.219 - - [02/May/2025:16:19:58 -0500] "POST /wp-login.php HTTP/1.1" 200 5990 "https://dna-1981.com/wp-login.php" "Mozilla/5.0 (Windows NT 10.0; Win64; x64) AppleWebKit/537.36 (KHTML, like Gecko) Chrome/68.0.3440.106 Safari/537.36"
194.9.56.124 - - [02/May/2025:16:19:58 -0500] "GET /wp-login.php HTTP/1.1" 200 5569 "-" "Mozilla/5.0 (Windows NT 6.1; WOW64; rv:41.0) Gecko/20100101 Firefox/41.0"
4.156.237.183 - - [02/May/2025:16:20:00 -0500] "GET /wp-login.php HTTP/1.1" 200 5569 "-" "Mozilla/5.0 (Windows NT 10.0; Win64; x64) AppleWebKit/537.36 (KHTML, like Gecko) Chrome/72.0.3626.121 Safari/537.36"
194.9.56.124 - - [02/May/2025:16:20:01 -0500] "POST /wp-login.php HTTP/1.1" 200 5990 "https://dna-1981.com/wp-login.php" "Mozilla/5.0 (Windows NT 6.1; WOW64; rv:41.0) Gecko/20100101 Firefox/41.0"
4.156.237.183 - - [02/May/2025:16:20:02 -0500] "POST /wp-login.php HTTP/1.1" 200 5990 "https://dna-1981.com/wp-login.php" "Mozilla/5.0 (Windows NT 10.0; Win64; x64) AppleWebKit/537.36 (KHTML, like Gecko) Chrome/72.0.3626.121 Safari/537.36"
5.78.78.176 - - [02/May/2025:16:20:03 -0500] "GET /wp-login.php HTTP/1.1" 200 5569 "-" "Mozilla/5.0 (Windows NT 10.0; Win64; x64; rv:61.0) Gecko/20100101 Firefox/61.0"
5.78.78.176 - - [02/May/2025:16:20:05 -0500] "POST /wp-login.php HTTP/1.1" 200 5990 "https://dna-1981.com/wp-login.php" "Mozilla/5.0 (Windows NT 10.0; Win64; x64; rv:61.0) Gecko/20100101 Firefox/61.0"
117.6.44.212 - - [02/May/2025:16:20:09 -0500] "GET /wp-login.php HTTP/1.1" 200 5569 "-" "Mozilla/5.0 (Windows NT 6.1; Win64; x64; rv:25.0) Gecko/20100101 Firefox/29.0"
4.156.237.183 - - [02/May/2025:16:20:10 -0500] "GET /wp-login.php HTTP/1.1" 200 5569 "-" "Mozilla/5.0 (Windows; U; Windows NT 5.1; en-US; rv:1.7.5) Gecko/20041107 Firefox/1.0"
4.156.237.183 - - [02/May/2025:16:20:11 -0500] "POST /wp-login.php HTTP/1.1" 200 5990 "https://dna-1981.com/wp-login.php" "Mozilla/5.0 (Windows; U; Windows NT 5.1; en-US; rv:1.7.5) Gecko/20041107 Firefox/1.0"
117.6.44.212 - - [02/May/2025:16:20:12 -0500] "POST /wp-login.php HTTP/1.1" 200 5990 "https://dna-1981.com/wp-login.php" "Mozilla/5.0 (Windows NT 6.1; Win64; x64; rv:25.0) Gecko/20100101 Firefox/29.0"
46.183.27.204 - - [02/May/2025:16:20:15 -0500] "GET /wp-login.php HTTP/1.1" 200 5569 "-" "Mozilla/5.0 (X11; Ubuntu; Linux i686; rv:24.0) Gecko/20100101 Firefox/24.0"
46.183.27.204 - - [02/May/2025:16:20:17 -0500] "POST /wp-login.php HTTP/1.1" 200 5990 "https://dna-1981.com/wp-login.php" "Mozilla/5.0 (X11; Ubuntu; Linux i686; rv:24.0) Gecko/20100101 Firefox/24.0"
84.246.209.250 - - [02/May/2025:16:20:28 -0500] "GET /wp-login.php HTTP/1.1" 200 5569 "-" "Mozilla/5.0 (Windows NT 10.0; Win64; x64) AppleWebKit/537.36 (KHTML, like Gecko) Chrome/87.0.4280.141 Safari/537.36"
84.246.209.250 - - [02/May/2025:16:20:30 -0500] "POST /wp-login.php HTTP/1.1" 200 5990 "https://dna-1981.com/wp-login.php" "Mozilla/5.0 (Windows NT 10.0; Win64; x64) AppleWebKit/537.36 (KHTML, like Gecko) Chrome/87.0.4280.141 Safari/537.36"
173.212.207.177 - - [02/May/2025:16:22:17 -0500] "POST /xmlrpc.php HTTP/2.0" 200 403 "https://dna-1981.com" "Mozilla/5.0 (Macintosh; Intel Mac OS X 14.3) AppleWebKit/614.31.14 (KHTML, like Gecko) Version/17.0.96 Safari/614.31.14"
162.215.15.55 - - [02/May/2025:16:22:18 -0500] "POST /wp-cron.php?doing_wp_cron=1746220938.7631700038909912109375 HTTP/1.1" 200 - "-" "WordPress/6.8.1; https://dna-1981.com"
13.215.207.82 - - [02/May/2025:16:23:27 -0500] "GET / HTTP/1.1" 200 119865 "-" "Mozilla/5.0 (Linux; Android 11; Mi A3 Build/RKQ1.200903.002; wv) AppleWebKit/537.36 (KHTML, like Gecko) Version/4.0 Chrome/101.0.4951.41 YaBrowser/22.1.0.194 (lite) Mobile Safari/537.36"
162.215.15.55 - - [02/May/2025:16:23:28 -0500] "POST /wp-cron.php?doing_wp_cron=1746221008.3870589733123779296875 HTTP/1.1" 200 - "-" "WordPress/6.8.1; https://dna-1981.com"
13.215.207.82 - - [02/May/2025:16:23:52 -0500] "GET //dna-1981.com/wp-content/plugins/elementor/assets/js/frontend-modules.min.js HTTP/1.1" 301 - "-" "Opera/9.64 (X11; Linux i686; U; Linux Mint; nb) Presto/2.1.1"
13.215.207.82 - - [02/May/2025:16:23:52 -0500] "GET //dna-1981.com/wp-includes/js/jquery/jquery-migrate.min.js HTTP/1.1" 301 - "-" "Mozilla/5.0 (Windows NT 6.0; rv:14.0) Gecko/20100101 Firefox/14.0.1"
13.215.207.82 - - [02/May/2025:16:23:52 -0500] "GET //dna-1981.com/wp-content/plugins/elementor/assets/js/frontend.min.js HTTP/1.1" 301 - "-" "Opera/9.64 (X11; Linux i686; U; Linux Mint; nb) Presto/2.1.1"
13.215.207.82 - - [02/May/2025:16:23:52 -0500] "GET //dna-1981.com/wp-content/plugins/astra-sites/inc/lib/onboarding/assets/dist/template-preview/main.js HTTP/1.1" 301 - "-" "Mozilla/5.0 (Windows NT 10.0) AppleWebKit/537.36 (KHTML, like Gecko) Chrome/101.0.4951.54 Safari/537.36"
13.215.207.82 - - [02/May/2025:16:23:52 -0500] "GET //dna-1981.com/wp-includes/js/dist/dom-ready.min.js HTTP/1.1" 301 - "-" "Mozilla/5.0 (Linux; Android 12; SM-G998U1) AppleWebKit/537.36 (KHTML, like Gecko) Chrome/100.0.4896.127 Mobile Safari/537.36"
13.215.207.82 - - [02/May/2025:16:23:52 -0500] "GET //dna-1981.com/wp-content/themes/astra/assets/js/minified/style.min.js HTTP/1.1" 301 - "-" "Mozilla/5.0 (Windows NT 10.0; WOW64) AppleWebKit/537.36 (KHTML, like Gecko) Chrome/92.0.4515.145 Safari/537.36"
13.215.207.82 - - [02/May/2025:16:23:52 -0500] "GET //dna-1981.com/wp-content/themes/astra/assets/js/minified/flexibility.min.js HTTP/1.1" 301 - "-" "Mozilla/5.0 (iPod; U; CPU iPhone OS 3_1_1 like Mac OS X; en-us) AppleWebKit/528.18 (KHTML, like Gecko) Mobile/7C145"
13.215.207.82 - - [02/May/2025:16:23:52 -0500] "GET //dna-1981.com/wp-content/plugins/elementor/assets/js/webpack.runtime.min.js HTTP/1.1" 301 - "-" "Mozilla/5.0 (Linux; Android 11; DN2101) AppleWebKit/537.36 (KHTML, like Gecko) Chrome/101.0.4951.41 Mobile Safari/537.36"
13.215.207.82 - - [02/May/2025:16:23:52 -0500] "GET //dna-1981.com/wp-content/plugins/elementor/assets/lib/swiper/v8/swiper.min.js HTTP/1.1" 301 - "-" "SonyEricssonW660i/R6AD Browser/NetFront/3.3 Profile/MIDP-2.0 Configuration/CLDC-1.1"
13.215.207.82 - - [02/May/2025:16:23:52 -0500] "GET //dna-1981.com/wp-includes/js/jquery/ui/core.min.js HTTP/1.1" 301 - "-" "Mozilla/5.0 (Macintosh; Intel Mac OS X 10_14_6) AppleWebKit/537.36 (KHTML, like Gecko) Chrome/99.0.4844.74 Safari/537.36"
13.215.207.82 - - [02/May/2025:16:23:52 -0500] "GET //dna-1981.com/wp-includes/js/jquery/jquery.min.js HTTP/1.1" 301 - "-" "Mozilla/5.0 (Linux; Android 12; SM-N770F) AppleWebKit/537.36 (KHTML, like Gecko) Chrome/101.0.4951.54 Mobile Safari/537.36 EdgA/101.0.1210.39"
13.215.207.82 - - [02/May/2025:16:23:52 -0500] "GET /wp-emoji-release.min.js HTTP/1.1" 404 85076 "-" "Mozilla/5.0 (Linux; Android 11; Redmi Note 8 Pro) AppleWebKit/537.36 (KHTML, like Gecko) Chrome/99.0.4844.88 Mobile Safari/537.36 OPR/68.3.3557.64528"
162.215.15.55 - - [02/May/2025:16:23:53 -0500] "POST /wp-cron.php?doing_wp_cron=1746221033.8752720355987548828125 HTTP/1.1" 200 - "-" "WordPress/6.8.1; https://dna-1981.com"
66.249.75.72 - - [02/May/2025:16:24:36 -0500] "GET /logomasters/shop-by-brand.php?cat=all_outerwear&&type=Woman&&brand=Dri%20Duck HTTP/1.1" 200 20895 "-" "Mozilla/5.0 (Linux; Android 6.0.1; Nexus 5X Build/MMB29P) AppleWebKit/537.36 (KHTML, like Gecko) Chrome/135.0.7049.95 Mobile Safari/537.36 (compatible; Googlebot/2.1; +http://www.google.com/bot.html)"
13.215.207.82 - - [02/May/2025:16:24:39 -0500] "GET //dna-1981.com/wp-content/plugins/elementor/assets/js/webpack.runtime.min.js HTTP/1.1" 301 - "-" "facebookscraper/1.0( http://www.facebook.com/sharescraper_help.php)"
13.215.207.82 - - [02/May/2025:16:24:39 -0500] "GET //dna-1981.com/wp-content/themes/astra/assets/js/minified/style.min.js HTTP/1.1" 301 - "-" "Screaming Frog SEO Spider/8.1"
13.215.207.82 - - [02/May/2025:16:24:39 -0500] "GET //dna-1981.com/wp-content/plugins/elementor/assets/js/frontend.min.js HTTP/1.1" 301 - "-" "Mozilla/4.0 (compatible; MSIE 8.0; Windows NT 6.1; Trident/4.0)"
13.215.207.82 - - [02/May/2025:16:24:39 -0500] "GET //dna-1981.com/wp-includes/js/dist/dom-ready.min.js HTTP/1.1" 301 - "-" "Mozilla/5.0 (Macintosh; Intel Mac OS X 10_10_1) AppleWebKit/537.36 (KHTML, like Gecko) Chrome/52.0.2743.116 Safari/537.36"
13.215.207.82 - - [02/May/2025:16:24:39 -0500] "GET //dna-1981.com/wp-includes/js/jquery/jquery.min.js HTTP/1.1" 301 - "-" "Mozilla/5.0 (Windows NT 10.0; Win64; x64) AppleWebKit/537.36 (KHTML, like Gecko) Chrome/79.0.3945.0 Safari/537.36"
13.215.207.82 - - [02/May/2025:16:24:39 -0500] "GET //dna-1981.com/wp-content/themes/astra/assets/js/minified/flexibility.min.js HTTP/1.1" 301 - "-" "Mozilla/5.0 (iPad; U; CPU OS 3_2 like Mac OS X; en-us) AppleWebKit/531.21.10 (KHTML, like Gecko) Version/4.0.4 Mobile/7B334b Safari/531.21.10"
13.215.207.82 - - [02/May/2025:16:24:39 -0500] "GET //dna-1981.com/wp-content/plugins/elementor/assets/lib/swiper/v8/swiper.min.js HTTP/1.1" 301 - "-" "Mozilla/5.0 (X11; Linux x86_64) AppleWebKit/537.36 (KHTML, like Gecko) Chrome/95.0.4638.69 Safari/537.36"
13.215.207.82 - - [02/May/2025:16:24:40 -0500] "GET //dna-1981.com/wp-includes/js/jquery/ui/core.min.js HTTP/1.1" 301 - "-" "BlackBerry9530/4.7.0.167 Profile/MIDP-2.0 Configuration/CLDC-1.1 VendorID/102 UP.Link/6.3.1.20.0"
13.215.207.82 - - [02/May/2025:16:24:40 -0500] "GET //dna-1981.com/wp-includes/js/jquery/jquery-migrate.min.js HTTP/1.1" 301 - "-" "Mozilla/4.0 (PDA; PalmOS/sony/model prmr/Revision:1.1.54 (en)) NetFront/3.0"
13.215.207.82 - - [02/May/2025:16:24:40 -0500] "GET //dna-1981.com/wp-content/plugins/astra-sites/inc/lib/onboarding/assets/dist/template-preview/main.js HTTP/1.1" 301 - "-" "Mozilla/5.0 (Macintosh; U; Intel Mac OS X 10_6_5; de-de) AppleWebKit/534.15  (KHTML, like Gecko) Version/5.0.3 Safari/533.19.4"
13.215.207.82 - - [02/May/2025:16:24:40 -0500] "GET //dna-1981.com/wp-content/plugins/elementor/assets/js/frontend-modules.min.js HTTP/1.1" 301 - "-" "Mozilla/5.0 (Linux; Android 10; itel L5006C) AppleWebKit/537.36 (KHTML, like Gecko) Chrome/88.0.4324.181 Mobile Safari/537.36"
13.215.207.82 - - [02/May/2025:16:24:40 -0500] "GET /wp-emoji-release.min.js HTTP/1.1" 404 85065 "-" "Mozilla/5.0 (X11; U; Linux; en-US) AppleWebKit/527  (KHTML, like Gecko, Safari/419.3) Arora/0.10.1"
13.215.207.82 - - [02/May/2025:16:25:26 -0500] "GET //dna-1981.com/wp-includes/js/jquery/jquery.min.js HTTP/1.1" 301 - "-" "Mozilla/5.0 (iPhone; U; CPU iPhone OS 5_1_1 like Mac OS X; da-dk) AppleWebKit/534.46.0 (KHTML, like Gecko) CriOS/19.0.1084.60 Mobile/9B206 Safari/7534.48.3"
13.215.207.82 - - [02/May/2025:16:25:26 -0500] "GET //dna-1981.com/wp-content/plugins/elementor/assets/js/webpack.runtime.min.js HTTP/1.1" 301 - "-" "Mozilla/5.0 (Windows NT 10.0; Win64; x64) AppleWebKit/537.36 (KHTML, like Gecko) Chrome/90.0.4430.93 Safari/537.36 Edg/90.0.818.56"
13.215.207.82 - - [02/May/2025:16:25:26 -0500] "GET //dna-1981.com/wp-includes/js/dist/dom-ready.min.js HTTP/1.1" 301 - "-" "Mozilla/5.0 (Linux; Android 11; SM-A225F) AppleWebKit/537.36 (KHTML, like Gecko) Chrome/101.0.4951.41 Mobile Safari/537.36"
13.215.207.82 - - [02/May/2025:16:25:26 -0500] "GET //dna-1981.com/wp-includes/js/jquery/ui/core.min.js HTTP/1.1" 301 - "-" "Mozilla/5.0 (Windows NT 6.2; ARM; Trident/7.0; Touch; rv:11.0; WPDesktop; NOKIA; Lumia 635) like Gecko"
13.215.207.82 - - [02/May/2025:16:25:26 -0500] "GET //dna-1981.com/wp-includes/js/jquery/jquery-migrate.min.js HTTP/1.1" 301 - "-" "Mozilla/5.0 (Linux; Android 11; Pixel 2 XL) AppleWebKit/537.36 (KHTML, like Gecko) Chrome/101.0.4951.41 Mobile Safari/537.36"
13.215.207.82 - - [02/May/2025:16:25:26 -0500] "GET //dna-1981.com/wp-content/themes/astra/assets/js/minified/style.min.js HTTP/1.1" 301 - "-" "Mozilla/5.0 (iPhone; U; CPU iPhone OS 5_1_1 like Mac OS X; da-dk) AppleWebKit/534.46.0 (KHTML, like Gecko) CriOS/19.0.1084.60 Mobile/9B206 Safari/7534.48.3"
13.215.207.82 - - [02/May/2025:16:25:27 -0500] "GET /wp-emoji-release.min.js HTTP/1.1" 404 85076 "-" "Mozilla/5.0 (Linux; Android 7.0; ZE520KL) AppleWebKit/537.36 (KHTML, like Gecko) Chrome/87.0.4280.101 Mobile Safari/537.36"
13.215.207.82 - - [02/May/2025:16:25:27 -0500] "GET //dna-1981.com/wp-content/plugins/elementor/assets/js/frontend.min.js HTTP/1.1" 301 - "-" "Mozilla/5.0 (Linux; Android 12; vivo 1907) AppleWebKit/537.36 (KHTML, like Gecko) Chrome/101.0.4951.61 Mobile Safari/537.36"
13.215.207.82 - - [02/May/2025:16:25:27 -0500] "GET //dna-1981.com/wp-content/plugins/elementor/assets/lib/swiper/v8/swiper.min.js HTTP/1.1" 301 - "-" "Mozilla/5.0 (Linux; Android 5.0.2; SAMSUNG SM-T530NU Build/LRX22G) AppleWebKit/537.36 (KHTML, like Gecko) SamsungBrowser/3.2 Chrome/38.0.2125.102 Safari/537.36"
13.215.207.82 - - [02/May/2025:16:25:26 -0500] "GET //dna-1981.com/wp-content/plugins/astra-sites/inc/lib/onboarding/assets/dist/template-preview/main.js HTTP/1.1" 301 - "-" "Mozilla/5.0 (Linux; U; Android 2.2; en-ca; GT-P1000M Build/FROYO) AppleWebKit/533.1 (KHTML, like Gecko) Version/4.0 Mobile Safari/533.1"
13.215.207.82 - - [02/May/2025:16:25:27 -0500] "GET //dna-1981.com/wp-content/themes/astra/assets/js/minified/flexibility.min.js HTTP/1.1" 301 - "-" "Mozilla/5.0 (Windows NT 10.0; Win64; x64) AppleWebKit/537.36 (KHTML, like Gecko) Chrome/91.0.4472.164 Safari/537.36"
13.215.207.82 - - [02/May/2025:16:25:27 -0500] "GET //dna-1981.com/wp-content/plugins/elementor/assets/js/frontend-modules.min.js HTTP/1.1" 301 - "-" "Mozilla/5.0 (Linux; Android 11; GM1910) AppleWebKit/537.36 (KHTML, like Gecko) Chrome/101.0.4951.41 Mobile Safari/537.36"
162.215.15.55 - - [02/May/2025:16:25:28 -0500] "POST /wp-cron.php?doing_wp_cron=1746221128.3688709735870361328125 HTTP/1.1" 200 - "-" "WordPress/6.8.1; https://dna-1981.com"
66.249.75.74 - - [02/May/2025:16:26:00 -0500] "GET /logomasters/product-details-colors.php?id=1434&&color=11089 HTTP/1.1" 200 28155 "-" "Mozilla/5.0 (Linux; Android 6.0.1; Nexus 5X Build/MMB29P) AppleWebKit/537.36 (KHTML, like Gecko) Chrome/135.0.7049.95 Mobile Safari/537.36 (compatible; GoogleOther)"
13.215.207.82 - - [02/May/2025:16:26:07 -0500] "GET //dna-1981.com/wp-content/themes/astra/assets/js/minified/flexibility.min.js HTTP/1.1" 301 - "-" "Mozilla/5.0 (Linux; Android 12; SM-G970U) AppleWebKit/537.36 (KHTML, like Gecko) Chrome/101.0.4951.61 Mobile Safari/537.36"
13.215.207.82 - - [02/May/2025:16:26:07 -0500] "GET //dna-1981.com/wp-content/plugins/elementor/assets/js/webpack.runtime.min.js HTTP/1.1" 301 - "-" "Mozilla/5.0 (Linux; Android 8.1.0; TECNO KA7O Build/O11019; wv) AppleWebKit/537.36 (KHTML, like Gecko) Version/4.0 Chrome/91.0.4472.120 Mobile Safari/537.36"
13.215.207.82 - - [02/May/2025:16:26:07 -0500] "GET //dna-1981.com/wp-content/plugins/elementor/assets/lib/swiper/v8/swiper.min.js HTTP/1.1" 301 - "-" "Mozilla/5.0 (Linux; Android 5.1; C6740N Build/LMY47O) AppleWebKit/537.36 (KHTML, like Gecko) Chrome/42.0.2311.111 Mobile Safari/537.36"
13.215.207.82 - - [02/May/2025:16:26:07 -0500] "GET //dna-1981.com/wp-includes/js/jquery/ui/core.min.js HTTP/1.1" 301 - "-" "Mozilla/5.0 (Macintosh; Intel Mac OS X 10_15_7) AppleWebKit/537.36 (KHTML, like Gecko) Chrome/101.0.4951.54 Safari/537.36 Edg/101.0.1210.39"
13.215.207.82 - - [02/May/2025:16:26:07 -0500] "GET //dna-1981.com/wp-content/themes/astra/assets/js/minified/style.min.js HTTP/1.1" 301 - "-" "Mozilla/5.0 (Linux; U; Android 2.2; en-us; Droid Build/FRG22D) AppleWebKit/533.1 (KHTML, like Gecko) Version/4.0 Mobile Safari/533.1"
13.215.207.82 - - [02/May/2025:16:26:07 -0500] "GET //dna-1981.com/wp-includes/js/jquery/jquery.min.js HTTP/1.1" 301 - "-" "Mozilla/5.0 (Linux; Android 11; SM-A505FN) AppleWebKit/537.36 (KHTML, like Gecko) Chrome/101.0.4951.41 Mobile Safari/537.36"
13.215.207.82 - - [02/May/2025:16:26:07 -0500] "GET //dna-1981.com/wp-includes/js/jquery/jquery-migrate.min.js HTTP/1.1" 301 - "-" "Mozilla/5.0 (X11; CrOS x86_64 13982.88.0) AppleWebKit/537.36 (KHTML, like Gecko) Chrome/92.0.4515.162 Safari/537.36"
13.215.207.82 - - [02/May/2025:16:26:07 -0500] "GET //dna-1981.com/wp-content/plugins/elementor/assets/js/frontend.min.js HTTP/1.1" 301 - "-" "Mozilla/5.0 (Macintosh; Intel Mac OS X 10_15_7) AppleWebKit/537.36 (KHTML, like Gecko) Chrome/98.0.4758.141 YaBrowser/22.3.3.865 Yowser/2.5 Safari/537.36"
13.215.207.82 - - [02/May/2025:16:26:07 -0500] "GET //dna-1981.com/wp-content/plugins/astra-sites/inc/lib/onboarding/assets/dist/template-preview/main.js HTTP/1.1" 301 - "-" "SAMSUNG-SGH-A867/A867UCHJ3 SHP/VPP/R5 NetFront/35 SMM-MMS/1.2.0 profile/MIDP-2.0 configuration/CLDC-1.1 UP.Link/6.3.0.0.0"
13.215.207.82 - - [02/May/2025:16:26:07 -0500] "GET //dna-1981.com/wp-content/plugins/elementor/assets/js/frontend-modules.min.js HTTP/1.1" 301 - "-" "Mozilla/5.0 (SymbianOS/9.1; U; en-us) AppleWebKit/413 (KHTML, like Gecko) Safari/413 es65"
13.215.207.82 - - [02/May/2025:16:26:07 -0500] "GET /wp-emoji-release.min.js HTTP/1.1" 404 85065 "-" "Mozilla/5.0 (Macintosh; Intel Mac OS X 10_14_6) AppleWebKit/537.36 (KHTML, like Gecko) Chrome/99.0.4844.83 Safari/537.36"
13.215.207.82 - - [02/May/2025:16:26:07 -0500] "GET //dna-1981.com/wp-includes/js/dist/dom-ready.min.js HTTP/1.1" 301 - "-" "Mozilla/5.0 (Linux; Android 10; K) AppleWebKit/537.36 (KHTML, like Gecko) Chrome/101.0.0.0 Mobile Safari/537.36"
162.215.15.55 - - [02/May/2025:16:26:08 -0500] "POST /wp-cron.php?doing_wp_cron=1746221168.6578860282897949218750 HTTP/1.1" 200 - "-" "WordPress/6.8.1; https://dna-1981.com"
13.215.207.82 - - [02/May/2025:16:26:57 -0500] "GET //dna-1981.com/wp-includes/js/jquery/ui/core.min.js HTTP/1.1" 301 - "-" "Mozilla/5.0 (Windows NT 10.0; WOW64) AppleWebKit/537.36 (KHTML, like Gecko) Maxthon/5.0.4.3000 Chrome/47.0.2526.73 Safari/537.36"
13.215.207.82 - - [02/May/2025:16:26:57 -0500] "GET //dna-1981.com/wp-content/plugins/elementor/assets/js/frontend-modules.min.js HTTP/1.1" 301 - "-" "Mozilla/5.0 (Linux; Android 7.1.1; CPH1725 Build/N6F26Q; wv) AppleWebKit/537.36 (KHTML, like Gecko) Version/4.0 Chrome/101.0.4951.61 Mobile Safari/537.36 [FB_IAB/Orca-Android;FBAV/360.0.0.10.113;]"
13.215.207.82 - - [02/May/2025:16:26:57 -0500] "GET //dna-1981.com/wp-includes/js/jquery/jquery.min.js HTTP/1.1" 301 - "-" "Mozilla/4.0 (compatible; MSIE 6.0; Windows NT 5.1)"
13.215.207.82 - - [02/May/2025:16:26:57 -0500] "GET //dna-1981.com/wp-content/themes/astra/assets/js/minified/flexibility.min.js HTTP/1.1" 301 - "-" "Mozilla/5.0 (Linux; Android 11; SM-A326U) AppleWebKit/537.36 (KHTML, like Gecko) Chrome/101.0.4951.41 Mobile Safari/537.36"
13.215.207.82 - - [02/May/2025:16:26:57 -0500] "GET //dna-1981.com/wp-content/plugins/astra-sites/inc/lib/onboarding/assets/dist/template-preview/main.js HTTP/1.1" 301 - "-" "Mozilla/5.0 (Linux; Android 12; Pixel 6) AppleWebKit/537.36 (KHTML, like Gecko) Chrome/101.0.4951.61 Mobile Safari/537.36"
13.215.207.82 - - [02/May/2025:16:26:57 -0500] "GET //dna-1981.com/wp-includes/js/dist/dom-ready.min.js HTTP/1.1" 301 - "-" "Mozilla/5.0 (Windows NT 10.0; WOW64) AppleWebKit/537.36 (KHTML, like Gecko) Chrome/101.0.4951.54 Safari/537.36 Edg/101.0.1210.39"
13.215.207.82 - - [02/May/2025:16:26:57 -0500] "GET //dna-1981.com/wp-content/plugins/elementor/assets/js/webpack.runtime.min.js HTTP/1.1" 301 - "-" "Mozilla/5.0 (compatible; MSIE 9.0; Windows NT 6.1; Trident/5.0; XBLWP7; ZuneWP7) UCBrowser/2.9.0.263"
13.215.207.82 - - [02/May/2025:16:26:57 -0500] "GET //dna-1981.com/wp-content/plugins/elementor/assets/lib/swiper/v8/swiper.min.js HTTP/1.1" 301 - "-" "Mozilla/5.0 (Windows NT 10.0; Win64; x64) AppleWebKit/537.36 (KHTML, like Gecko) Chrome/100.0.4896.143 Safari/537.36"
13.215.207.82 - - [02/May/2025:16:26:57 -0500] "GET //dna-1981.com/wp-content/plugins/elementor/assets/js/frontend.min.js HTTP/1.1" 301 - "-" "Mozilla/5.0 (Windows; U; Windows NT 6.1; en-US) AppleWebKit/534.14 (KHTML, like Gecko) Chrome/10.0.601.0 Safari/534.14"
13.215.207.82 - - [02/May/2025:16:26:57 -0500] "GET //dna-1981.com/wp-content/themes/astra/assets/js/minified/style.min.js HTTP/1.1" 301 - "-" "Peach/1.01 (Ubuntu 8.04 LTS; U; en)"
13.215.207.82 - - [02/May/2025:16:26:57 -0500] "GET /wp-emoji-release.min.js HTTP/1.1" 404 85065 "-" "Mozilla/5.0 (compatible; YandexNews/4.0; +http://yandex.com/bots)"
13.215.207.82 - - [02/May/2025:16:26:57 -0500] "GET //dna-1981.com/wp-includes/js/jquery/jquery-migrate.min.js HTTP/1.1" 301 - "-" "Mozilla/5.0 (Android 4.2; rv:19.0) Gecko/20121129 Firefox/19.0"
162.215.15.55 - - [02/May/2025:16:26:58 -0500] "POST /wp-cron.php?doing_wp_cron=1746221218.8577039241790771484375 HTTP/1.1" 200 - "-" "WordPress/6.8.1; https://dna-1981.com"
13.215.207.82 - - [02/May/2025:16:27:35 -0500] "GET //dna-1981.com/wp-includes/js/jquery/jquery.min.js HTTP/1.1" 301 - "-" "Mozilla/5.0 (Windows NT 6.3; Win64; x64) AppleWebKit/537.36 (KHTML, like Gecko) Chrome/37.0.2049.0 Safari/537.36"
13.215.207.82 - - [02/May/2025:16:27:35 -0500] "GET //dna-1981.com/wp-includes/js/jquery/jquery-migrate.min.js HTTP/1.1" 301 - "-" "Mozilla/5.0 (Macintosh; Intel Mac OS X 10_13_6) AppleWebKit/537.36 (KHTML, like Gecko) Chrome/73.0.3683.103 Safari/537.36"
13.215.207.82 - - [02/May/2025:16:27:35 -0500] "GET //dna-1981.com/wp-content/plugins/astra-sites/inc/lib/onboarding/assets/dist/template-preview/main.js HTTP/1.1" 301 - "-" "Mozilla/5.0 (Macintosh; Intel Mac OS X 10_15_4) AppleWebKit/537.36 (KHTML, like Gecko) Chrome/101.0.4951.64 Safari/537.36"
13.215.207.82 - - [02/May/2025:16:27:35 -0500] "GET //dna-1981.com/wp-content/plugins/elementor/assets/js/frontend-modules.min.js HTTP/1.1" 301 - "-" "Mozilla/1.22 (compatible; MSIE 5.01; PalmOS 3.0) EudoraWeb 2.1"
13.215.207.82 - - [02/May/2025:16:27:35 -0500] "GET //dna-1981.com/wp-content/plugins/elementor/assets/js/webpack.runtime.min.js HTTP/1.1" 301 - "-" "Mozilla/5.0 (Windows NT 10.0; WOW64) AppleWebKit/537.36 (KHTML, like Gecko) Chrome/101.0.4951.64 Safari/537.36"
13.215.207.82 - - [02/May/2025:16:27:35 -0500] "GET /wp-emoji-release.min.js HTTP/1.1" 404 85065 "-" "Mozilla/5.0 (X11; CrOS x86_64 14588.98.0) AppleWebKit/537.36 (KHTML, like Gecko) Chrome/101.0.4951.59 Safari/537.36"
13.215.207.82 - - [02/May/2025:16:27:35 -0500] "GET //dna-1981.com/wp-includes/js/dist/dom-ready.min.js HTTP/1.1" 301 - "-" "Mozilla/5.0 (Linux; U; Android 8.0.0; zh-cn; Mi Note 2 Build/OPR1.170623.032) AppleWebKit/537.36 (KHTML, like Gecko) Version/4.0 Chrome/61.0.3163.128 Mobile Safari/537.36 XiaoMi/MiuiBrowser/10.1.1"
13.215.207.82 - - [02/May/2025:16:27:35 -0500] "GET //dna-1981.com/wp-content/plugins/elementor/assets/js/frontend.min.js HTTP/1.1" 301 - "-" "Mozilla/1.22 (compatible; MSIE 5.01; PalmOS 3.0) EudoraWeb 2.1"
13.215.207.82 - - [02/May/2025:16:27:35 -0500] "GET //dna-1981.com/wp-content/plugins/elementor/assets/lib/swiper/v8/swiper.min.js HTTP/1.1" 301 - "-" "SonyEricssonW810i/R4EA Browser/NetFront/3.3 Profile/MIDP-2.0 Configuration/CLDC-1.1 UP.Link/6.3.0.0.0"
13.215.207.82 - - [02/May/2025:16:27:35 -0500] "GET //dna-1981.com/wp-content/themes/astra/assets/js/minified/style.min.js HTTP/1.1" 301 - "-" "Mozilla/5.0 (Linux; Android 7.1.1; XT1710-02 Build/NDS26.74-36) AppleWebKit/537.36 (KHTML, like Gecko) Chrome/59.0.3071.125 Mobile Safari/537.36"
13.215.207.82 - - [02/May/2025:16:27:35 -0500] "GET //dna-1981.com/wp-content/themes/astra/assets/js/minified/flexibility.min.js HTTP/1.1" 301 - "-" "Mozilla/5.0 (Linux; U; Android 2.1; en-us; Nexus One Build/ERD62) AppleWebKit/530.17 (KHTML, like Gecko) Version/4.0 Mobile Safari/530.17"
13.215.207.82 - - [02/May/2025:16:27:36 -0500] "GET //dna-1981.com/wp-includes/js/jquery/ui/core.min.js HTTP/1.1" 301 - "-" "Mozilla/5.0 (Macintosh; Intel Mac OS X 10_15_7) AppleWebKit/537.36 (KHTML, like Gecko) Chrome/101.0.4951.64 Safari/537.36"
66.249.75.74 - - [02/May/2025:16:28:07 -0500] "GET /logomasters/product-details-colors.php?id=1422&&color=13029 HTTP/1.1" 200 27715 "-" "Mozilla/5.0 (Linux; Android 6.0.1; Nexus 5X Build/MMB29P) AppleWebKit/537.36 (KHTML, like Gecko) Chrome/135.0.7049.95 Mobile Safari/537.36 (compatible; Googlebot/2.1; +http://www.google.com/bot.html)"
15.204.43.173 - - [02/May/2025:16:28:26 -0500] "POST /xmlrpc.php HTTP/2.0" 200 403 "https://dna-1981.com" "Mozilla/5.0 (Windows NT 10.0; Win64; x64) AppleWebKit/537.36 (KHTML, like Gecko) Chrome/113.0.5672.126 Safari/537.36 Edg/113.0.1774.50"
66.249.75.74 - - [02/May/2025:16:31:07 -0500] "GET /logomasters/product-details-colors.php?id=2076&&color=14795 HTTP/1.1" 200 31703 "-" "Mozilla/5.0 (Linux; Android 6.0.1; Nexus 5X Build/MMB29P) AppleWebKit/537.36 (KHTML, like Gecko) Chrome/135.0.7049.95 Mobile Safari/537.36 (compatible; Googlebot/2.1; +http://www.google.com/bot.html)"
103.161.173.219 - - [02/May/2025:16:34:39 -0500] "POST /xmlrpc.php HTTP/2.0" 200 403 "https://dna-1981.com" "Mozilla/5.0 (Macintosh; Intel Mac OS X 13_3) AppleWebKit/537.36 (KHTML, like Gecko) Chrome/126.0.0.0 Safari/537.36"
162.215.15.55 - - [02/May/2025:16:34:41 -0500] "POST /wp-cron.php?doing_wp_cron=1746221681.0825281143188476562500 HTTP/1.1" 200 - "-" "WordPress/6.8.1; https://dna-1981.com"
107.151.209.126 - - [02/May/2025:16:39:59 -0500] "POST /wp-login.php HTTP/1.1" 200 5972 "-" "Mozilla/5.0"
162.215.15.55 - - [02/May/2025:16:40:01 -0500] "POST /wp-cron.php?doing_wp_cron=1746222001.0046060085296630859375 HTTP/1.1" 200 - "-" "WordPress/6.8.1; https://dna-1981.com"
51.38.119.44 - - [02/May/2025:16:40:50 -0500] "POST /xmlrpc.php HTTP/2.0" 200 403 "https://dna-1981.com" "Mozilla/5.0 (Windows NT 10.0; Win64; x64) AppleWebKit/537.36 (KHTML, like Gecko) Chrome/115.0.5790.171 Safari/537.36 Edg/115.0.1901.203"
162.215.15.55 - - [02/May/2025:16:40:52 -0500] "POST /wp-cron.php?doing_wp_cron=1746222052.1531438827514648437500 HTTP/1.1" 200 - "-" "WordPress/6.8.1; https://dna-1981.com"
66.249.75.74 - - [02/May/2025:16:41:07 -0500] "GET /logomasters/product-details-colors.php?id=2080&&color=14809 HTTP/1.1" 200 31739 "-" "Mozilla/5.0 (Linux; Android 6.0.1; Nexus 5X Build/MMB29P) AppleWebKit/537.36 (KHTML, like Gecko) Chrome/135.0.7049.95 Mobile Safari/537.36 (compatible; GoogleOther)"
66.249.75.74 - - [02/May/2025:16:45:08 -0500] "GET /logomasters/product-details-colors.php?id=2076&&color=14797 HTTP/1.1" 200 31610 "-" "Mozilla/5.0 (Linux; Android 6.0.1; Nexus 5X Build/MMB29P) AppleWebKit/537.36 (KHTML, like Gecko) Chrome/135.0.7049.95 Mobile Safari/537.36 (compatible; Googlebot/2.1; +http://www.google.com/bot.html)"
51.195.36.135 - - [02/May/2025:16:45:29 -0500] "GET /wp-content/plugins/wp-query-console/README.txt HTTP/2.0" 404 85065 "-" "Mozilla/5.0 (Windows NT 10.0; Win64; x64) AppleWebKit/537.36 (KHTML, like Gecko) Chrome/127.0.0.0 Safari/537.36"
162.215.15.55 - - [02/May/2025:16:45:30 -0500] "POST /wp-cron.php?doing_wp_cron=1746222330.8010199069976806640625 HTTP/1.1" 200 - "-" "WordPress/6.8.1; https://dna-1981.com"
51.195.36.135 - - [02/May/2025:16:45:34 -0500] "GET /wp-content/plugins/suffer/sec_upload.php HTTP/2.0" 404 85065 "-" "Mozilla/5.0 (Windows NT 10.0; Win64; x64) AppleWebKit/537.36 (KHTML, like Gecko) Chrome/127.0.0.0 Safari/537.36"
114.119.174.226 - - [02/May/2025:16:47:01 -0500] "POST /xmlrpc.php HTTP/2.0" 200 403 "https://dna-1981.com" "Mozilla/5.0 (Macintosh; Intel Mac OS X 14.5) AppleWebKit/618.3.5 (KHTML, like Gecko) Version/17.4 Safari/618.3.5"
162.215.15.55 - - [02/May/2025:16:47:03 -0500] "POST /wp-cron.php?doing_wp_cron=1746222423.0461070537567138671875 HTTP/1.1" 200 - "-" "WordPress/6.8.1; https://dna-1981.com"
44.235.221.120 - - [02/May/2025:16:50:37 -0500] "GET /?sucurianticache=1516306088 HTTP/1.1" 200 119854 "-" "Sucuri Uptime Monitor"
52.38.216.204 - - [02/May/2025:16:50:44 -0500] "GET /?sucurianticache=74528502 HTTP/1.1" 200 119854 "-" "Sucuri Uptime Monitor"
66.249.75.72 - - [02/May/2025:16:52:08 -0500] "GET /logomasters/shop-by-brand.php?cat=polo_sweater&&type=Men&&brand=Adidas HTTP/1.1" 200 18989 "-" "Mozilla/5.0 (Linux; Android 6.0.1; Nexus 5X Build/MMB29P) AppleWebKit/537.36 (KHTML, like Gecko) Chrome/135.0.7049.95 Mobile Safari/537.36 (compatible; Googlebot/2.1; +http://www.google.com/bot.html)"
123.1.133.4 - - [02/May/2025:16:53:06 -0500] "POST /xmlrpc.php HTTP/2.0" 200 403 "https://dna-1981.com" "Mozilla/5.0 (Windows NT 11.0; Win64; x64) AppleWebKit/537.36 (KHTML, like Gecko) Chrome/126.0.0.0 Safari/537.36 Edg/126.0.0.0"
162.215.15.55 - - [02/May/2025:16:53:07 -0500] "POST /wp-cron.php?doing_wp_cron=1746222787.4039158821105957031250 HTTP/1.1" 200 - "-" "WordPress/6.8.1; https://dna-1981.com"
5.135.58.195 - - [02/May/2025:16:54:53 -0500] "GET / HTTP/1.1" 200 119854 "-" "Mozilla/5.0 (X11; Ubuntu; Linux x86_64; rv:134.0) Gecko/20100101 Firefox/134.0"
162.215.15.55 - - [02/May/2025:16:54:54 -0500] "POST /wp-cron.php?doing_wp_cron=1746222894.5694971084594726562500 HTTP/1.1" 200 - "-" "WordPress/6.8.1; https://dna-1981.com"
66.249.75.74 - - [02/May/2025:16:57:07 -0500] "GET /logomasters/product-details-colors.php?id=2318&&color=16896 HTTP/1.1" 200 30242 "-" "Mozilla/5.0 (Linux; Android 6.0.1; Nexus 5X Build/MMB29P) AppleWebKit/537.36 (KHTML, like Gecko) Chrome/135.0.7049.95 Mobile Safari/537.36 (compatible; GoogleOther)"
66.249.75.72 - - [02/May/2025:16:58:09 -0500] "GET /logomasters/product-details-colors.php?id=2317&&color=16892 HTTP/1.1" 200 31338 "-" "Mozilla/5.0 (Linux; Android 6.0.1; Nexus 5X Build/MMB29P) AppleWebKit/537.36 (KHTML, like Gecko) Chrome/135.0.7049.95 Mobile Safari/537.36 (compatible; Googlebot/2.1; +http://www.google.com/bot.html)"
91.196.152.228 - - [02/May/2025:16:58:19 -0500] "GET / HTTP/1.1" 200 119854 "-" "Mozilla/5.0 (X11; Ubuntu; Linux x86_64; rv:134.0) Gecko/20100101 Firefox/134.0"
162.215.15.55 - - [02/May/2025:16:58:20 -0500] "POST /wp-cron.php?doing_wp_cron=1746223100.4476389884948730468750 HTTP/1.1" 200 - "-" "WordPress/6.8.1; https://dna-1981.com"
80.235.121.19 - - [02/May/2025:16:59:18 -0500] "GET /wp-admin/ HTTP/1.1" 302 - "http://mail.dna-1981.com/wp-login.php" "GRequests/0.10"
68.65.122.219 - - [02/May/2025:16:59:18 -0500] "POST /xmlrpc.php HTTP/2.0" 200 403 "https://dna-1981.com" "Mozilla/5.0 (Macintosh; Intel Mac OS X 10_15_7; rv:125.0.1) Gecko/20100101 Firefox/125.0.1"
80.235.121.19 - - [02/May/2025:16:59:20 -0500] "GET /wp-login.php?redirect_to=https%3A%2F%2Fdna-1981.com%2Fwp-admin%2F&reauth=1 HTTP/1.1" 200 5569 "https://dna-1981.com/wp-admin/" "GRequests/0.10"
80.235.121.19 - - [02/May/2025:16:59:23 -0500] "GET /wp-admin/ HTTP/1.1" 302 - "http://mail.dna-1981.com/wp-login.php" "GRequests/0.10"
80.235.121.19 - - [02/May/2025:16:59:25 -0500] "GET /wp-login.php?redirect_to=https%3A%2F%2Fdna-1981.com%2Fwp-admin%2F&reauth=1 HTTP/1.1" 200 5569 "https://dna-1981.com/wp-admin/" "GRequests/0.10"
80.235.121.19 - - [02/May/2025:16:59:29 -0500] "GET /wp-admin/ HTTP/1.1" 302 - "http://mail.dna-1981.com/wp-admin/" "GRequests/0.10"
80.235.121.19 - - [02/May/2025:16:59:31 -0500] "GET /wp-login.php?redirect_to=https%3A%2F%2Fmail.dna-1981.com%2Fwp-admin%2F&reauth=1 HTTP/1.1" 200 5574 "https://mail.dna-1981.com/wp-admin/" "GRequests/0.10"
91.196.152.60 - - [02/May/2025:17:04:19 -0500] "GET /favicon.ico HTTP/1.1" 302 - "-" "Mozilla/5.0 (X11; Ubuntu; Linux x86_64; rv:134.0) Gecko/20100101 Firefox/134.0"
162.215.15.55 - - [02/May/2025:17:04:21 -0500] "POST /wp-cron.php?doing_wp_cron=1746223461.3440430164337158203125 HTTP/1.1" 200 - "-" "WordPress/6.8.1; https://dna-1981.com"
66.249.75.73 - - [02/May/2025:17:05:09 -0500] "GET /logomasters/product-details-colors.php?id=2317&&color=16889 HTTP/1.1" 200 31392 "-" "Mozilla/5.0 (Linux; Android 6.0.1; Nexus 5X Build/MMB29P) AppleWebKit/537.36 (KHTML, like Gecko) Chrome/135.0.7049.95 Mobile Safari/537.36 (compatible; Googlebot/2.1; +http://www.google.com/bot.html)"
185.88.153.48 - - [02/May/2025:17:05:34 -0500] "POST /xmlrpc.php HTTP/2.0" 200 403 "https://dna-1981.com" "Mozilla/5.0 (Macintosh; Intel Mac OS X 10_15_7) AppleWebKit/537.36 (KHTML, like Gecko) Chrome/116.0.5845.96 Safari/537.36"
162.215.15.55 - - [02/May/2025:17:05:36 -0500] "POST /wp-cron.php?doing_wp_cron=1746223536.1608231067657470703125 HTTP/1.1" 200 - "-" "WordPress/6.8.1; https://dna-1981.com"
91.196.152.228 - - [02/May/2025:17:07:48 -0500] "GET /favicon.ico HTTP/1.1" 302 - "-" "Mozilla/5.0 (X11; Ubuntu; Linux x86_64; rv:134.0) Gecko/20100101 Firefox/134.0"
162.215.15.55 - - [02/May/2025:17:07:50 -0500] "POST /wp-cron.php?doing_wp_cron=1746223670.2759959697723388671875 HTTP/1.1" 200 - "-" "WordPress/6.8.1; https://dna-1981.com"
162.0.232.89 - - [02/May/2025:17:11:45 -0500] "POST /xmlrpc.php HTTP/2.0" 200 403 "https://dna-1981.com" "Mozilla/5.0 (Windows NT 10.0; Win64; x64) AppleWebKit/537.36 (KHTML, like Gecko) Chrome/112.0.5615.138 Safari/537.36"
162.215.15.55 - - [02/May/2025:17:11:47 -0500] "POST /wp-cron.php?doing_wp_cron=1746223907.2644350528717041015625 HTTP/1.1" 200 - "-" "WordPress/6.8.1; https://dna-1981.com"
66.249.75.74 - - [02/May/2025:17:12:09 -0500] "GET /logomasters/product-details-colors.php?id=2076&&color=14796 HTTP/1.1" 200 31610 "-" "Mozilla/5.0 (Linux; Android 6.0.1; Nexus 5X Build/MMB29P) AppleWebKit/537.36 (KHTML, like Gecko) Chrome/135.0.7049.95 Mobile Safari/537.36 (compatible; GoogleOther)"
66.249.75.72 - - [02/May/2025:17:12:10 -0500] "GET /logomasters/shop-by-brand.php?cat=polo_sweater&&type=Men&&brand=Under%20Armour HTTP/1.1" 200 18946 "-" "Mozilla/5.0 (Linux; Android 6.0.1; Nexus 5X Build/MMB29P) AppleWebKit/537.36 (KHTML, like Gecko) Chrome/135.0.7049.95 Mobile Safari/537.36 (compatible; Googlebot/2.1; +http://www.google.com/bot.html)"
162.0.232.89 - - [02/May/2025:17:18:11 -0500] "POST /xmlrpc.php HTTP/2.0" 200 403 "https://dna-1981.com" "Mozilla/5.0 (Macintosh; Intel Mac OS X 10_15_7; rv:128.0) Gecko/20100101 Firefox/128.0"
162.215.15.55 - - [02/May/2025:17:18:12 -0500] "POST /wp-cron.php?doing_wp_cron=1746224292.5752379894256591796875 HTTP/1.1" 200 - "-" "WordPress/6.8.1; https://dna-1981.com"
199.188.201.153 - - [02/May/2025:17:24:26 -0500] "POST /xmlrpc.php HTTP/2.0" 200 403 "https://dna-1981.com" "Mozilla/5.0 (Macintosh; Intel Mac OS X 10_15_7) AppleWebKit/537.36 (KHTML, like Gecko) Chrome/114.0.5735.134 Safari/537.36"
162.215.15.55 - - [02/May/2025:17:24:27 -0500] "POST /wp-cron.php?doing_wp_cron=1746224667.6742360591888427734375 HTTP/1.1" 200 - "-" "WordPress/6.8.1; https://dna-1981.com"
66.249.75.74 - - [02/May/2025:17:25:09 -0500] "GET /logomasters/product-details-colors.php?id=2067&&color=14758 HTTP/1.1" 200 31579 "-" "Mozilla/5.0 (Linux; Android 6.0.1; Nexus 5X Build/MMB29P) AppleWebKit/537.36 (KHTML, like Gecko) Chrome/135.0.7049.95 Mobile Safari/537.36 (compatible; GoogleOther)"
66.249.75.72 - - [02/May/2025:17:25:10 -0500] "GET /logomasters/product-details-colors.php?id=1339&&color=10639 HTTP/1.1" 200 31609 "-" "Mozilla/5.0 (Linux; Android 6.0.1; Nexus 5X Build/MMB29P) AppleWebKit/537.36 (KHTML, like Gecko) Chrome/135.0.7049.95 Mobile Safari/537.36 (compatible; Googlebot/2.1; +http://www.google.com/bot.html)"
