52.70.209.13 - - [02/May/2025:09:58:08 -0500] "GET /product-details-colors.php?color=13550&id=1851 HTTP/1.1" 200 22981 "-" "Mozilla/5.0 AppleWebKit/537.36 (KHTML, like Gecko; compatible; Amazonbot/0.1; +https://developer.amazon.com/support/amazonbot) Chrome/119.0.6045.214 Safari/537.36"
150.5.147.53 - - [02/May/2025:09:58:07 -0500] "GET /largeimages/1607-98130_52_z.jpg HTTP/1.1" 200 207779 "-" "Mozilla/5.0 (X11; Ubuntu; Linux x86_64; rv:72.0) Gecko/20100101 Firefox/72.0"
208.82.37.138 - - [02/May/2025:09:58:11 -0500] "GET /NFCU/sale-items.php?cat=&&type=&&pageno=3 HTTP/2.0" 200 22300 "https://www.logomastersintl.com/NFCU/sale-items.php?cat=&&type=&&pageno=2" "Mozilla/5.0 (Windows NT 10.0; Win64; x64) AppleWebKit/537.36 (KHTML, like Gecko) Chrome/135.0.0.0 Safari/537.36 Edg/135.0.0.0"
44.215.235.20 - - [02/May/2025:09:58:12 -0500] "GET /product-details-colors.php?color=16585&id=2264 HTTP/1.1" 200 31497 "-" "Mozilla/5.0 AppleWebKit/537.36 (KHTML, like Gecko; compatible; Amazonbot/0.1; +https://developer.amazon.com/support/amazonbot) Chrome/119.0.6045.214 Safari/537.36"
208.82.37.138 - - [02/May/2025:09:58:15 -0500] "GET /largeimage/2174-NKDC1963.jpg HTTP/2.0" 304 - "https://www.logomastersintl.com/" "Mozilla/5.0 (Windows NT 10.0; Win64; x64) AppleWebKit/537.36 (KHTML, like Gecko) Chrome/135.0.0.0 Safari/537.36 Edg/135.0.0.0"
208.82.37.138 - - [02/May/2025:09:58:15 -0500] "GET /largeimage/2184-9061-Black-0-LST550BlackModelFront1-337W.jpg HTTP/2.0" 304 - "https://www.logomastersintl.com/" "Mozilla/5.0 (Windows NT 10.0; Win64; x64) AppleWebKit/537.36 (KHTML, like Gecko) Chrome/135.0.0.0 Safari/537.36 Edg/135.0.0.0"
208.82.37.138 - - [02/May/2025:09:58:15 -0500] "GET /largeimage/2183-9060-IronGrey-1-ST550IronGreyModelFront3-337W.jpg HTTP/2.0" 304 - "https://www.logomastersintl.com/" "Mozilla/5.0 (Windows NT 10.0; Win64; x64) AppleWebKit/537.36 (KHTML, like Gecko) Chrome/135.0.0.0 Safari/537.36 Edg/135.0.0.0"
44.221.37.41 - - [02/May/2025:09:58:16 -0500] "GET /product-details-colors.php?color=16755&id=2298 HTTP/1.1" 200 27184 "-" "Mozilla/5.0 AppleWebKit/537.36 (KHTML, like Gecko; compatible; Amazonbot/0.1; +https://developer.amazon.com/support/amazonbot) Chrome/119.0.6045.214 Safari/537.36"
54.147.80.137 - - [02/May/2025:09:58:21 -0500] "GET /product-details-colors.php?color=16072&id=1478 HTTP/1.1" 200 36805 "-" "Mozilla/5.0 AppleWebKit/537.36 (KHTML, like Gecko; compatible; Amazonbot/0.1; +https://developer.amazon.com/support/amazonbot) Chrome/119.0.6045.214 Safari/537.36"
208.82.37.138 - - [02/May/2025:09:58:22 -0500] "GET /NFCU/sale-items.php?cat=&&type=&&pageno=2 HTTP/2.0" 200 39059 "https://www.logomastersintl.com/NFCU/sale-items.php?cat=&&type=&&pageno=3" "Mozilla/5.0 (Windows NT 10.0; Win64; x64) AppleWebKit/537.36 (KHTML, like Gecko) Chrome/135.0.0.0 Safari/537.36 Edg/135.0.0.0"
150.5.147.58 - - [02/May/2025:09:58:23 -0500] "GET /largeimages/1238-Van_Heusen_13V0143_French_Blue_Front_High.JPG HTTP/1.1" 200 168751 "-" "Mozilla/5.0 (X11; Ubuntu; Linux x86_64; rv:72.0) Gecko/20100101 Firefox/72.0"
34.205.163.103 - - [02/May/2025:09:58:24 -0500] "GET /product-details-colors.php?color=17279&id=2123 HTTP/1.1" 200 28677 "-" "Mozilla/5.0 AppleWebKit/537.36 (KHTML, like Gecko; compatible; Amazonbot/0.1; +https://developer.amazon.com/support/amazonbot) Chrome/119.0.6045.214 Safari/537.36"
114.119.147.0 - - [02/May/2025:09:58:28 -0500] "GET /product-details-colors.php?id=1301&color=15809 HTTP/1.1" 200 31184 "https://logomastersintl.com/product-details-colors.php?id=1301&color=15805" "Mozilla/5.0 (Linux; Android 7.0;) AppleWebKit/537.36 (KHTML, like Gecko) Mobile Safari/537.36 (compatible; PetalBot;+https://webmaster.petalsearch.com/site/petalbot)"
23.21.175.228 - - [02/May/2025:09:58:29 -0500] "GET /product-details-colors.php?color=16234&id=2191 HTTP/1.1" 200 32709 "-" "Mozilla/5.0 AppleWebKit/537.36 (KHTML, like Gecko; compatible; Amazonbot/0.1; +https://developer.amazon.com/support/amazonbot) Chrome/119.0.6045.214 Safari/537.36"
216.244.66.195 - - [02/May/2025:09:58:31 -0500] "GET /product-details-colors.php?id=1965&color=14097 HTTP/1.1" 200 25044 "-" "Mozilla/5.0 (compatible; DotBot/1.2; +https://opensiteexplorer.org/dotbot; help@moz.com)"
54.83.240.58 - - [02/May/2025:09:58:33 -0500] "GET /product-details-colors.php?color=17152&id=2339 HTTP/1.1" 200 34507 "-" "Mozilla/5.0 AppleWebKit/537.36 (KHTML, like Gecko; compatible; Amazonbot/0.1; +https://developer.amazon.com/support/amazonbot) Chrome/119.0.6045.214 Safari/537.36"
216.244.66.195 - - [02/May/2025:09:58:35 -0500] "GET /product-details-colors.php?id=1996&color=14237 HTTP/1.1" 200 25107 "-" "Mozilla/5.0 (compatible; DotBot/1.2; +https://opensiteexplorer.org/dotbot; help@moz.com)"
98.82.107.102 - - [02/May/2025:09:58:37 -0500] "GET /product-details-colors.php?color=17150&id=2338 HTTP/1.1" 200 32605 "-" "Mozilla/5.0 AppleWebKit/537.36 (KHTML, like Gecko; compatible; Amazonbot/0.1; +https://developer.amazon.com/support/amazonbot) Chrome/119.0.6045.214 Safari/537.36"
216.244.66.195 - - [02/May/2025:09:58:39 -0500] "GET /product-details-colors.php?id=2011&color=14438 HTTP/1.1" 200 25122 "-" "Mozilla/5.0 (compatible; DotBot/1.2; +https://opensiteexplorer.org/dotbot; help@moz.com)"
52.73.142.41 - - [02/May/2025:09:58:40 -0500] "GET /shop-by-brand.php?brand=Sport-Tek&cat=all_outerwear&type=Men HTTP/1.1" 200 22492 "-" "Mozilla/5.0 AppleWebKit/537.36 (KHTML, like Gecko; compatible; Amazonbot/0.1; +https://developer.amazon.com/support/amazonbot) Chrome/119.0.6045.214 Safari/537.36"
216.244.66.195 - - [02/May/2025:09:58:44 -0500] "GET /product-details-colors.php?id=1910&color=13859 HTTP/1.1" 200 25044 "-" "Mozilla/5.0 (compatible; DotBot/1.2; +https://opensiteexplorer.org/dotbot; help@moz.com)"
216.244.66.195 - - [02/May/2025:09:58:48 -0500] "GET /product-details-colors.php?id=1945&color=14013 HTTP/1.1" 200 25044 "-" "Mozilla/5.0 (compatible; DotBot/1.2; +https://opensiteexplorer.org/dotbot; help@moz.com)"
208.82.37.138 - - [02/May/2025:09:58:50 -0500] "GET /NFCU/sale-items.php?cat=&&type=&&pageno=1 HTTP/2.0" 200 39066 "https://www.logomastersintl.com/NFCU/sale-items.php?cat=&&type=&&pageno=2" "Mozilla/5.0 (Windows NT 10.0; Win64; x64) AppleWebKit/537.36 (KHTML, like Gecko) Chrome/135.0.0.0 Safari/537.36 Edg/135.0.0.0"
51.222.253.10 - - [02/May/2025:09:59:04 -0500] "GET /product-details-colors.php?id=292&&color=15876 HTTP/2.0" 200 31230 "-" "Mozilla/5.0 (compatible; AhrefsBot/7.0; +http://ahrefs.com/robot/)"
34.53.64.62 - - [02/May/2025:09:59:07 -0500] "GET /product-details-colors.php?id=289&&color=2522 HTTP/2.0" 200 44807 "-" "Mozilla/5.0 (Macintosh; Intel Mac OS X 10_15_7) AppleWebKit/605.1.15 (KHTML, like Gecko) Version/17.3.1 Safari/605.1.15"
51.222.253.13 - - [02/May/2025:09:59:15 -0500] "GET /largeimage/292-1317-TxOrange-1-PC61TTxOrangeModelFront2-337W.jpg HTTP/2.0" 200 135229 "-" "Mozilla/5.0 (compatible; AhrefsBot/7.0; +http://ahrefs.com/robot/)"
208.82.37.138 - - [02/May/2025:09:59:18 -0500] "GET /NFCU/index.php HTTP/2.0" 200 212608 "https://www.logomastersintl.com/NFCU/sale-items.php?cat=&&type=&&pageno=1" "Mozilla/5.0 (Windows NT 10.0; Win64; x64) AppleWebKit/537.36 (KHTML, like Gecko) Chrome/135.0.0.0 Safari/537.36 Edg/135.0.0.0"
208.82.37.138 - - [02/May/2025:09:59:22 -0500] "GET /NFCU/images/parallax/bg-parallax4.jpg HTTP/2.0" 304 - "https://www.logomastersintl.com/NFCU/stylesheets/style.css" "Mozilla/5.0 (Windows NT 10.0; Win64; x64) AppleWebKit/537.36 (KHTML, like Gecko) Chrome/135.0.0.0 Safari/537.36 Edg/135.0.0.0"
34.169.149.24 - - [02/May/2025:09:59:24 -0500] "GET /largeimage/63-Steel%20Grey.jpg HTTP/2.0" 200 56398 "-" "Mozilla/5.0 (Windows NT 10.0; Win64; x64) AppleWebKit/537.36 (KHTML, like Gecko) Chrome/123.0.0.0 Safari/537.36 Edg/123.0.2420.81"
208.82.37.138 - - [02/May/2025:09:59:27 -0500] "GET /largeimages/2216-dg730w_tr_p.jpg HTTP/2.0" 304 - "https://www.logomastersintl.com/" "Mozilla/5.0 (Windows NT 10.0; Win64; x64) AppleWebKit/537.36 (KHTML, like Gecko) Chrome/135.0.0.0 Safari/537.36 Edg/135.0.0.0"
208.82.37.138 - - [02/May/2025:09:59:27 -0500] "GET /largeimages/2338-4516-Black-1-L217BlackModelFront2-337W.jpg HTTP/2.0" 304 - "https://www.logomastersintl.com/" "Mozilla/5.0 (Windows NT 10.0; Win64; x64) AppleWebKit/537.36 (KHTML, like Gecko) Chrome/135.0.0.0 Safari/537.36 Edg/135.0.0.0"
208.82.37.138 - - [02/May/2025:09:59:28 -0500] "GET /largeimages/2028-NF-Global%20Propper%20Comp.jpg HTTP/2.0" 304 - "https://www.logomastersintl.com/" "Mozilla/5.0 (Windows NT 10.0; Win64; x64) AppleWebKit/537.36 (KHTML, like Gecko) Chrome/135.0.0.0 Safari/537.36 Edg/135.0.0.0"
208.82.37.138 - - [02/May/2025:09:59:31 -0500] "GET /largeimages/2081-9001-MetalGyGySt-1-EB559MetalGyGyStModelFront-337W.jpg HTTP/2.0" 304 - "https://www.logomastersintl.com/" "Mozilla/5.0 (Windows NT 10.0; Win64; x64) AppleWebKit/537.36 (KHTML, like Gecko) Chrome/135.0.0.0 Safari/537.36 Edg/135.0.0.0"
208.82.37.138 - - [02/May/2025:09:59:33 -0500] "GET /largeimages/2065-6362-Black-1-EB225BlackModelFront-337W.jpg HTTP/2.0" 304 - "https://www.logomastersintl.com/" "Mozilla/5.0 (Windows NT 10.0; Win64; x64) AppleWebKit/537.36 (KHTML, like Gecko) Chrome/135.0.0.0 Safari/537.36 Edg/135.0.0.0"
208.82.37.138 - - [02/May/2025:09:59:37 -0500] "GET /largeimages/2055-9751-RiverBlueHth-1-EB251RiverBlueHthModelFront-337W.jpg HTTP/2.0" 304 - "https://www.logomastersintl.com/" "Mozilla/5.0 (Windows NT 10.0; Win64; x64) AppleWebKit/537.36 (KHTML, like Gecko) Chrome/135.0.0.0 Safari/537.36 Edg/135.0.0.0"
208.82.37.138 - - [02/May/2025:09:59:38 -0500] "GET /largeimages/1419-6406_fm.jpg HTTP/2.0" 304 - "https://www.logomastersintl.com/" "Mozilla/5.0 (Windows NT 10.0; Win64; x64) AppleWebKit/537.36 (KHTML, like Gecko) Chrome/135.0.0.0 Safari/537.36 Edg/135.0.0.0"
208.82.37.138 - - [02/May/2025:09:59:38 -0500] "GET /largeimages/2313-78181p_4m_z.jpg HTTP/2.0" 304 - "https://www.logomastersintl.com/" "Mozilla/5.0 (Windows NT 10.0; Win64; x64) AppleWebKit/537.36 (KHTML, like Gecko) Chrome/135.0.0.0 Safari/537.36 Edg/135.0.0.0"
208.82.37.138 - - [02/May/2025:09:59:38 -0500] "GET /largeimages/2312-78181_3s_z.jpg HTTP/2.0" 304 - "https://www.logomastersintl.com/" "Mozilla/5.0 (Windows NT 10.0; Win64; x64) AppleWebKit/537.36 (KHTML, like Gecko) Chrome/135.0.0.0 Safari/537.36 Edg/135.0.0.0"
208.82.37.138 - - [02/May/2025:09:59:39 -0500] "GET /largeimages/2184-9061-IronGrey-0-LST550IronGreyModelFront1-337W.jpg HTTP/2.0" 304 - "https://www.logomastersintl.com/" "Mozilla/5.0 (Windows NT 10.0; Win64; x64) AppleWebKit/537.36 (KHTML, like Gecko) Chrome/135.0.0.0 Safari/537.36 Edg/135.0.0.0"
208.82.37.138 - - [02/May/2025:09:59:39 -0500] "GET /largeimages/2238-9889%20Game%20Royal.jpg HTTP/2.0" 304 - "https://www.logomastersintl.com/" "Mozilla/5.0 (Windows NT 10.0; Win64; x64) AppleWebKit/537.36 (KHTML, like Gecko) Chrome/135.0.0.0 Safari/537.36 Edg/135.0.0.0"
208.82.37.138 - - [02/May/2025:09:59:39 -0500] "GET /largeimages/2233-337W-null%20(10)%20copy%202.jpg HTTP/2.0" 304 - "https://www.logomastersintl.com/" "Mozilla/5.0 (Windows NT 10.0; Win64; x64) AppleWebKit/537.36 (KHTML, like Gecko) Chrome/135.0.0.0 Safari/537.36 Edg/135.0.0.0"
208.82.37.138 - - [02/May/2025:09:59:39 -0500] "GET /largeimages/2242-LOG152%20Blue%20Mist.jpg HTTP/2.0" 304 - "https://www.logomastersintl.com/" "Mozilla/5.0 (Windows NT 10.0; Win64; x64) AppleWebKit/537.36 (KHTML, like Gecko) Chrome/135.0.0.0 Safari/537.36 Edg/135.0.0.0"
208.82.37.138 - - [02/May/2025:09:59:39 -0500] "GET /largeimages/2344-11082-Charcoal-1-LK825CharcoalModelFront-337W.jpg HTTP/2.0" 304 - "https://www.logomastersintl.com/" "Mozilla/5.0 (Windows NT 10.0; Win64; x64) AppleWebKit/537.36 (KHTML, like Gecko) Chrome/135.0.0.0 Safari/537.36 Edg/135.0.0.0"
208.82.37.138 - - [02/May/2025:09:59:39 -0500] "GET /largeimages/1099-4364-HyperBlue-1-L528HyperBlueModelFront-337W.jpg HTTP/2.0" 304 - "https://www.logomastersintl.com/" "Mozilla/5.0 (Windows NT 10.0; Win64; x64) AppleWebKit/537.36 (KHTML, like Gecko) Chrome/135.0.0.0 Safari/537.36 Edg/135.0.0.0"
208.82.37.138 - - [02/May/2025:09:59:39 -0500] "GET /largeimages/2343-337W-47086-RiverBlNv-0-LSW2870RiverBlNvModelFront.jpg HTTP/2.0" 304 - "https://www.logomastersintl.com/" "Mozilla/5.0 (Windows NT 10.0; Win64; x64) AppleWebKit/537.36 (KHTML, like Gecko) Chrome/135.0.0.0 Safari/537.36 Edg/135.0.0.0"
208.82.37.138 - - [02/May/2025:09:59:39 -0500] "GET /largeimages/2342-337W-47088-CharcoalHt-0-LSW4150CharcoalHtModelFront.jpg HTTP/2.0" 304 - "https://www.logomastersintl.com/" "Mozilla/5.0 (Windows NT 10.0; Win64; x64) AppleWebKit/537.36 (KHTML, like Gecko) Chrome/135.0.0.0 Safari/537.36 Edg/135.0.0.0"
208.82.37.138 - - [02/May/2025:09:59:39 -0500] "GET /largeimages/2232-337W-null%20(10)%20copy.jpg HTTP/2.0" 304 - "https://www.logomastersintl.com/" "Mozilla/5.0 (Windows NT 10.0; Win64; x64) AppleWebKit/537.36 (KHTML, like Gecko) Chrome/135.0.0.0 Safari/537.36 Edg/135.0.0.0"
208.82.37.138 - - [02/May/2025:09:59:39 -0500] "GET /largeimages/2345-27907-NavyBlazer-0-BB18405NavyBlazerModelFront-337W.jpg HTTP/2.0" 304 - "https://www.logomastersintl.com/" "Mozilla/5.0 (Windows NT 10.0; Win64; x64) AppleWebKit/537.36 (KHTML, like Gecko) Chrome/135.0.0.0 Safari/537.36 Edg/135.0.0.0"
208.82.37.138 - - [02/May/2025:09:59:39 -0500] "GET /largeimages/2167-14173-Navy-1-NKDC1991NavyModelFront-337W.jpg HTTP/2.0" 304 - "https://www.logomastersintl.com/" "Mozilla/5.0 (Windows NT 10.0; Win64; x64) AppleWebKit/537.36 (KHTML, like Gecko) Chrome/135.0.0.0 Safari/537.36 Edg/135.0.0.0"
208.82.37.138 - - [02/May/2025:09:59:39 -0500] "GET /largeimages/90-d100_14_p.jpg HTTP/2.0" 200 28688 "https://www.logomastersintl.com/" "Mozilla/5.0 (Windows NT 10.0; Win64; x64) AppleWebKit/537.36 (KHTML, like Gecko) Chrome/135.0.0.0 Safari/537.36 Edg/135.0.0.0"
208.82.37.138 - - [02/May/2025:09:59:40 -0500] "GET /largeimages/1020-d100w_55_z.jpg HTTP/2.0" 304 - "https://www.logomastersintl.com/" "Mozilla/5.0 (Windows NT 10.0; Win64; x64) AppleWebKit/537.36 (KHTML, like Gecko) Chrome/135.0.0.0 Safari/537.36 Edg/135.0.0.0"
208.82.37.138 - - [02/May/2025:09:59:40 -0500] "GET /largeimages/6-1407-DeepBerry-1-L500DeepBerryModelFront2-337W.jpg HTTP/2.0" 304 - "https://www.logomastersintl.com/" "Mozilla/5.0 (Windows NT 10.0; Win64; x64) AppleWebKit/537.36 (KHTML, like Gecko) Chrome/135.0.0.0 Safari/537.36 Edg/135.0.0.0"
208.82.37.138 - - [02/May/2025:09:59:40 -0500] "GET /largeimages/1155-5293-Darkgreen-1-K540DarkgreenModelFront2-337W.jpg HTTP/2.0" 304 - "https://www.logomastersintl.com/" "Mozilla/5.0 (Windows NT 10.0; Win64; x64) AppleWebKit/537.36 (KHTML, like Gecko) Chrome/135.0.0.0 Safari/537.36 Edg/135.0.0.0"
208.82.37.138 - - [02/May/2025:09:59:40 -0500] "GET /largeimages/1156-5294-BrightPurple-1-L540BrightPurpleModelFront2-337W.jpg HTTP/2.0" 304 - "https://www.logomastersintl.com/" "Mozilla/5.0 (Windows NT 10.0; Win64; x64) AppleWebKit/537.36 (KHTML, like Gecko) Chrome/135.0.0.0 Safari/537.36 Edg/135.0.0.0"
208.82.37.138 - - [02/May/2025:09:59:40 -0500] "GET /largeimages/41-1485-EngineRed-1-L525EngineRedModelFront-337W.jpg HTTP/2.0" 304 - "https://www.logomastersintl.com/" "Mozilla/5.0 (Windows NT 10.0; Win64; x64) AppleWebKit/537.36 (KHTML, like Gecko) Chrome/135.0.0.0 Safari/537.36 Edg/135.0.0.0"
208.82.37.138 - - [02/May/2025:09:59:40 -0500] "GET /largeimages/182-1441-UltramarneBlu-1-L508UltramarneBluModelFront-337W.jpg HTTP/2.0" 304 - "https://www.logomastersintl.com/" "Mozilla/5.0 (Windows NT 10.0; Win64; x64) AppleWebKit/537.36 (KHTML, like Gecko) Chrome/135.0.0.0 Safari/537.36 Edg/135.0.0.0"
208.82.37.138 - - [02/May/2025:09:59:39 -0500] "GET /largeimages/1098-3837-VineGreen-1-K528VineGreenModelFront-337W.jpg HTTP/2.0" 200 98231 "https://www.logomastersintl.com/" "Mozilla/5.0 (Windows NT 10.0; Win64; x64) AppleWebKit/537.36 (KHTML, like Gecko) Chrome/135.0.0.0 Safari/537.36 Edg/135.0.0.0"
208.82.37.138 - - [02/May/2025:09:59:40 -0500] "GET /largeimages/1478-1822_fm.jpg HTTP/2.0" 304 - "https://www.logomastersintl.com/" "Mozilla/5.0 (Windows NT 10.0; Win64; x64) AppleWebKit/537.36 (KHTML, like Gecko) Chrome/135.0.0.0 Safari/537.36 Edg/135.0.0.0"
208.82.37.138 - - [02/May/2025:09:59:40 -0500] "GET /largeimages/253-m560w_36_z.jpg HTTP/2.0" 304 - "https://www.logomastersintl.com/" "Mozilla/5.0 (Windows NT 10.0; Win64; x64) AppleWebKit/537.36 (KHTML, like Gecko) Chrome/135.0.0.0 Safari/537.36 Edg/135.0.0.0"
208.82.37.138 - - [02/May/2025:09:59:39 -0500] "GET /largeimages/2234-27896-NavyBlazer-1-BB18200NavyBlazerModelFront-337W.jpg HTTP/2.0" 200 89221 "https://www.logomastersintl.com/" "Mozilla/5.0 (Windows NT 10.0; Win64; x64) AppleWebKit/537.36 (KHTML, like Gecko) Chrome/135.0.0.0 Safari/537.36 Edg/135.0.0.0"
208.82.37.138 - - [02/May/2025:09:59:40 -0500] "GET /largeimages/202-2716-StrongBlue-1-S608StrongBlueModelFront-337W.jpg HTTP/2.0" 200 95974 "https://www.logomastersintl.com/" "Mozilla/5.0 (Windows NT 10.0; Win64; x64) AppleWebKit/537.36 (KHTML, like Gecko) Chrome/135.0.0.0 Safari/537.36 Edg/135.0.0.0"
208.82.37.138 - - [02/May/2025:09:59:40 -0500] "GET /largeimages/181-1694-LtStoneClNy-1-L608LtStoneClNyModelFront-337W.jpg HTTP/2.0" 200 83718 "https://www.logomastersintl.com/" "Mozilla/5.0 (Windows NT 10.0; Win64; x64) AppleWebKit/537.36 (KHTML, like Gecko) Chrome/135.0.0.0 Safari/537.36 Edg/135.0.0.0"
208.82.37.138 - - [02/May/2025:09:59:40 -0500] "GET /largeimages/1754-6411-PinkRspbryStG-1-L547PinkRspbryStGModelFront-337W.jpg HTTP/2.0" 200 92110 "https://www.logomastersintl.com/" "Mozilla/5.0 (Windows NT 10.0; Win64; x64) AppleWebKit/537.36 (KHTML, like Gecko) Chrome/135.0.0.0 Safari/537.36 Edg/135.0.0.0"
208.82.37.138 - - [02/May/2025:09:59:40 -0500] "GET /largeimages/1745-6415-VarPurpleHtr-1-LST660VarPurpleHtrModelFront-337W.jpg HTTP/2.0" 200 94774 "https://www.logomastersintl.com/" "Mozilla/5.0 (Windows NT 10.0; Win64; x64) AppleWebKit/537.36 (KHTML, like Gecko) Chrome/135.0.0.0 Safari/537.36 Edg/135.0.0.0"
208.82.37.138 - - [02/May/2025:09:59:40 -0500] "GET /largeimages/1734-6965-DawnBlue-1-ST640DawnBlueModelFront-337W.jpg HTTP/2.0" 200 90254 "https://www.logomastersintl.com/" "Mozilla/5.0 (Windows NT 10.0; Win64; x64) AppleWebKit/537.36 (KHTML, like Gecko) Chrome/135.0.0.0 Safari/537.36 Edg/135.0.0.0"
208.82.37.138 - - [02/May/2025:09:59:40 -0500] "GET /largeimages/1710-L568%20Hot%20Coral.jpg HTTP/2.0" 200 104220 "https://www.logomastersintl.com/" "Mozilla/5.0 (Windows NT 10.0; Win64; x64) AppleWebKit/537.36 (KHTML, like Gecko) Chrome/135.0.0.0 Safari/537.36 Edg/135.0.0.0"
208.82.37.138 - - [02/May/2025:09:59:40 -0500] "GET /largeimages/1721-8703-TrRylHeTRy-1-LST641TrRylHeTRyModelFront-337W%20(1).jpg HTTP/2.0" 200 116975 "https://www.logomastersintl.com/" "Mozilla/5.0 (Windows NT 10.0; Win64; x64) AppleWebKit/537.36 (KHTML, like Gecko) Chrome/135.0.0.0 Safari/537.36 Edg/135.0.0.0"
208.82.37.138 - - [02/May/2025:09:59:42 -0500] "GET /NFCU/images/image-box/browse-brands.jpg HTTP/2.0" 200 53056 "https://www.logomastersintl.com/NFCU/index.php" "Mozilla/5.0 (Windows NT 10.0; Win64; x64) AppleWebKit/537.36 (KHTML, like Gecko) Chrome/135.0.0.0 Safari/537.36 Edg/135.0.0.0"
208.82.37.138 - - [02/May/2025:09:59:42 -0500] "GET /NFCU/images/image-box/home-section-womens.jpg HTTP/2.0" 200 77262 "https://www.logomastersintl.com/NFCU/index.php" "Mozilla/5.0 (Windows NT 10.0; Win64; x64) AppleWebKit/537.36 (KHTML, like Gecko) Chrome/135.0.0.0 Safari/537.36 Edg/135.0.0.0"
208.82.37.138 - - [02/May/2025:09:59:42 -0500] "GET /NFCU/images/image-box/home-section-tshirts.jpg HTTP/2.0" 200 84923 "https://www.logomastersintl.com/NFCU/index.php" "Mozilla/5.0 (Windows NT 10.0; Win64; x64) AppleWebKit/537.36 (KHTML, like Gecko) Chrome/135.0.0.0 Safari/537.36 Edg/135.0.0.0"
208.82.37.138 - - [02/May/2025:09:59:42 -0500] "GET /NFCU/images/image-box/home-section-mens.jpg HTTP/2.0" 200 134228 "https://www.logomastersintl.com/NFCU/index.php" "Mozilla/5.0 (Windows NT 10.0; Win64; x64) AppleWebKit/537.36 (KHTML, like Gecko) Chrome/135.0.0.0 Safari/537.36 Edg/135.0.0.0"
208.82.37.138 - - [02/May/2025:09:59:42 -0500] "GET /NFCU/images/image-box/home-section-workwear.jpg HTTP/2.0" 200 166426 "https://www.logomastersintl.com/NFCU/index.php" "Mozilla/5.0 (Windows NT 10.0; Win64; x64) AppleWebKit/537.36 (KHTML, like Gecko) Chrome/135.0.0.0 Safari/537.36 Edg/135.0.0.0"
208.82.37.138 - - [02/May/2025:09:59:44 -0500] "GET /largeimages/2070-5076-AdriaticBlue-1-EB501AdriaticBlueModelFront1-337W.jpg HTTP/2.0" 304 - "https://www.logomastersintl.com/" "Mozilla/5.0 (Windows NT 10.0; Win64; x64) AppleWebKit/537.36 (KHTML, like Gecko) Chrome/135.0.0.0 Safari/537.36 Edg/135.0.0.0"
208.82.37.138 - - [02/May/2025:09:59:47 -0500] "GET /largeimages/2075-5079-DarkAdriatic-1-EB531DarkAdriaticModelFront3-337W.jpg HTTP/2.0" 304 - "https://www.logomastersintl.com/" "Mozilla/5.0 (Windows NT 10.0; Win64; x64) AppleWebKit/537.36 (KHTML, like Gecko) Chrome/135.0.0.0 Safari/537.36 Edg/135.0.0.0"
208.82.37.138 - - [02/May/2025:09:59:47 -0500] "GET /brands/website-1-Adidas.jpg HTTP/2.0" 200 49382 "https://www.logomastersintl.com/" "Mozilla/5.0 (Windows NT 10.0; Win64; x64) AppleWebKit/537.36 (KHTML, like Gecko) Chrome/135.0.0.0 Safari/537.36 Edg/135.0.0.0"
34.82.82.74 - - [02/May/2025:09:59:58 -0500] "GET /product-details-colors.php?id=1424&&color=17162 HTTP/2.0" 200 29891 "-" "Mozilla/5.0 (Windows NT 10.0; Win64; x64) AppleWebKit/537.36 (KHTML, like Gecko) Chrome/122.0.0.0 Safari/537.36 Edg/122.0.0.0"
35.197.73.5 - - [02/May/2025:10:00:42 -0500] "GET /specs/2365-m415_SellSheet.pdf HTTP/2.0" 200 340796 "-" "Mozilla/5.0 (compatible; MSIE 9.0; Windows NT 6.0; Trident/5.0; Trident/5.0)"
51.222.253.3 - - [02/May/2025:10:00:45 -0500] "GET /shop-by-brand.php?cat=all_outerwear&&type=Men&brand=Carhartt HTTP/2.0" 200 21135 "-" "Mozilla/5.0 (compatible; AhrefsBot/7.0; +http://ahrefs.com/robot/)"
35.227.183.153 - - [02/May/2025:10:00:47 -0500] "GET /product-details-colors.php?id=2311&&color=16833 HTTP/2.0" 200 22179 "-" "Mozilla/5.0 (Macintosh; Intel Mac OS X 10_15_7) AppleWebKit/537.36 (KHTML, like Gecko) Chrome/121.0.0.0 Safari/537.36"
34.169.163.180 - - [02/May/2025:10:01:03 -0500] "GET /product-details-colors.php?id=2202&&color=16296 HTTP/2.0" 200 32111 "-" "Mozilla/5.0 (Macintosh; Intel Mac OS X 10_15_7) AppleWebKit/537.36 (KHTML, like Gecko) Chrome/123.0.0.0 Safari/537.36 Edg/123.0.0.0"
35.199.174.169 - - [02/May/2025:10:01:08 -0500] "GET /product-details-colors.php?id=2202&&color=16296 HTTP/2.0" 200 32111 "-" "Mozilla/5.0 (Macintosh; Intel Mac OS X 14.4; rv:124.0) Gecko/20100101 Firefox/124.0"
34.105.69.243 - - [02/May/2025:10:01:17 -0500] "GET /product-details-colors.php?id=419&&color=3900 HTTP/2.0" 200 23162 "-" "Mozilla/5.0 (Windows NT 10.0; Win64; x64) AppleWebKit/537.36 (KHTML, like Gecko) Chrome/124.0.0.0 Safari/537.36 Edg/124.0.0.0"
35.233.154.128 - - [02/May/2025:10:01:17 -0500] "GET /product-details-colors.php?id=2238&&color=16417 HTTP/2.0" 200 28047 "-" "Mozilla/5.0 (Macintosh; Intel Mac OS X 10_15_7) AppleWebKit/537.36 (KHTML, like Gecko) Chrome/120.0.0.0 Safari/537.36"
34.19.5.34 - - [02/May/2025:10:01:18 -0500] "GET /product-details-colors.php?id=2090&&color=14833 HTTP/2.0" 200 31379 "-" "Mozilla/5.0 (compatible; MSIE 9.0; Windows NT 6.0; Trident/5.0; Trident/5.0)"
147.185.132.45 - - [02/May/2025:10:01:31 -0500] "GET / HTTP/1.1" 200 124834 "-" "Expanse, a Palo Alto Networks company, searches across the global IPv4 space multiple times per day to identify customers&#39; presences on the Internet. If you would like to be excluded from our scans, please send IP addresses/domains to: scaninfo@paloaltonetworks.com"
34.105.69.243 - - [02/May/2025:10:01:34 -0500] "GET /product-details-colors.php?id=335&&color=3576 HTTP/2.0" 200 29641 "-" "Mozilla/5.0 (compatible; MSIE 10.0; Windows NT 6.2; Trident/6.0; MDDCJS)"
208.82.37.138 - - [02/May/2025:10:01:33 -0500] "GET /NFCU/faq.php HTTP/2.0" 200 20564 "https://www.logomastersintl.com/NFCU/index.php" "Mozilla/5.0 (Windows NT 10.0; Win64; x64) AppleWebKit/537.36 (KHTML, like Gecko) Chrome/135.0.0.0 Safari/537.36 Edg/135.0.0.0"
208.82.37.139 - - [02/May/2025:10:01:56 -0500] "GET /NFCU/shop-by-brand.php?cat=all_polos&&type=Men&&brand=Sport-Tek&&pageno=2 HTTP/2.0" 200 35845 "https://logomastersintl.com/NFCU/shop-by-brand.php?cat=all_polos&&type=Men&&brand=Sport-Tek" "Mozilla/5.0 (Windows NT 10.0; Win64; x64) AppleWebKit/537.36 (KHTML, like Gecko) Chrome/135.0.0.0 Safari/537.36 Edg/135.0.0.0"
208.82.37.139 - - [02/May/2025:10:02:03 -0500] "GET /NFCU/shop-by-brand.php?cat=all_polos&&type=Men&&brand=Sport-Tek HTTP/2.0" 200 39555 "https://logomastersintl.com/NFCU/shop.php?cat=all_polos&&type=Men&&pageno=6" "Mozilla/5.0 (Windows NT 10.0; Win64; x64) AppleWebKit/537.36 (KHTML, like Gecko) Chrome/135.0.0.0 Safari/537.36 Edg/135.0.0.0"
208.82.37.138 - - [02/May/2025:10:02:03 -0500] "GET /NFCU/index.php HTTP/2.0" 200 212608 "https://www.logomastersintl.com/NFCU/faq.php" "Mozilla/5.0 (Windows NT 10.0; Win64; x64) AppleWebKit/537.36 (KHTML, like Gecko) Chrome/135.0.0.0 Safari/537.36 Edg/135.0.0.0"
34.83.177.179 - - [02/May/2025:10:02:06 -0500] "GET /largeimage/56-True%20Red.jpg HTTP/2.0" 200 61894 "-" "Mozilla/5.0 (Macintosh; Intel Mac OS X 10_15_7) AppleWebKit/605.1.15 (KHTML, like Gecko) Version/17.3 Safari/605.1.15"
208.82.37.139 - - [02/May/2025:10:02:11 -0500] "GET /NFCU/shop.php?cat=all_polos&&type=Men HTTP/2.0" 200 39531 "https://logomastersintl.com/NFCU/shop-by-brand.php?cat=all_polos&&type=Men&&brand=Sport-Tek" "Mozilla/5.0 (Windows NT 10.0; Win64; x64) AppleWebKit/537.36 (KHTML, like Gecko) Chrome/135.0.0.0 Safari/537.36 Edg/135.0.0.0"
208.82.37.138 - - [02/May/2025:10:02:13 -0500] "GET /NFCU/product-details-colors.php?id=340&&color=5154 HTTP/2.0" 200 37272 "-" "Mozilla/5.0 (Windows NT 10.0; Win64; x64) AppleWebKit/537.36 (KHTML, like Gecko) Chrome/135.0.0.0 Safari/537.36 Edg/135.0.0.0"
208.82.37.138 - - [02/May/2025:10:02:14 -0500] "GET /largeimage/340__Maroon.jpg HTTP/2.0" 200 24650 "https://www.logomastersintl.com/" "Mozilla/5.0 (Windows NT 10.0; Win64; x64) AppleWebKit/537.36 (KHTML, like Gecko) Chrome/135.0.0.0 Safari/537.36 Edg/135.0.0.0"
208.82.37.138 - - [02/May/2025:10:02:14 -0500] "GET /img/tshirt-option4.jpg HTTP/2.0" 200 6630 "https://www.logomastersintl.com/" "Mozilla/5.0 (Windows NT 10.0; Win64; x64) AppleWebKit/537.36 (KHTML, like Gecko) Chrome/135.0.0.0 Safari/537.36 Edg/135.0.0.0"
208.82.37.138 - - [02/May/2025:10:02:14 -0500] "GET /img/tshirst-option3.jpg HTTP/2.0" 200 6586 "https://www.logomastersintl.com/" "Mozilla/5.0 (Windows NT 10.0; Win64; x64) AppleWebKit/537.36 (KHTML, like Gecko) Chrome/135.0.0.0 Safari/537.36 Edg/135.0.0.0"
172.167.34.227 - - [02/May/2025:10:02:23 -0500] "GET /largeimages/1552-3716_fm.jpg HTTP/1.1" 200 19064 "-" "Mozilla/5.0 (X11; Ubuntu; Linux x86_64; rv:72.0) Gecko/20100101 Firefox/72.0"
150.5.147.40 - - [02/May/2025:10:02:26 -0500] "GET /largeimages/FM7130.jpg HTTP/1.1" 200 35277 "-" "Mozilla/5.0 (X11; Ubuntu; Linux x86_64; rv:72.0) Gecko/20100101 Firefox/72.0"
35.233.161.131 - - [02/May/2025:10:02:28 -0500] "GET /specs/2365-m415_SellSheet.pdf HTTP/2.0" 200 340796 "-" "Mozilla/5.0 (Macintosh; Intel Mac OS X 10_15_7) AppleWebKit/537.36 (KHTML, like Gecko) Chrome/122.0.0.0 Safari/537.36"
208.82.37.138 - - [02/May/2025:10:02:34 -0500] "GET /NFCU/product-details-colors.php?id=340&&color=5155 HTTP/2.0" 200 37236 "https://www.logomastersintl.com/NFCU/product-details-colors.php?id=340&&color=5154" "Mozilla/5.0 (Windows NT 10.0; Win64; x64) AppleWebKit/537.36 (KHTML, like Gecko) Chrome/135.0.0.0 Safari/537.36 Edg/135.0.0.0"
208.82.37.138 - - [02/May/2025:10:02:35 -0500] "GET /largeimage/340__Navy.jpg HTTP/2.0" 200 26902 "https://www.logomastersintl.com/" "Mozilla/5.0 (Windows NT 10.0; Win64; x64) AppleWebKit/537.36 (KHTML, like Gecko) Chrome/135.0.0.0 Safari/537.36 Edg/135.0.0.0"
208.82.37.139 - - [02/May/2025:10:02:36 -0500] "GET /NFCU/shop-by-brand.php?cat=all_polos&&type=Men&&brand=Port%20Authority HTTP/2.0" 200 39664 "https://logomastersintl.com/NFCU/shop.php?cat=all_polos&&type=Men" "Mozilla/5.0 (Windows NT 10.0; Win64; x64) AppleWebKit/537.36 (KHTML, like Gecko) Chrome/135.0.0.0 Safari/537.36 Edg/135.0.0.0"
208.82.37.138 - - [02/May/2025:10:02:41 -0500] "GET /NFCU/product-details-colors.php?id=340&&color=5148 HTTP/2.0" 200 37398 "https://www.logomastersintl.com/NFCU/product-details-colors.php?id=340&&color=5155" "Mozilla/5.0 (Windows NT 10.0; Win64; x64) AppleWebKit/537.36 (KHTML, like Gecko) Chrome/135.0.0.0 Safari/537.36 Edg/135.0.0.0"
51.222.253.11 - - [02/May/2025:10:02:41 -0500] "GET /product-details-colors.php?id=292&&color=2745 HTTP/2.0" 200 30840 "-" "Mozilla/5.0 (compatible; AhrefsBot/7.0; +http://ahrefs.com/robot/)"
208.82.37.138 - - [02/May/2025:10:02:41 -0500] "GET /largeimage/340__Forrest%20Green.jpg HTTP/2.0" 200 24376 "https://www.logomastersintl.com/" "Mozilla/5.0 (Windows NT 10.0; Win64; x64) AppleWebKit/537.36 (KHTML, like Gecko) Chrome/135.0.0.0 Safari/537.36 Edg/135.0.0.0"
51.222.253.3 - - [02/May/2025:10:02:45 -0500] "GET /largeimage/292-Ash.jpg HTTP/2.0" 200 66251 "-" "Mozilla/5.0 (compatible; AhrefsBot/7.0; +http://ahrefs.com/robot/)"
208.82.37.138 - - [02/May/2025:10:02:49 -0500] "GET /NFCU/product-details-colors.php?id=340&&color=5147 HTTP/2.0" 200 37362 "https://www.logomastersintl.com/NFCU/product-details-colors.php?id=340&&color=5148" "Mozilla/5.0 (Windows NT 10.0; Win64; x64) AppleWebKit/537.36 (KHTML, like Gecko) Chrome/135.0.0.0 Safari/537.36 Edg/135.0.0.0"
208.82.37.138 - - [02/May/2025:10:02:50 -0500] "GET /largeimage/340__Deep%20Purple.jpg HTTP/2.0" 200 26212 "https://www.logomastersintl.com/" "Mozilla/5.0 (Windows NT 10.0; Win64; x64) AppleWebKit/537.36 (KHTML, like Gecko) Chrome/135.0.0.0 Safari/537.36 Edg/135.0.0.0"
208.82.37.139 - - [02/May/2025:10:02:57 -0500] "GET /NFCU/product-details-colors.php?id=2180&&color=15953 HTTP/2.0" 200 39659 "https://logomastersintl.com/NFCU/shop-by-brand.php?cat=all_polos&&type=Men&&brand=Port%20Authority" "Mozilla/5.0 (Windows NT 10.0; Win64; x64) AppleWebKit/537.36 (KHTML, like Gecko) Chrome/135.0.0.0 Safari/537.36 Edg/135.0.0.0"
208.82.37.139 - - [02/May/2025:10:02:57 -0500] "GET /largeimage/2180-5992-Black-1-TLK540BlackModelFront3-337W.jpg HTTP/2.0" 200 101107 "https://logomastersintl.com/NFCU/product-details-colors.php?id=2180&&color=15953" "Mozilla/5.0 (Windows NT 10.0; Win64; x64) AppleWebKit/537.36 (KHTML, like Gecko) Chrome/135.0.0.0 Safari/537.36 Edg/135.0.0.0"
208.82.37.138 - - [02/May/2025:10:02:59 -0500] "GET /specs/340-562M_specsheet.pdf HTTP/2.0" 200 90456 "https://www.logomastersintl.com/NFCU/product-details-colors.php?id=340&&color=5147" "Mozilla/5.0 (Windows NT 10.0; Win64; x64) AppleWebKit/537.36 (KHTML, like Gecko) Chrome/135.0.0.0 Safari/537.36 Edg/135.0.0.0"
208.82.37.138 - - [02/May/2025:10:03:00 -0500] "GET /favicon.ico HTTP/2.0" 404 - "https://www.logomastersintl.com/specs/340-562M_specsheet.pdf" "Mozilla/5.0 (Windows NT 10.0; Win64; x64) AppleWebKit/537.36 (KHTML, like Gecko) Chrome/135.0.0.0 Safari/537.36 Edg/135.0.0.0"
178.20.47.92 - - [02/May/2025:10:02:58 -0500] "GET / HTTP/1.1" 200 124834 "-" "Mozilla/5.0 (Macintosh; Intel Mac OS X 10_15_7) AppleWebKit/537.36 (KHTML, like Gecko) Chrome/133.0.0.0 Safari/537.36"
34.105.69.243 - - [02/May/2025:10:03:07 -0500] "GET /largeimage/202-WhiteLight%20Stone.jpg HTTP/2.0" 200 54157 "-" "Mozilla/5.0 (Windows NT 10.0; Win64; x64) AppleWebKit/537.36 (KHTML, like Gecko) Chrome/122.0.0.0 Safari/537.36"
208.82.37.139 - - [02/May/2025:10:03:07 -0500] "GET /NFCU/product-details-colors.php?id=2180&&color=15954 HTTP/2.0" 200 39637 "https://logomastersintl.com/NFCU/product-details-colors.php?id=2180&&color=15953" "Mozilla/5.0 (Windows NT 10.0; Win64; x64) AppleWebKit/537.36 (KHTML, like Gecko) Chrome/135.0.0.0 Safari/537.36 Edg/135.0.0.0"
208.82.37.139 - - [02/May/2025:10:03:07 -0500] "GET /largeimage/2180-5992-Navy-1-TLK540NavyModelFront3-337W.jpg HTTP/2.0" 200 104096 "https://logomastersintl.com/NFCU/product-details-colors.php?id=2180&&color=15954" "Mozilla/5.0 (Windows NT 10.0; Win64; x64) AppleWebKit/537.36 (KHTML, like Gecko) Chrome/135.0.0.0 Safari/537.36 Edg/135.0.0.0"
208.82.37.139 - - [02/May/2025:10:03:12 -0500] "GET /NFCU/product-details-colors.php?id=2180&&color=15955 HTTP/2.0" 200 39659 "https://logomastersintl.com/NFCU/product-details-colors.php?id=2180&&color=15954" "Mozilla/5.0 (Windows NT 10.0; Win64; x64) AppleWebKit/537.36 (KHTML, like Gecko) Chrome/135.0.0.0 Safari/537.36 Edg/135.0.0.0"
208.82.37.139 - - [02/May/2025:10:03:12 -0500] "GET /largeimage/2180-5992-Royal-1-TLK540RoyalModelFront3-337W.jpg HTTP/2.0" 200 107788 "https://logomastersintl.com/NFCU/product-details-colors.php?id=2180&&color=15955" "Mozilla/5.0 (Windows NT 10.0; Win64; x64) AppleWebKit/537.36 (KHTML, like Gecko) Chrome/135.0.0.0 Safari/537.36 Edg/135.0.0.0"
208.82.37.139 - - [02/May/2025:10:03:16 -0500] "GET /NFCU/product-details-colors.php?id=2180&&color=15956 HTTP/2.0" 200 39753 "https://logomastersintl.com/NFCU/product-details-colors.php?id=2180&&color=15955" "Mozilla/5.0 (Windows NT 10.0; Win64; x64) AppleWebKit/537.36 (KHTML, like Gecko) Chrome/135.0.0.0 Safari/537.36 Edg/135.0.0.0"
208.82.37.139 - - [02/May/2025:10:03:17 -0500] "GET /largeimage/2180-5992-SteelGrey-1-TLK540SteelGreyModelFront3-337W.jpg HTTP/2.0" 200 104225 "https://logomastersintl.com/NFCU/product-details-colors.php?id=2180&&color=15956" "Mozilla/5.0 (Windows NT 10.0; Win64; x64) AppleWebKit/537.36 (KHTML, like Gecko) Chrome/135.0.0.0 Safari/537.36 Edg/135.0.0.0"
34.105.69.243 - - [02/May/2025:10:03:17 -0500] "GET /product-details-colors.php?id=2318&&color=16899 HTTP/2.0" 200 30210 "-" "Mozilla/5.0 (Windows NT 10.0; Win64; x64) AppleWebKit/537.36 (KHTML, like Gecko) Chrome/117.0.0.0 Safari/537.36"
208.82.37.139 - - [02/May/2025:10:03:20 -0500] "GET /NFCU/product-details-colors.php?id=2180&&color=15955 HTTP/2.0" 200 39659 "https://logomastersintl.com/NFCU/product-details-colors.php?id=2180&&color=15954" "Mozilla/5.0 (Windows NT 10.0; Win64; x64) AppleWebKit/537.36 (KHTML, like Gecko) Chrome/135.0.0.0 Safari/537.36 Edg/135.0.0.0"
34.168.156.131 - - [02/May/2025:10:03:24 -0500] "GET /product-details-colors.php?id=183&&color=1861 HTTP/2.0" 200 31149 "-" "Mozilla/5.0 (Macintosh; Intel Mac OS X 10_15_7) AppleWebKit/537.36 (KHTML, like Gecko) Chrome/124.0.0.0 Safari/537.36"
208.82.37.139 - - [02/May/2025:10:03:24 -0500] "GET /NFCU/product-details-colors.php?id=2180&&color=15954 HTTP/2.0" 200 39637 "https://logomastersintl.com/NFCU/product-details-colors.php?id=2180&&color=15953" "Mozilla/5.0 (Windows NT 10.0; Win64; x64) AppleWebKit/537.36 (KHTML, like Gecko) Chrome/135.0.0.0 Safari/537.36 Edg/135.0.0.0"
208.82.37.139 - - [02/May/2025:10:03:24 -0500] "GET /NFCU/product-details-colors.php?id=2180&&color=15953 HTTP/2.0" 200 39659 "https://logomastersintl.com/NFCU/shop-by-brand.php?cat=all_polos&&type=Men&&brand=Port%20Authority" "Mozilla/5.0 (Windows NT 10.0; Win64; x64) AppleWebKit/537.36 (KHTML, like Gecko) Chrome/135.0.0.0 Safari/537.36 Edg/135.0.0.0"
208.82.37.139 - - [02/May/2025:10:03:27 -0500] "GET /NFCU/shop-by-brand.php?cat=all_polos&&type=Men&&brand=Port%20Authority HTTP/2.0" 200 39664 "https://logomastersintl.com/NFCU/shop.php?cat=all_polos&&type=Men" "Mozilla/5.0 (Windows NT 10.0; Win64; x64) AppleWebKit/537.36 (KHTML, like Gecko) Chrome/135.0.0.0 Safari/537.36 Edg/135.0.0.0"
150.5.147.47 - - [02/May/2025:10:03:31 -0500] "GET /largeimages/1219-101621%20brow%20comp.jpg HTTP/1.1" 200 119296 "-" "Mozilla/5.0 (X11; Ubuntu; Linux x86_64; rv:72.0) Gecko/20100101 Firefox/72.0"
208.82.37.139 - - [02/May/2025:10:03:34 -0500] "GET /NFCU/shop-by-brand.php?cat=all_polos&&type=Men&&brand=Port%20Authority&&pageno=2 HTTP/2.0" 200 39610 "https://logomastersintl.com/NFCU/shop-by-brand.php?cat=all_polos&&type=Men&&brand=Port%20Authority" "Mozilla/5.0 (Windows NT 10.0; Win64; x64) AppleWebKit/537.36 (KHTML, like Gecko) Chrome/135.0.0.0 Safari/537.36 Edg/135.0.0.0"
150.5.147.45 - - [02/May/2025:10:03:35 -0500] "GET /largeimages/1709-7242-JewelGreen-1-L575JewelGreenModelFront-337W.jpg HTTP/1.1" 200 89143 "-" "Mozilla/5.0 (X11; Ubuntu; Linux x86_64; rv:72.0) Gecko/20100101 Firefox/72.0"
34.169.163.180 - - [02/May/2025:10:03:44 -0500] "GET /specs/2178-S659_specsheet.pdf HTTP/2.0" 200 59883 "-" "Mozilla/5.0 (Macintosh; Intel Mac OS X 10_15_7) AppleWebKit/537.36 (KHTML, like Gecko) Chrome/122.0.0.0 Safari/537.36"
152.53.114.54 - - [02/May/2025:10:03:47 -0500] "GET /largeimages/4700.jpg HTTP/1.1" 200 34317 "-" "Mozilla/5.0 (Windows NT 10.0; Win64; x64) AppleWebKit/537.36 (KHTML, like Gecko) Chrome/100.0.9104.568 Safari/537.36"
208.82.37.139 - - [02/May/2025:10:03:53 -0500] "GET /NFCU/shop-by-brand.php?cat=all_polos&&type=Men&&brand=Port%20Authority&&pageno=3 HTTP/2.0" 200 39857 "https://logomastersintl.com/NFCU/shop-by-brand.php?cat=all_polos&&type=Men&&brand=Port%20Authority&&pageno=2" "Mozilla/5.0 (Windows NT 10.0; Win64; x64) AppleWebKit/537.36 (KHTML, like Gecko) Chrome/135.0.0.0 Safari/537.36 Edg/135.0.0.0"
208.82.37.139 - - [02/May/2025:10:03:54 -0500] "GET /largeimages/2106-10469-EstateBlue-1-K587EstateBlueModelFront.jpg HTTP/2.0" 200 24028 "https://logomastersintl.com/NFCU/shop-by-brand.php?cat=all_polos&&type=Men&&brand=Port%20Authority&&pageno=3" "Mozilla/5.0 (Windows NT 10.0; Win64; x64) AppleWebKit/537.36 (KHTML, like Gecko) Chrome/135.0.0.0 Safari/537.36 Edg/135.0.0.0"
208.82.37.139 - - [02/May/2025:10:03:54 -0500] "GET /largeimages/2104-10522-NavyHthr-1-K542NavyHthrModelFront-337W.jpg HTTP/2.0" 200 27088 "https://logomastersintl.com/NFCU/shop-by-brand.php?cat=all_polos&&type=Men&&brand=Port%20Authority&&pageno=3" "Mozilla/5.0 (Windows NT 10.0; Win64; x64) AppleWebKit/537.36 (KHTML, like Gecko) Chrome/135.0.0.0 Safari/537.36 Edg/135.0.0.0"
208.82.37.139 - - [02/May/2025:10:03:54 -0500] "GET /largeimages/1104-4053-RoyalBlack-1-K524RoyalBlackModelFront-337W.jpg HTTP/2.0" 304 - "https://logomastersintl.com/NFCU/shop-by-brand.php?cat=all_polos&&type=Men&&brand=Port%20Authority&&pageno=3" "Mozilla/5.0 (Windows NT 10.0; Win64; x64) AppleWebKit/537.36 (KHTML, like Gecko) Chrome/135.0.0.0 Safari/537.36 Edg/135.0.0.0"
208.82.37.139 - - [02/May/2025:10:03:54 -0500] "GET /largeimages/2105-10467-DeepForestGn-1-K585DeepForestGnModelFront-337W.jpg HTTP/2.0" 304 - "https://logomastersintl.com/NFCU/shop-by-brand.php?cat=all_polos&&type=Men&&brand=Port%20Authority&&pageno=3" "Mozilla/5.0 (Windows NT 10.0; Win64; x64) AppleWebKit/537.36 (KHTML, like Gecko) Chrome/135.0.0.0 Safari/537.36 Edg/135.0.0.0"
208.82.37.139 - - [02/May/2025:10:03:54 -0500] "GET /largeimages/137-2999-Royal-1-K455LSRoyalModelFront2-337W.jpg HTTP/2.0" 200 26832 "https://logomastersintl.com/NFCU/shop-by-brand.php?cat=all_polos&&type=Men&&brand=Port%20Authority&&pageno=3" "Mozilla/5.0 (Windows NT 10.0; Win64; x64) AppleWebKit/537.36 (KHTML, like Gecko) Chrome/135.0.0.0 Safari/537.36 Edg/135.0.0.0"
208.82.37.139 - - [02/May/2025:10:03:54 -0500] "GET /largeimages/144-626-Navy-1-K321NavyModelFront-337W.jpg HTTP/2.0" 200 88089 "https://logomastersintl.com/NFCU/shop-by-brand.php?cat=all_polos&&type=Men&&brand=Port%20Authority&&pageno=3" "Mozilla/5.0 (Windows NT 10.0; Win64; x64) AppleWebKit/537.36 (KHTML, like Gecko) Chrome/135.0.0.0 Safari/537.36 Edg/135.0.0.0"
208.82.37.139 - - [02/May/2025:10:03:54 -0500] "GET /largeimages/75-616-Royal-1-K420PRoyalModelFront-337W.jpg HTTP/2.0" 200 92616 "https://logomastersintl.com/NFCU/shop-by-brand.php?cat=all_polos&&type=Men&&brand=Port%20Authority&&pageno=3" "Mozilla/5.0 (Windows NT 10.0; Win64; x64) AppleWebKit/537.36 (KHTML, like Gecko) Chrome/135.0.0.0 Safari/537.36 Edg/135.0.0.0"
208.82.37.138 - - [02/May/2025:10:03:59 -0500] "GET /NFCU/product-details-colors.php?id=340&&color=17338 HTTP/2.0" 200 37694 "https://www.logomastersintl.com/NFCU/product-details-colors.php?id=340&&color=5147" "Mozilla/5.0 (Windows NT 10.0; Win64; x64) AppleWebKit/537.36 (KHTML, like Gecko) Chrome/135.0.0.0 Safari/537.36 Edg/135.0.0.0"
34.169.187.201 - - [02/May/2025:10:04:01 -0500] "GET /shop.php?cat=u_industrial&&type=u_workwear&&pageno=1 HTTP/2.0" 200 37425 "-" "Mozilla/5.0 (X11; Linux x86_64) AppleWebKit/537.36 (KHTML, like Gecko) Chrome/81.0.4044.129 Safari/537.36"
208.82.37.138 - - [02/May/2025:10:04:01 -0500] "GET /largeimage/340-337W-2791-BlushPink-0-562MBlushPinkModelFront2.jpg HTTP/2.0" 200 89893 "https://www.logomastersintl.com/" "Mozilla/5.0 (Windows NT 10.0; Win64; x64) AppleWebKit/537.36 (KHTML, like Gecko) Chrome/135.0.0.0 Safari/537.36 Edg/135.0.0.0"
52.167.144.185 - - [02/May/2025:10:04:02 -0500] "GET /largeimages/1834-6297f_54_z.jpg HTTP/2.0" 200 278807 "-" "Mozilla/5.0 AppleWebKit/537.36 (KHTML, like Gecko; compatible; bingbot/2.0; +http://www.bing.com/bingbot.htm) Chrome/116.0.1938.76 Safari/537.36"
34.105.100.143 - - [02/May/2025:10:04:04 -0500] "GET /product-details-colors.php?id=424&&color=14372 HTTP/2.0" 200 22856 "-" "Mozilla/5.0 (Windows NT 10.0; Win64; x64) AppleWebKit/537.36 (KHTML, like Gecko) Chrome/123.0.0.0 Safari/537.36 Edg/123.0.0.0"
208.82.37.138 - - [02/May/2025:10:04:07 -0500] "GET /NFCU/product-details-colors.php?id=340&&color=15855 HTTP/2.0" 200 37684 "https://www.logomastersintl.com/NFCU/product-details-colors.php?id=340&&color=17338" "Mozilla/5.0 (Windows NT 10.0; Win64; x64) AppleWebKit/537.36 (KHTML, like Gecko) Chrome/135.0.0.0 Safari/537.36 Edg/135.0.0.0"
208.82.37.139 - - [02/May/2025:10:04:07 -0500] "GET /NFCU/product-details-colors.php?id=1155&&color=10469 HTTP/2.0" 200 44683 "https://logomastersintl.com/NFCU/shop-by-brand.php?cat=all_polos&&type=Men&&brand=Port%20Authority&&pageno=3" "Mozilla/5.0 (Windows NT 10.0; Win64; x64) AppleWebKit/537.36 (KHTML, like Gecko) Chrome/135.0.0.0 Safari/537.36 Edg/135.0.0.0"
208.82.37.138 - - [02/May/2025:10:04:08 -0500] "GET /largeimage/340-2791-OatHthr-1-562MOatHthrModelFront-337W.jpg HTTP/2.0" 200 113067 "https://www.logomastersintl.com/" "Mozilla/5.0 (Windows NT 10.0; Win64; x64) AppleWebKit/537.36 (KHTML, like Gecko) Chrome/135.0.0.0 Safari/537.36 Edg/135.0.0.0"
208.82.37.139 - - [02/May/2025:10:04:12 -0500] "GET /NFCU/product-details-colors.php?id=1155&&color=10470 HTTP/2.0" 200 44832 "https://logomastersintl.com/NFCU/product-details-colors.php?id=1155&&color=10469" "Mozilla/5.0 (Windows NT 10.0; Win64; x64) AppleWebKit/537.36 (KHTML, like Gecko) Chrome/135.0.0.0 Safari/537.36 Edg/135.0.0.0"
208.82.37.139 - - [02/May/2025:10:04:12 -0500] "GET /largeimage/1155-K540_brightpurple_model_3q.jpg HTTP/2.0" 200 18855 "https://logomastersintl.com/NFCU/product-details-colors.php?id=1155&&color=10470" "Mozilla/5.0 (Windows NT 10.0; Win64; x64) AppleWebKit/537.36 (KHTML, like Gecko) Chrome/135.0.0.0 Safari/537.36 Edg/135.0.0.0"
35.230.63.59 - - [02/May/2025:10:04:12 -0500] "GET /product-details-colors.php?id=2310&&color=16830 HTTP/2.0" 200 34645 "-" "Mozilla/4.0 (compatible; MSIE 6.0; Windows NT 5.1; SV1)"
208.82.37.139 - - [02/May/2025:10:04:20 -0500] "GET /NFCU/product-details-colors.php?id=1155&&color=10471 HTTP/2.0" 200 44896 "https://logomastersintl.com/NFCU/product-details-colors.php?id=1155&&color=10470" "Mozilla/5.0 (Windows NT 10.0; Win64; x64) AppleWebKit/537.36 (KHTML, like Gecko) Chrome/135.0.0.0 Safari/537.36 Edg/135.0.0.0"
208.82.37.139 - - [02/May/2025:10:04:20 -0500] "GET /largeimage/1155-K540_brilliantblue_model_3q%20(1).jpg HTTP/2.0" 200 19439 "https://logomastersintl.com/NFCU/product-details-colors.php?id=1155&&color=10471" "Mozilla/5.0 (Windows NT 10.0; Win64; x64) AppleWebKit/537.36 (KHTML, like Gecko) Chrome/135.0.0.0 Safari/537.36 Edg/135.0.0.0"
208.82.37.138 - - [02/May/2025:10:04:20 -0500] "GET /NFCU/product-details-colors.php?id=340&&color=15847 HTTP/2.0" 200 37712 "https://www.logomastersintl.com/NFCU/product-details-colors.php?id=340&&color=15855" "Mozilla/5.0 (Windows NT 10.0; Win64; x64) AppleWebKit/537.36 (KHTML, like Gecko) Chrome/135.0.0.0 Safari/537.36 Edg/135.0.0.0"
98.174.34.107 - - [02/May/2025:10:04:15 -0500] "GET /admin/manage-orders.php HTTP/2.0" 200 34673 "https://www.logomastersintl.com/admin/manage-orders.php" "Mozilla/5.0 (Windows NT 10.0; Win64; x64) AppleWebKit/537.36 (KHTML, like Gecko) Chrome/135.0.0.0 Safari/537.36"
208.82.37.138 - - [02/May/2025:10:04:22 -0500] "GET /largeimage/340-2791-AthlHthr-1-562MAthlHthrModelFront-337W.jpg HTTP/2.0" 200 32755 "https://www.logomastersintl.com/" "Mozilla/5.0 (Windows NT 10.0; Win64; x64) AppleWebKit/537.36 (KHTML, like Gecko) Chrome/135.0.0.0 Safari/537.36 Edg/135.0.0.0"
208.82.37.138 - - [02/May/2025:10:04:26 -0500] "GET /NFCU/product-details-colors.php?id=340&&color=12879 HTTP/2.0" 200 37768 "https://www.logomastersintl.com/NFCU/product-details-colors.php?id=340&&color=15847" "Mozilla/5.0 (Windows NT 10.0; Win64; x64) AppleWebKit/537.36 (KHTML, like Gecko) Chrome/135.0.0.0 Safari/537.36 Edg/135.0.0.0"
208.82.37.138 - - [02/May/2025:10:04:27 -0500] "GET /largeimage/340-2791-CharcoalGrey-1-562MCharcoalGreyModelFront-337W.jpg HTTP/2.0" 200 84638 "https://www.logomastersintl.com/" "Mozilla/5.0 (Windows NT 10.0; Win64; x64) AppleWebKit/537.36 (KHTML, like Gecko) Chrome/135.0.0.0 Safari/537.36 Edg/135.0.0.0"
52.123.190.60 - - [02/May/2025:10:04:28 -0500] "GET /NFCU/product-details-colors.php?id=1155&&color=10471 HTTP/1.1" 200 44896 "-" "Mozilla/5.0 (Windows NT 6.1; WOW64) SkypeUriPreview Preview/0.5 skype-url-preview@microsoft.com"
52.123.190.60 - - [02/May/2025:10:04:29 -0500] "GET /icon/favicon.png HTTP/1.1" 200 9698 "-" "Mozilla/5.0 (Windows NT 6.1; WOW64) SkypeUriPreview Preview/0.5 skype-url-preview@microsoft.com"
51.222.253.16 - - [02/May/2025:10:04:33 -0500] "GET /product-details-colors.php?id=292&&color=15865 HTTP/2.0" 200 31212 "-" "Mozilla/5.0 (compatible; AhrefsBot/7.0; +http://ahrefs.com/robot/)"
51.222.253.9 - - [02/May/2025:10:04:37 -0500] "GET /largeimage/292-1317-DeepNavy-1-PC61TDeepNavyModelFront2-337W.jpg HTTP/2.0" 200 122757 "-" "Mozilla/5.0 (compatible; AhrefsBot/7.0; +http://ahrefs.com/robot/)"
35.247.82.41 - - [02/May/2025:10:04:40 -0500] "GET /product-details-colors.php?id=187&&color=1905 HTTP/2.0" 200 30857 "-" "Mozilla/5.0 (Windows NT 10.0; Win64; x64; rv:125.0) Gecko/20100101 Firefox/125.0"
208.82.37.139 - - [02/May/2025:10:04:52 -0500] "GET /NFCU/product-details-colors.php?id=1155&&color=10469 HTTP/2.0" 200 44683 "https://logomastersintl.com/NFCU/product-details-colors.php?id=1155&&color=10471" "Mozilla/5.0 (Windows NT 10.0; Win64; x64) AppleWebKit/537.36 (KHTML, like Gecko) Chrome/135.0.0.0 Safari/537.36 Edg/135.0.0.0"
34.83.177.179 - - [02/May/2025:10:04:54 -0500] "GET /largeimage/1155-K540_white_model_3q.jpg HTTP/2.0" 200 18169 "-" "Mozilla/5.0 (Windows NT 10.0; Win64; x64) AppleWebKit/537.36 (KHTML, like Gecko) Chrome/124.0.0.0 Safari/537.36 Edg/124.0.0.0"
208.82.37.139 - - [02/May/2025:10:04:57 -0500] "GET /NFCU/product-details-colors.php?id=1155&&color=10471 HTTP/2.0" 200 44896 "https://logomastersintl.com/NFCU/product-details-colors.php?id=1155&&color=10470" "Mozilla/5.0 (Windows NT 10.0; Win64; x64) AppleWebKit/537.36 (KHTML, like Gecko) Chrome/135.0.0.0 Safari/537.36 Edg/135.0.0.0"
34.82.197.232 - - [02/May/2025:10:05:14 -0500] "GET /largeimage/202-WhiteLight%20Stone.jpg HTTP/2.0" 200 54157 "-" "Mozilla/5.0 (Windows NT 10.0; Win64; x64) AppleWebKit/537.36 (KHTML, like Gecko) Chrome/124.0.0.0 Safari/537.36 Edg/124.0.0.0"
35.197.22.164 - - [02/May/2025:10:05:15 -0500] "GET /product-details-colors.php?id=882&&color=8274 HTTP/2.0" 200 32732 "-" "Mozilla/5.0 (Macintosh; Intel Mac OS X 10_15_7) AppleWebKit/605.1.15 (KHTML, like Gecko) Version/15.6.1 Safari/605.1.15"
34.105.100.143 - - [02/May/2025:10:05:16 -0500] "GET /specs/1226-Weatherproof_W6500_Spec_Sheet.pdf.pdf HTTP/2.0" 200 36878 "-" "Mozilla/5.0 (Windows NT 10.0; Win64; x64) AppleWebKit/537.36 (KHTML, like Gecko) Chrome/120.0.0.0 Safari/537.36 Edg/120.0.0.0"
208.82.37.139 - - [02/May/2025:10:05:19 -0500] "GET /NFCU/product-details-colors.php?id=1155&&color=10470 HTTP/2.0" 200 44832 "https://logomastersintl.com/NFCU/product-details-colors.php?id=1155&&color=10469" "Mozilla/5.0 (Windows NT 10.0; Win64; x64) AppleWebKit/537.36 (KHTML, like Gecko) Chrome/135.0.0.0 Safari/537.36 Edg/135.0.0.0"
208.82.37.139 - - [02/May/2025:10:05:20 -0500] "GET /NFCU/product-details-colors.php?id=1155&&color=10469 HTTP/2.0" 200 44683 "https://logomastersintl.com/NFCU/shop-by-brand.php?cat=all_polos&&type=Men&&brand=Port%20Authority&&pageno=3" "Mozilla/5.0 (Windows NT 10.0; Win64; x64) AppleWebKit/537.36 (KHTML, like Gecko) Chrome/135.0.0.0 Safari/537.36 Edg/135.0.0.0"
34.82.249.244 - - [02/May/2025:10:05:21 -0500] "GET /product-details-colors.php?id=335&&color=3590 HTTP/2.0" 200 29529 "-" "Mozilla/5.0 (X11; Linux x86_64) AppleWebKit/537.36 (KHTML, like Gecko) Chrome/121.0.0.0 Safari/537.36"
208.82.37.139 - - [02/May/2025:10:05:22 -0500] "GET /NFCU/shop-by-brand.php?cat=all_polos&&type=Men&&brand=Port%20Authority&&pageno=3 HTTP/2.0" 200 39857 "https://logomastersintl.com/NFCU/shop-by-brand.php?cat=all_polos&&type=Men&&brand=Port%20Authority&&pageno=2" "Mozilla/5.0 (Windows NT 10.0; Win64; x64) AppleWebKit/537.36 (KHTML, like Gecko) Chrome/135.0.0.0 Safari/537.36 Edg/135.0.0.0"
35.185.228.101 - - [02/May/2025:10:05:32 -0500] "GET /product-details-colors.php?id=2238&&color=16417 HTTP/2.0" 200 28047 "-" "Mozilla/5.0 (X11; Linux x86_64) AppleWebKit/537.36 (KHTML, like Gecko) Chrome/81.0.4044.129 Safari/537.36"
208.82.37.139 - - [02/May/2025:10:05:48 -0500] "GET /NFCU/product-details-colors.php?id=2104&&color=14961 HTTP/2.0" 200 43221 "https://logomastersintl.com/NFCU/shop-by-brand.php?cat=all_polos&&type=Men&&brand=Port%20Authority&&pageno=3" "Mozilla/5.0 (Windows NT 10.0; Win64; x64) AppleWebKit/537.36 (KHTML, like Gecko) Chrome/135.0.0.0 Safari/537.36 Edg/135.0.0.0"
