172.59.218.104 - - [02/May/2025:09:21:30 -0500] "GET /largeimages/2312-78181_3s_z.jpg HTTP/2.0" 200 129739 "https://logomastersintl.com/NFCU/shop.php?cat=all_polos&&type=Woman" "Mozilla/5.0 (iPhone; CPU iPhone OS 18_4_1 like Mac OS X) AppleWebKit/605.1.15 (KHTML, like Gecko) Mobile/15E148"
172.59.218.104 - - [02/May/2025:09:21:30 -0500] "GET /largeimages/2313-78181p_4m_z.jpg HTTP/2.0" 200 116732 "https://logomastersintl.com/NFCU/shop.php?cat=all_polos&&type=Woman" "Mozilla/5.0 (iPhone; CPU iPhone OS 18_4_1 like Mac OS X) AppleWebKit/605.1.15 (KHTML, like Gecko) Mobile/15E148"
172.59.218.104 - - [02/May/2025:09:21:30 -0500] "GET /largeimages/2360-424Wx635H-47087-CharcoalHt-0-LSW2890CharcoalHtModelFront.jpg HTTP/2.0" 200 138947 "https://logomastersintl.com/NFCU/shop.php?cat=all_polos&&type=Woman" "Mozilla/5.0 (iPhone; CPU iPhone OS 18_4_1 like Mac OS X) AppleWebKit/605.1.15 (KHTML, like Gecko) Mobile/15E148"
172.59.218.104 - - [02/May/2025:09:21:30 -0500] "GET /largeimages/2182-15575-2023-08-24-F5315%20-GPS%20CompWhite%202.jpg HTTP/2.0" 200 181346 "https://logomastersintl.com/NFCU/shop.php?cat=all_polos&&type=Woman" "Mozilla/5.0 (iPhone; CPU iPhone OS 18_4_1 like Mac OS X) AppleWebKit/605.1.15 (KHTML, like Gecko) Mobile/15E148"
172.59.218.104 - - [02/May/2025:09:21:30 -0500] "GET /largeimages/2181-image001.png HTTP/2.0" 200 223378 "https://logomastersintl.com/NFCU/shop.php?cat=all_polos&&type=Woman" "Mozilla/5.0 (iPhone; CPU iPhone OS 18_4_1 like Mac OS X) AppleWebKit/605.1.15 (KHTML, like Gecko) Mobile/15E148"
172.59.218.104 - - [02/May/2025:09:21:30 -0500] "GET /NFCU/images/parallax/bg-parallax1.jpg HTTP/2.0" 200 40962 "https://logomastersintl.com/NFCU/shop.php?cat=all_polos&&type=Woman" "Mozilla/5.0 (iPhone; CPU iPhone OS 18_4_1 like Mac OS X) AppleWebKit/605.1.15 (KHTML, like Gecko) Mobile/15E148"
172.59.218.104 - - [02/May/2025:09:21:30 -0500] "GET /largeimages/2184-9061-IronGrey-0-LST550IronGreyModelFront1-337W.jpg HTTP/2.0" 200 97887 "https://logomastersintl.com/NFCU/shop.php?cat=all_polos&&type=Woman" "Mozilla/5.0 (iPhone; CPU iPhone OS 18_4_1 like Mac OS X) AppleWebKit/605.1.15 (KHTML, like Gecko) Mobile/15E148"
172.59.218.104 - - [02/May/2025:09:21:30 -0500] "GET /NFCU/images/logo-masters-logo-lg.png HTTP/2.0" 200 126950 "https://logomastersintl.com/NFCU/shop.php?cat=all_polos&&type=Woman" "Mozilla/5.0 (iPhone; CPU iPhone OS 18_4_1 like Mac OS X) AppleWebKit/605.1.15 (KHTML, like Gecko) Mobile/15E148"
47.128.125.153 - - [02/May/2025:09:21:34 -0500] "GET /largeimage/?C=S%3BO=D HTTP/2.0" 404 - "-" "Mozilla/5.0 (Linux; Android 5.0) AppleWebKit/537.36 (KHTML, like Gecko) Mobile Safari/537.36 (compatible; Bytespider; spider-feedback@bytedance.com)"
172.59.218.104 - - [02/May/2025:09:21:40 -0500] "GET /NFCU/shop.php?cat=all_polos&&type=Woman&&pageno=3 HTTP/2.0" 200 39221 "https://logomastersintl.com/NFCU/shop.php?cat=all_polos&&type=Woman&&pageno=2" "Mozilla/5.0 (iPhone; CPU iPhone OS 18_4_1 like Mac OS X) AppleWebKit/605.1.15 (KHTML, like Gecko) CriOS/136.0.7103.56 Mobile/15E148 Safari/604.1"
172.59.218.104 - - [02/May/2025:09:21:41 -0500] "GET /largeimages/2316-ce418w_ez_z.jpg HTTP/2.0" 200 133966 "https://logomastersintl.com/NFCU/shop.php?cat=all_polos&&type=Woman&&pageno=3" "Mozilla/5.0 (iPhone; CPU iPhone OS 18_4_1 like Mac OS X) AppleWebKit/605.1.15 (KHTML, like Gecko) CriOS/136.0.7103.56 Mobile/15E148 Safari/604.1"
172.59.218.104 - - [02/May/2025:09:21:41 -0500] "GET /largeimages/2329-Adidas_A515_Team_Navy_Blue_Front_High_Model.jpg HTTP/2.0" 200 51804 "https://logomastersintl.com/NFCU/shop.php?cat=all_polos&&type=Woman&&pageno=3" "Mozilla/5.0 (iPhone; CPU iPhone OS 18_4_1 like Mac OS X) AppleWebKit/605.1.15 (KHTML, like Gecko) CriOS/136.0.7103.56 Mobile/15E148 Safari/604.1"
172.59.218.104 - - [02/May/2025:09:21:41 -0500] "GET /largeimages/2335-Adidas_A231_Collegiate_Royal_Front_High_Model.jpg HTTP/2.0" 200 53633 "https://logomastersintl.com/NFCU/shop.php?cat=all_polos&&type=Woman&&pageno=3" "Mozilla/5.0 (iPhone; CPU iPhone OS 18_4_1 like Mac OS X) AppleWebKit/605.1.15 (KHTML, like Gecko) CriOS/136.0.7103.56 Mobile/15E148 Safari/604.1"
172.59.218.104 - - [02/May/2025:09:21:41 -0500] "GET /largeimages/19-3524-Royal-1-L562RoyalModelFront-337W.jpg HTTP/2.0" 200 87443 "https://logomastersintl.com/NFCU/shop.php?cat=all_polos&&type=Woman&&pageno=3" "Mozilla/5.0 (iPhone; CPU iPhone OS 18_4_1 like Mac OS X) AppleWebKit/605.1.15 (KHTML, like Gecko) CriOS/136.0.7103.56 Mobile/15E148 Safari/604.1"
172.59.218.104 - - [02/May/2025:09:21:41 -0500] "GET /largeimages/14-3833-Navy-1-L510NavyModelFront1-337W.jpg HTTP/2.0" 200 84817 "https://logomastersintl.com/NFCU/shop.php?cat=all_polos&&type=Woman&&pageno=3" "Mozilla/5.0 (iPhone; CPU iPhone OS 18_4_1 like Mac OS X) AppleWebKit/605.1.15 (KHTML, like Gecko) CriOS/136.0.7103.56 Mobile/15E148 Safari/604.1"
172.59.218.104 - - [02/May/2025:09:21:41 -0500] "GET /largeimages/9-m200w_66_z.jpg HTTP/2.0" 200 600875 "https://logomastersintl.com/NFCU/shop.php?cat=all_polos&&type=Woman&&pageno=3" "Mozilla/5.0 (iPhone; CPU iPhone OS 18_4_1 like Mac OS X) AppleWebKit/605.1.15 (KHTML, like Gecko) CriOS/136.0.7103.56 Mobile/15E148 Safari/604.1"
172.59.218.104 - - [02/May/2025:09:21:41 -0500] "GET /largeimages/2331-Adidas_A481_Team_Navy_Blue-_White_Front_High_Model.jpg HTTP/2.0" 200 56892 "https://logomastersintl.com/NFCU/shop.php?cat=all_polos&&type=Woman&&pageno=3" "Mozilla/5.0 (iPhone; CPU iPhone OS 18_4_1 like Mac OS X) AppleWebKit/605.1.15 (KHTML, like Gecko) CriOS/136.0.7103.56 Mobile/15E148 Safari/604.1"
172.59.218.104 - - [02/May/2025:09:21:41 -0500] "GET /largeimages/15-1123-Burgundy-1-L420BurgundyModelFront-337W.jpg HTTP/2.0" 200 88886 "https://logomastersintl.com/NFCU/shop.php?cat=all_polos&&type=Woman&&pageno=3" "Mozilla/5.0 (iPhone; CPU iPhone OS 18_4_1 like Mac OS X) AppleWebKit/605.1.15 (KHTML, like Gecko) CriOS/136.0.7103.56 Mobile/15E148 Safari/604.1"
172.59.218.104 - - [02/May/2025:09:21:41 -0500] "GET /largeimages/2333-Adidas_A581_Collegiate_Navy_Front_High_Model.jpg HTTP/2.0" 200 65007 "https://logomastersintl.com/NFCU/shop.php?cat=all_polos&&type=Woman&&pageno=3" "Mozilla/5.0 (iPhone; CPU iPhone OS 18_4_1 like Mac OS X) AppleWebKit/605.1.15 (KHTML, like Gecko) CriOS/136.0.7103.56 Mobile/15E148 Safari/604.1"
34.127.101.215 - - [02/May/2025:09:21:41 -0500] "GET /product-details-colors.php?id=1412&&color=17287 HTTP/2.0" 200 29356 "-" "Mozilla/5.0 (Windows NT 10.0; Win64; x64; rv:53.0) Gecko/20100101 Firefox/53.0"
15.204.101.228 - - [02/May/2025:09:21:49 -0500] "GET /largeimages/1485-Grey.png HTTP/1.1" 200 151946 "-" "python-requests/2.32.3"
68.131.51.152 - - [02/May/2025:09:21:50 -0500] "GET /NFCU/shop.php?cat=all_polos&&type=Men HTTP/2.0" 200 39531 "https://www.logomastersintl.com/NFCU/index.php" "Mozilla/5.0 (Linux; Android 10; K) AppleWebKit/537.36 (KHTML, like Gecko) Chrome/135.0.0.0 Mobile Safari/537.36"
68.131.51.152 - - [02/May/2025:09:21:51 -0500] "GET /largeimages/2253-337W-null%20(10).jpg HTTP/2.0" 200 77010 "https://www.logomastersintl.com/" "Mozilla/5.0 (Linux; Android 10; K) AppleWebKit/537.36 (KHTML, like Gecko) Chrome/135.0.0.0 Mobile Safari/537.36"
68.131.51.152 - - [02/May/2025:09:21:51 -0500] "GET /largeimages/2194-5627-DarkNavy-1-TLK527DarkNavyModelFront-337W.jpg HTTP/2.0" 200 95525 "https://www.logomastersintl.com/" "Mozilla/5.0 (Linux; Android 10; K) AppleWebKit/537.36 (KHTML, like Gecko) Chrome/135.0.0.0 Mobile Safari/537.36"
68.131.51.152 - - [02/May/2025:09:21:51 -0500] "GET /largeimages/2367-424Wx635H-47084-CharcoalHt-0-SW2900CharcoalHtModelFront.jpg HTTP/2.0" 200 123423 "https://www.logomastersintl.com/" "Mozilla/5.0 (Linux; Android 10; K) AppleWebKit/537.36 (KHTML, like Gecko) Chrome/135.0.0.0 Mobile Safari/537.36"
68.131.51.152 - - [02/May/2025:09:21:51 -0500] "GET /largeimages/2177-d110_54_g.jpg HTTP/2.0" 200 10988 "https://www.logomastersintl.com/" "Mozilla/5.0 (Linux; Android 10; K) AppleWebKit/537.36 (KHTML, like Gecko) Chrome/135.0.0.0 Mobile Safari/537.36"
68.131.51.152 - - [02/May/2025:09:21:51 -0500] "GET /largeimages/2189-5736-Black-1-TLK500PBlackModelFront2-337W.jpg HTTP/2.0" 200 24665 "https://www.logomastersintl.com/" "Mozilla/5.0 (Linux; Android 10; K) AppleWebKit/537.36 (KHTML, like Gecko) Chrome/135.0.0.0 Mobile Safari/537.36"
68.131.51.152 - - [02/May/2025:09:21:51 -0500] "GET /largeimages/2321-Adidas_A591_Collegiate_Navy_Melange_Front_High_Model.jpg HTTP/2.0" 200 125808 "https://www.logomastersintl.com/" "Mozilla/5.0 (Linux; Android 10; K) AppleWebKit/537.36 (KHTML, like Gecko) Chrome/135.0.0.0 Mobile Safari/537.36"
68.131.51.152 - - [02/May/2025:09:21:51 -0500] "GET /NFCU/images/parallax/bg-parallax1.jpg HTTP/2.0" 200 40962 "https://www.logomastersintl.com/NFCU/stylesheets/style.css" "Mozilla/5.0 (Linux; Android 10; K) AppleWebKit/537.36 (KHTML, like Gecko) Chrome/135.0.0.0 Mobile Safari/537.36"
68.131.51.152 - - [02/May/2025:09:21:51 -0500] "GET /largeimages/2168-4042-Royal-1-CS410RoyalModelFront2-337W.jpg HTTP/2.0" 200 32049 "https://www.logomastersintl.com/" "Mozilla/5.0 (Linux; Android 10; K) AppleWebKit/537.36 (KHTML, like Gecko) Chrome/135.0.0.0 Mobile Safari/537.36"
68.131.51.152 - - [02/May/2025:09:21:51 -0500] "GET /largeimages/2325-Adidas_A585_Grey_Six_Front_High_Model.jpg HTTP/2.0" 200 75271 "https://www.logomastersintl.com/" "Mozilla/5.0 (Linux; Android 10; K) AppleWebKit/537.36 (KHTML, like Gecko) Chrome/135.0.0.0 Mobile Safari/537.36"
68.131.51.152 - - [02/May/2025:09:21:52 -0500] "GET /largeimages/1301-KP1500_charcoal_model_front_072017.jpg HTTP/2.0" 200 360698 "https://www.logomastersintl.com/" "Mozilla/5.0 (Linux; Android 10; K) AppleWebKit/537.36 (KHTML, like Gecko) Chrome/135.0.0.0 Mobile Safari/537.36"
68.131.51.152 - - [02/May/2025:09:21:52 -0500] "GET /largeimages/2173-10861-TrueBlue-1-K682TrueBlueModelFront-337W.jpg HTTP/2.0" 200 117112 "https://www.logomastersintl.com/" "Mozilla/5.0 (Linux; Android 10; K) AppleWebKit/537.36 (KHTML, like Gecko) Chrome/135.0.0.0 Mobile Safari/537.36"
68.131.51.152 - - [02/May/2025:09:21:52 -0500] "GET /largeimages/2193-5622-Navy-1-TLK525NavyModelFront2-337W.jpg HTTP/2.0" 200 23357 "https://www.logomastersintl.com/" "Mozilla/5.0 (Linux; Android 10; K) AppleWebKit/537.36 (KHTML, like Gecko) Chrome/135.0.0.0 Mobile Safari/537.36"
68.131.51.152 - - [02/May/2025:09:21:52 -0500] "GET /largeimages/2188-5735-Navy-1-TLK500LSNavyModelFront1-337W.jpg HTTP/2.0" 200 88657 "https://www.logomastersintl.com/" "Mozilla/5.0 (Linux; Android 10; K) AppleWebKit/537.36 (KHTML, like Gecko) Chrome/135.0.0.0 Mobile Safari/537.36"
66.249.83.135 - - [02/May/2025:09:21:54 -0500] "GET /NFCU/shop.php?cat=all_polos&&type=Men HTTP/1.1" 200 39531 "-" "Mozilla/5.0 (Linux; Android 7.0; SM-G930V Build/NRD90M) AppleWebKit/537.36 (KHTML, like Gecko) Chrome/59.0.3071.125 Mobile Safari/537.36 (compatible; Google-Read-Aloud; +https://support.google.com/webmasters/answer/1061943)"
66.249.83.135 - - [02/May/2025:09:21:55 -0500] "GET /NFCU/shop.php?cat=all_polos&&type=Men HTTP/1.1" 200 39531 "-" "Mozilla/5.0 (Linux; Android 7.0; SM-G930V Build/NRD90M) AppleWebKit/537.36 (KHTML, like Gecko) Chrome/59.0.3071.125 Mobile Safari/537.36 (compatible; Google-Read-Aloud; +https://support.google.com/webmasters/answer/1061943)"
66.249.83.135 - - [02/May/2025:09:21:55 -0500] "GET /NFCU/shop.php?cat=all_polos&&type=Men HTTP/1.1" 200 39531 "-" "Mozilla/5.0 (Linux; Android 7.0; SM-G930V Build/NRD90M) AppleWebKit/537.36 (KHTML, like Gecko) Chrome/59.0.3071.125 Mobile Safari/537.36 (compatible; Google-Read-Aloud; +https://support.google.com/webmasters/answer/1061943)"
51.222.253.14 - - [02/May/2025:09:21:55 -0500] "GET /product-details-colors.php?id=288&&color=2505 HTTP/2.0" 200 38728 "-" "Mozilla/5.0 (compatible; AhrefsBot/7.0; +http://ahrefs.com/robot/)"
172.59.218.104 - - [02/May/2025:09:21:56 -0500] "GET /NFCU/shop.php?cat=all_polos&&type=Woman&&pageno=4 HTTP/2.0" 200 39155 "https://logomastersintl.com/NFCU/shop.php?cat=all_polos&&type=Woman&&pageno=3" "Mozilla/5.0 (iPhone; CPU iPhone OS 18_4_1 like Mac OS X) AppleWebKit/605.1.15 (KHTML, like Gecko) CriOS/136.0.7103.56 Mobile/15E148 Safari/604.1"
172.59.218.104 - - [02/May/2025:09:21:56 -0500] "GET /largeimages/LM-WM-400.gif HTTP/2.0" 200 26520 "https://logomastersintl.com/NFCU/shop.php?cat=all_polos&&type=Woman&&pageno=4" "Mozilla/5.0 (iPhone; CPU iPhone OS 18_4_1 like Mac OS X) AppleWebKit/605.1.15 (KHTML, like Gecko) CriOS/136.0.7103.56 Mobile/15E148 Safari/604.1"
172.59.218.104 - - [02/May/2025:09:21:56 -0500] "GET /largeimages/39-1282-Royal-1-L469RoyalModelFront-337W.jpg HTTP/2.0" 200 85543 "https://logomastersintl.com/NFCU/shop.php?cat=all_polos&&type=Woman&&pageno=4" "Mozilla/5.0 (iPhone; CPU iPhone OS 18_4_1 like Mac OS X) AppleWebKit/605.1.15 (KHTML, like Gecko) CriOS/136.0.7103.56 Mobile/15E148 Safari/604.1"
172.59.218.104 - - [02/May/2025:09:21:57 -0500] "GET /largeimages/928-4317-PinkRaspWht-1-LST659PinkRaspWhtModelFront-337W.jpg HTTP/2.0" 200 86985 "https://logomastersintl.com/NFCU/shop.php?cat=all_polos&&type=Woman&&pageno=4" "Mozilla/5.0 (iPhone; CPU iPhone OS 18_4_1 like Mac OS X) AppleWebKit/605.1.15 (KHTML, like Gecko) CriOS/136.0.7103.56 Mobile/15E148 Safari/604.1"
172.59.218.104 - - [02/May/2025:09:21:57 -0500] "GET /largeimages/926-1234-Red-1-L455RedModelFront-337W.jpg HTTP/2.0" 200 90562 "https://logomastersintl.com/NFCU/shop.php?cat=all_polos&&type=Woman&&pageno=4" "Mozilla/5.0 (iPhone; CPU iPhone OS 18_4_1 like Mac OS X) AppleWebKit/605.1.15 (KHTML, like Gecko) CriOS/136.0.7103.56 Mobile/15E148 Safari/604.1"
172.59.218.104 - - [02/May/2025:09:21:57 -0500] "GET /largeimages/51-288-ProRed-1-203697ProRedModelFront-337W.jpg HTTP/2.0" 200 85950 "https://logomastersintl.com/NFCU/shop.php?cat=all_polos&&type=Woman&&pageno=4" "Mozilla/5.0 (iPhone; CPU iPhone OS 18_4_1 like Mac OS X) AppleWebKit/605.1.15 (KHTML, like Gecko) CriOS/136.0.7103.56 Mobile/15E148 Safari/604.1"
172.59.218.104 - - [02/May/2025:09:21:57 -0500] "GET /largeimages/49-814-MidnightNavy-1-286772MidnightNavyModelFront-337W.jpg HTTP/2.0" 200 73693 "https://logomastersintl.com/NFCU/shop.php?cat=all_polos&&type=Woman&&pageno=4" "Mozilla/5.0 (iPhone; CPU iPhone OS 18_4_1 like Mac OS X) AppleWebKit/605.1.15 (KHTML, like Gecko) CriOS/136.0.7103.56 Mobile/15E148 Safari/604.1"
172.59.218.104 - - [02/May/2025:09:21:57 -0500] "GET /largeimages/57-m315w_43_z.jpg HTTP/2.0" 200 577135 "https://logomastersintl.com/NFCU/shop.php?cat=all_polos&&type=Woman&&pageno=4" "Mozilla/5.0 (iPhone; CPU iPhone OS 18_4_1 like Mac OS X) AppleWebKit/605.1.15 (KHTML, like Gecko) CriOS/136.0.7103.56 Mobile/15E148 Safari/604.1"
172.59.218.104 - - [02/May/2025:09:21:57 -0500] "GET /largeimages/1025-4316-CarolinaBlue-1-L474CarolinaBlueModelFront-337W.jpg HTTP/2.0" 200 91742 "https://logomastersintl.com/NFCU/shop.php?cat=all_polos&&type=Woman&&pageno=4" "Mozilla/5.0 (iPhone; CPU iPhone OS 18_4_1 like Mac OS X) AppleWebKit/605.1.15 (KHTML, like Gecko) CriOS/136.0.7103.56 Mobile/15E148 Safari/604.1"
172.59.218.104 - - [02/May/2025:09:21:57 -0500] "GET /largeimages/1097-L527_VividBlue_Model_Front.jpg HTTP/2.0" 200 25906 "https://logomastersintl.com/NFCU/shop.php?cat=all_polos&&type=Woman&&pageno=4" "Mozilla/5.0 (iPhone; CPU iPhone OS 18_4_1 like Mac OS X) AppleWebKit/605.1.15 (KHTML, like Gecko) CriOS/136.0.7103.56 Mobile/15E148 Safari/604.1"
172.59.218.104 - - [02/May/2025:09:21:57 -0500] "GET /largeimages/54-3368-TrueRoyal-1-L475TrueRoyalModelFront-337W.jpg HTTP/2.0" 200 95518 "https://logomastersintl.com/NFCU/shop.php?cat=all_polos&&type=Woman&&pageno=4" "Mozilla/5.0 (iPhone; CPU iPhone OS 18_4_1 like Mac OS X) AppleWebKit/605.1.15 (KHTML, like Gecko) CriOS/136.0.7103.56 Mobile/15E148 Safari/604.1"
51.222.253.14 - - [02/May/2025:09:21:57 -0500] "GET /largeimage/288-Tangerine.jpg HTTP/2.0" 200 21980 "-" "Mozilla/5.0 (compatible; AhrefsBot/7.0; +http://ahrefs.com/robot/)"
172.59.218.104 - - [02/May/2025:09:22:11 -0500] "GET /NFCU/product-details-colors.php?id=2092&&color=14840 HTTP/2.0" 200 43677 "https://logomastersintl.com/NFCU/shop.php?cat=all_polos&&type=Woman&&pageno=4" "Mozilla/5.0 (iPhone; CPU iPhone OS 18_4_1 like Mac OS X) AppleWebKit/605.1.15 (KHTML, like Gecko) CriOS/136.0.7103.56 Mobile/15E148 Safari/604.1"
172.59.218.104 - - [02/May/2025:09:22:12 -0500] "GET /largeimage/2092-6644-AutumnOrange-1-L572AutumnOrangeModelFront-337W.jpg HTTP/2.0" 200 93945 "https://logomastersintl.com/NFCU/product-details-colors.php?id=2092&&color=14840" "Mozilla/5.0 (iPhone; CPU iPhone OS 18_4_1 like Mac OS X) AppleWebKit/605.1.15 (KHTML, like Gecko) CriOS/136.0.7103.56 Mobile/15E148 Safari/604.1"
172.59.218.104 - - [02/May/2025:09:22:12 -0500] "GET /img/nfcu-logo-option.png HTTP/2.0" 200 17222 "https://logomastersintl.com/NFCU/product-details-colors.php?id=2092&&color=14840" "Mozilla/5.0 (iPhone; CPU iPhone OS 18_4_1 like Mac OS X) AppleWebKit/605.1.15 (KHTML, like Gecko) CriOS/136.0.7103.56 Mobile/15E148 Safari/604.1"
172.59.218.104 - - [02/May/2025:09:22:12 -0500] "GET /img/nfcu-logo-option3.png HTTP/2.0" 200 12165 "https://logomastersintl.com/NFCU/product-details-colors.php?id=2092&&color=14840" "Mozilla/5.0 (iPhone; CPU iPhone OS 18_4_1 like Mac OS X) AppleWebKit/605.1.15 (KHTML, like Gecko) CriOS/136.0.7103.56 Mobile/15E148 Safari/604.1"
172.59.218.104 - - [02/May/2025:09:22:12 -0500] "GET /img/nfcu-logo-option2.png HTTP/2.0" 200 12165 "https://logomastersintl.com/NFCU/product-details-colors.php?id=2092&&color=14840" "Mozilla/5.0 (iPhone; CPU iPhone OS 18_4_1 like Mac OS X) AppleWebKit/605.1.15 (KHTML, like Gecko) CriOS/136.0.7103.56 Mobile/15E148 Safari/604.1"
172.59.218.104 - - [02/May/2025:09:22:19 -0500] "GET /NFCU/product-details-colors.php?id=2092&&color=14845 HTTP/2.0" 200 43615 "https://logomastersintl.com/NFCU/product-details-colors.php?id=2092&&color=14840" "Mozilla/5.0 (iPhone; CPU iPhone OS 18_4_1 like Mac OS X) AppleWebKit/605.1.15 (KHTML, like Gecko) CriOS/136.0.7103.56 Mobile/15E148 Safari/604.1"
172.59.218.104 - - [02/May/2025:09:22:19 -0500] "GET /largeimage/2092-6644-JewelGreen-1-L572JewelGreenModelFront-337W.jpg HTTP/2.0" 200 93612 "https://logomastersintl.com/NFCU/product-details-colors.php?id=2092&&color=14845" "Mozilla/5.0 (iPhone; CPU iPhone OS 18_4_1 like Mac OS X) AppleWebKit/605.1.15 (KHTML, like Gecko) CriOS/136.0.7103.56 Mobile/15E148 Safari/604.1"
44.223.232.55 - - [02/May/2025:09:22:25 -0500] "GET /specs/1840-Flexfit_110P_Spec_Sheet.pdf.pdf HTTP/1.1" 200 83920 "-" "Mozilla/5.0 AppleWebKit/537.36 (KHTML, like Gecko; compatible; Amazonbot/0.1; +https://developer.amazon.com/support/amazonbot) Chrome/119.0.6045.214 Safari/537.36"
3.208.146.193 - - [02/May/2025:09:22:29 -0500] "GET /specs/2310-88181_SellSheet.pdf HTTP/1.1" 200 301515 "-" "Mozilla/5.0 AppleWebKit/537.36 (KHTML, like Gecko; compatible; Amazonbot/0.1; +https://developer.amazon.com/support/amazonbot) Chrome/119.0.6045.214 Safari/537.36"
50.19.79.213 - - [02/May/2025:09:22:33 -0500] "GET /specs/2216-dg730w_SellSheet.pdf HTTP/1.1" 200 271835 "-" "Mozilla/5.0 AppleWebKit/537.36 (KHTML, like Gecko; compatible; Amazonbot/0.1; +https://developer.amazon.com/support/amazonbot) Chrome/119.0.6045.214 Safari/537.36"
68.131.51.152 - - [02/May/2025:09:22:35 -0500] "GET /NFCU/shop.php?cat=all_polos&&type=Men&&pageno=2 HTTP/2.0" 200 39642 "https://www.logomastersintl.com/NFCU/shop.php?cat=all_polos&&type=Men" "Mozilla/5.0 (Linux; Android 10; K) AppleWebKit/537.36 (KHTML, like Gecko) Chrome/135.0.0.0 Mobile Safari/537.36"
68.131.51.152 - - [02/May/2025:09:22:36 -0500] "GET /largeimages/2186-105891_OMF_fs.jpg HTTP/2.0" 200 5802 "https://www.logomastersintl.com/" "Mozilla/5.0 (Linux; Android 10; K) AppleWebKit/537.36 (KHTML, like Gecko) Chrome/135.0.0.0 Mobile Safari/537.36"
68.131.51.152 - - [02/May/2025:09:22:36 -0500] "GET /largeimages/2192-5659-Charcoal-1-TLK455CharcoalModelFront2-337W.jpg HTTP/2.0" 200 25197 "https://www.logomastersintl.com/" "Mozilla/5.0 (Linux; Android 10; K) AppleWebKit/537.36 (KHTML, like Gecko) Chrome/135.0.0.0 Mobile Safari/537.36"
44.209.35.147 - - [02/May/2025:09:22:36 -0500] "GET /shop.php?cat=T_sweats&type=Men HTTP/1.1" 200 38157 "-" "Mozilla/5.0 AppleWebKit/537.36 (KHTML, like Gecko; compatible; Amazonbot/0.1; +https://developer.amazon.com/support/amazonbot) Chrome/119.0.6045.214 Safari/537.36"
68.131.51.152 - - [02/May/2025:09:22:36 -0500] "GET /largeimages/2323-Adidas_A590_Grey_Three_Melange_Front_High_Model.jpg HTTP/2.0" 200 81318 "https://www.logomastersintl.com/" "Mozilla/5.0 (Linux; Android 10; K) AppleWebKit/537.36 (KHTML, like Gecko) Chrome/135.0.0.0 Mobile Safari/537.36"
68.131.51.152 - - [02/May/2025:09:22:36 -0500] "GET /largeimages/2324-Adidas_A498_Navy_Blue-_White-_Grey_Three_Front_High_Model.jpg HTTP/2.0" 200 145143 "https://www.logomastersintl.com/" "Mozilla/5.0 (Linux; Android 10; K) AppleWebKit/537.36 (KHTML, like Gecko) Chrome/135.0.0.0 Mobile Safari/537.36"
68.131.51.152 - - [02/May/2025:09:22:36 -0500] "GET /largeimages/2164-8404-CharcoalHthr-1-K8000CharcoalHthrModelFront-337W.jpg HTTP/2.0" 200 95261 "https://www.logomastersintl.com/" "Mozilla/5.0 (Linux; Android 10; K) AppleWebKit/537.36 (KHTML, like Gecko) Chrome/135.0.0.0 Mobile Safari/537.36"
68.131.51.152 - - [02/May/2025:09:22:36 -0500] "GET /largeimages/2180-5992-SteelGrey-1-TLK540SteelGreyModelFront3-337W.jpg HTTP/2.0" 200 104225 "https://www.logomastersintl.com/" "Mozilla/5.0 (Linux; Android 10; K) AppleWebKit/537.36 (KHTML, like Gecko) Chrome/135.0.0.0 Mobile Safari/537.36"
68.131.51.152 - - [02/May/2025:09:22:37 -0500] "GET /largeimages/2179-2274-SteelGrey-1-TLK500SteelGreyModelFront2-337W.jpg HTTP/2.0" 200 24916 "https://www.logomastersintl.com/" "Mozilla/5.0 (Linux; Android 10; K) AppleWebKit/537.36 (KHTML, like Gecko) Chrome/135.0.0.0 Mobile Safari/537.36"
68.131.51.152 - - [02/May/2025:09:22:37 -0500] "GET /largeimages/2195-5623-Royal-1-TLK510RoyalModelFront3-337W.jpg HTTP/2.0" 200 133023 "https://www.logomastersintl.com/" "Mozilla/5.0 (Linux; Android 10; K) AppleWebKit/537.36 (KHTML, like Gecko) Chrome/135.0.0.0 Mobile Safari/537.36"
68.131.51.152 - - [02/May/2025:09:22:38 -0500] "GET /largeimages/2196-5687-Charcoal-1-TLCS410CharcoalModelFront2-337W.jpg HTTP/2.0" 200 27574 "https://www.logomastersintl.com/" "Mozilla/5.0 (Linux; Android 10; K) AppleWebKit/537.36 (KHTML, like Gecko) Chrome/135.0.0.0 Mobile Safari/537.36"
68.131.51.152 - - [02/May/2025:09:22:38 -0500] "GET /largeimages/2197-738-FadedBlue-1-TLS600FadedBlueModelFront1-337W.jpg HTTP/2.0" 200 128986 "https://www.logomastersintl.com/" "Mozilla/5.0 (Linux; Android 10; K) AppleWebKit/537.36 (KHTML, like Gecko) Chrome/135.0.0.0 Mobile Safari/537.36"
68.131.51.152 - - [02/May/2025:09:22:38 -0500] "GET /largeimages/2198-751-DarkGreen-1-TLS608DarkGreenModelFront-337W.jpg HTTP/2.0" 200 86059 "https://www.logomastersintl.com/" "Mozilla/5.0 (Linux; Android 10; K) AppleWebKit/537.36 (KHTML, like Gecko) Chrome/135.0.0.0 Mobile Safari/537.36"
68.131.51.152 - - [02/May/2025:09:22:39 -0500] "GET /largeimages/2199-7999-DeepBlack-1-TLK100DeepBlackModelFront1.jpg HTTP/2.0" 200 132112 "https://www.logomastersintl.com/" "Mozilla/5.0 (Linux; Android 10; K) AppleWebKit/537.36 (KHTML, like Gecko) Chrome/135.0.0.0 Mobile Safari/537.36"
68.131.51.152 - - [02/May/2025:09:22:39 -0500] "GET /largeimages/2200-7998-GustyGrey-1-K100GustyGreyModelFront2-337W.jpg HTTP/2.0" 200 138626 "https://www.logomastersintl.com/" "Mozilla/5.0 (Linux; Android 10; K) AppleWebKit/537.36 (KHTML, like Gecko) Chrome/135.0.0.0 Mobile Safari/537.36"
66.249.83.134 - - [02/May/2025:09:22:40 -0500] "GET /NFCU/shop.php?cat=all_polos&&type=Men&&pageno=2 HTTP/1.1" 200 39642 "-" "Mozilla/5.0 (Linux; Android 7.0; SM-G930V Build/NRD90M) AppleWebKit/537.36 (KHTML, like Gecko) Chrome/59.0.3071.125 Mobile Safari/537.36 (compatible; Google-Read-Aloud; +https://support.google.com/webmasters/answer/1061943)"
66.249.83.134 - - [02/May/2025:09:22:40 -0500] "GET /NFCU/shop.php?cat=all_polos&&type=Men&&pageno=2 HTTP/1.1" 200 39642 "-" "Mozilla/5.0 (Linux; Android 7.0; SM-G930V Build/NRD90M) AppleWebKit/537.36 (KHTML, like Gecko) Chrome/59.0.3071.125 Mobile Safari/537.36 (compatible; Google-Read-Aloud; +https://support.google.com/webmasters/answer/1061943)"
66.249.83.135 - - [02/May/2025:09:22:40 -0500] "GET /NFCU/shop.php?cat=all_polos&&type=Men&&pageno=2 HTTP/1.1" 200 39642 "-" "Mozilla/5.0 (Linux; Android 7.0; SM-G930V Build/NRD90M) AppleWebKit/537.36 (KHTML, like Gecko) Chrome/59.0.3071.125 Mobile Safari/537.36 (compatible; Google-Read-Aloud; +https://support.google.com/webmasters/answer/1061943)"
54.88.84.219 - - [02/May/2025:09:22:41 -0500] "GET /product-details-colors.php?color=110&id=63 HTTP/1.1" 200 44620 "-" "Mozilla/5.0 AppleWebKit/537.36 (KHTML, like Gecko; compatible; Amazonbot/0.1; +https://developer.amazon.com/support/amazonbot) Chrome/119.0.6045.214 Safari/537.36"
34.231.181.240 - - [02/May/2025:09:22:45 -0500] "GET /product-details-colors.php?color=111&id=63 HTTP/1.1" 200 44586 "-" "Mozilla/5.0 AppleWebKit/537.36 (KHTML, like Gecko; compatible; Amazonbot/0.1; +https://developer.amazon.com/support/amazonbot) Chrome/119.0.6045.214 Safari/537.36"
172.59.218.104 - - [02/May/2025:09:22:46 -0500] "POST /NFCU/php/add.php HTTP/2.0" 302 - "https://logomastersintl.com/NFCU/product-details-colors.php?id=2092&&color=14845" "Mozilla/5.0 (iPhone; CPU iPhone OS 18_4_1 like Mac OS X) AppleWebKit/605.1.15 (KHTML, like Gecko) CriOS/136.0.7103.56 Mobile/15E148 Safari/604.1"
172.59.218.104 - - [02/May/2025:09:22:47 -0500] "GET /NFCU/product-details.php?id=2092 HTTP/2.0" 200 23966 "https://logomastersintl.com/NFCU/product-details-colors.php?id=2092&&color=14845" "Mozilla/5.0 (iPhone; CPU iPhone OS 18_4_1 like Mac OS X) AppleWebKit/605.1.15 (KHTML, like Gecko) CriOS/136.0.7103.56 Mobile/15E148 Safari/604.1"
34.168.110.203 - - [02/May/2025:09:22:48 -0500] "GET /largeimage/1099__Hyper%20blue.jpg HTTP/2.0" 200 60798 "-" "Mozilla/5.0 (Macintosh; Intel Mac OS X 10_15_7) AppleWebKit/537.36 (KHTML, like Gecko) Chrome/123.0.0.0 Safari/537.36"
23.23.103.31 - - [02/May/2025:09:22:49 -0500] "GET /product-details-colors.php?color=8821&id=1020 HTTP/1.1" 200 31498 "-" "Mozilla/5.0 AppleWebKit/537.36 (KHTML, like Gecko; compatible; Amazonbot/0.1; +https://developer.amazon.com/support/amazonbot) Chrome/119.0.6045.214 Safari/537.36"
44.215.231.15 - - [02/May/2025:09:22:52 -0500] "GET /product-details-colors.php?color=1384&id=56 HTTP/1.1" 200 33459 "-" "Mozilla/5.0 AppleWebKit/537.36 (KHTML, like Gecko; compatible; Amazonbot/0.1; +https://developer.amazon.com/support/amazonbot) Chrome/119.0.6045.214 Safari/537.36"
172.59.218.104 - - [02/May/2025:09:22:55 -0500] "GET /NFCU/product-details-colors.php?id=2092&&color=14846 HTTP/2.0" 200 43725 "https://logomastersintl.com/NFCU/product-details.php?id=2092" "Mozilla/5.0 (iPhone; CPU iPhone OS 18_4_1 like Mac OS X) AppleWebKit/605.1.15 (KHTML, like Gecko) CriOS/136.0.7103.56 Mobile/15E148 Safari/604.1"
172.59.218.104 - - [02/May/2025:09:22:56 -0500] "GET /largeimage/2092-6644-Magenta-1-L572MagentaModelFront-337W.jpg HTTP/2.0" 200 91033 "https://logomastersintl.com/NFCU/product-details-colors.php?id=2092&&color=14846" "Mozilla/5.0 (iPhone; CPU iPhone OS 18_4_1 like Mac OS X) AppleWebKit/605.1.15 (KHTML, like Gecko) CriOS/136.0.7103.56 Mobile/15E148 Safari/604.1"
52.204.81.148 - - [02/May/2025:09:22:57 -0500] "GET /product-details-colors.php?color=137&id=63 HTTP/1.1" 200 44654 "-" "Mozilla/5.0 AppleWebKit/537.36 (KHTML, like Gecko; compatible; Amazonbot/0.1; +https://developer.amazon.com/support/amazonbot) Chrome/119.0.6045.214 Safari/537.36"
18.233.24.238 - - [02/May/2025:09:23:01 -0500] "GET /product-details-colors.php?color=15986&id=2184 HTTP/1.1" 200 33702 "-" "Mozilla/5.0 AppleWebKit/537.36 (KHTML, like Gecko; compatible; Amazonbot/0.1; +https://developer.amazon.com/support/amazonbot) Chrome/119.0.6045.214 Safari/537.36"
52.200.54.136 - - [02/May/2025:09:23:04 -0500] "GET /product-details-colors.php?color=16887&id=2316 HTTP/1.1" 200 30072 "-" "Mozilla/5.0 AppleWebKit/537.36 (KHTML, like Gecko; compatible; Amazonbot/0.1; +https://developer.amazon.com/support/amazonbot) Chrome/119.0.6045.214 Safari/537.36"
52.167.144.181 - - [02/May/2025:09:23:06 -0500] "GET /products.php?cat=woven_long&&type=Men HTTP/2.0" 404 - "-" "Mozilla/5.0 AppleWebKit/537.36 (KHTML, like Gecko; compatible; bingbot/2.0; +http://www.bing.com/bingbot.htm) Chrome/116.0.1938.76 Safari/537.36"
3.229.95.193 - - [02/May/2025:09:23:09 -0500] "GET /product-details-colors.php?color=12629&id=1733 HTTP/1.1" 200 34049 "-" "Mozilla/5.0 AppleWebKit/537.36 (KHTML, like Gecko; compatible; Amazonbot/0.1; +https://developer.amazon.com/support/amazonbot) Chrome/119.0.6045.214 Safari/537.36"
172.59.218.104 - - [02/May/2025:09:23:09 -0500] "POST /NFCU/php/add.php HTTP/2.0" 302 - "https://logomastersintl.com/NFCU/product-details-colors.php?id=2092&&color=14846" "Mozilla/5.0 (iPhone; CPU iPhone OS 18_4_1 like Mac OS X) AppleWebKit/605.1.15 (KHTML, like Gecko) CriOS/136.0.7103.56 Mobile/15E148 Safari/604.1"
172.59.218.104 - - [02/May/2025:09:23:09 -0500] "GET /NFCU/product-details.php?id=2092 HTTP/2.0" 200 23966 "https://logomastersintl.com/NFCU/product-details-colors.php?id=2092&&color=14846" "Mozilla/5.0 (iPhone; CPU iPhone OS 18_4_1 like Mac OS X) AppleWebKit/605.1.15 (KHTML, like Gecko) CriOS/136.0.7103.56 Mobile/15E148 Safari/604.1"
68.131.51.152 - - [02/May/2025:09:23:10 -0500] "GET /NFCU/shop.php?cat=all_polos&&type=Men&&pageno=3 HTTP/2.0" 200 39298 "https://www.logomastersintl.com/NFCU/shop.php?cat=all_polos&&type=Men&&pageno=2" "Mozilla/5.0 (Linux; Android 10; K) AppleWebKit/537.36 (KHTML, like Gecko) Chrome/135.0.0.0 Mobile Safari/537.36"
34.82.79.150 - - [02/May/2025:09:23:10 -0500] "GET /specs/262-64000L_specsheet.pdf HTTP/2.0" 200 85989 "-" "Mozilla/5.0 (Windows NT 10.0; Win64; x64) AppleWebKit/537.36 (KHTML, like Gecko) Chrome/51.0.2704.79 Safari/537.36 Edge/14.14393"
68.131.51.152 - - [02/May/2025:09:23:10 -0500] "GET /largeimages/2203-8403-Navy-1-TK8000NavyModelFront-337W.jpg HTTP/2.0" 200 86400 "https://www.logomastersintl.com/" "Mozilla/5.0 (Linux; Android 10; K) AppleWebKit/537.36 (KHTML, like Gecko) Chrome/135.0.0.0 Mobile Safari/537.36"
68.131.51.152 - - [02/May/2025:09:23:10 -0500] "GET /largeimages/2260-337W-40474-BlueNights-0-TM1MAA370BlueNightsModelFront1.jpg HTTP/2.0" 200 79852 "https://www.logomastersintl.com/" "Mozilla/5.0 (Linux; Android 10; K) AppleWebKit/537.36 (KHTML, like Gecko) Chrome/135.0.0.0 Mobile Safari/537.36"
68.131.51.152 - - [02/May/2025:09:23:10 -0500] "GET /largeimages/2249-1377374_58_p.jpg HTTP/2.0" 200 40323 "https://www.logomastersintl.com/" "Mozilla/5.0 (Linux; Android 10; K) AppleWebKit/537.36 (KHTML, like Gecko) Chrome/135.0.0.0 Mobile Safari/537.36"
68.131.51.152 - - [02/May/2025:09:23:10 -0500] "GET /largeimages/2277-337W-null%20(10)%20copy%205.jpg HTTP/2.0" 200 85103 "https://www.logomastersintl.com/" "Mozilla/5.0 (Linux; Android 10; K) AppleWebKit/537.36 (KHTML, like Gecko) Chrome/135.0.0.0 Mobile Safari/537.36"
68.131.51.152 - - [02/May/2025:09:23:10 -0500] "GET /largeimages/2259-337W-null%20(10).jpg HTTP/2.0" 200 105337 "https://www.logomastersintl.com/" "Mozilla/5.0 (Linux; Android 10; K) AppleWebKit/537.36 (KHTML, like Gecko) Chrome/135.0.0.0 Mobile Safari/537.36"
68.131.51.152 - - [02/May/2025:09:23:10 -0500] "GET /largeimages/2261-337W-null%20(10)%20copy%202.jpg HTTP/2.0" 200 100658 "https://www.logomastersintl.com/" "Mozilla/5.0 (Linux; Android 10; K) AppleWebKit/537.36 (KHTML, like Gecko) Chrome/135.0.0.0 Mobile Safari/537.36"
68.131.51.152 - - [02/May/2025:09:23:11 -0500] "GET /largeimages/2279-337W-null%20(11)%20copy%202.jpg HTTP/2.0" 200 87260 "https://www.logomastersintl.com/" "Mozilla/5.0 (Linux; Android 10; K) AppleWebKit/537.36 (KHTML, like Gecko) Chrome/135.0.0.0 Mobile Safari/537.36"
68.131.51.152 - - [02/May/2025:09:23:11 -0500] "GET /largeimages/2283-337W-null%20(11)%20copy%206.jpg HTTP/2.0" 200 104197 "https://www.logomastersintl.com/" "Mozilla/5.0 (Linux; Android 10; K) AppleWebKit/537.36 (KHTML, like Gecko) Chrome/135.0.0.0 Mobile Safari/537.36"
68.131.51.152 - - [02/May/2025:09:23:11 -0500] "GET /largeimages/2281-337W-null%20(11)%20copy.jpg HTTP/2.0" 200 86114 "https://www.logomastersintl.com/" "Mozilla/5.0 (Linux; Android 10; K) AppleWebKit/537.36 (KHTML, like Gecko) Chrome/135.0.0.0 Mobile Safari/537.36"
68.131.51.152 - - [02/May/2025:09:23:11 -0500] "GET /largeimages/2294-1370155_54_z.jpg HTTP/2.0" 200 117916 "https://www.logomastersintl.com/" "Mozilla/5.0 (Linux; Android 10; K) AppleWebKit/537.36 (KHTML, like Gecko) Chrome/135.0.0.0 Mobile Safari/537.36"
68.131.51.152 - - [02/May/2025:09:23:11 -0500] "GET /largeimages/2299-1377375_18_z.jpg HTTP/2.0" 200 110732 "https://www.logomastersintl.com/" "Mozilla/5.0 (Linux; Android 10; K) AppleWebKit/537.36 (KHTML, like Gecko) Chrome/135.0.0.0 Mobile Safari/537.36"
18.214.251.19 - - [02/May/2025:09:23:12 -0500] "GET /product-details-colors.php?color=15139&id=2129 HTTP/1.1" 200 32471 "-" "Mozilla/5.0 AppleWebKit/537.36 (KHTML, like Gecko; compatible; Amazonbot/0.1; +https://developer.amazon.com/support/amazonbot) Chrome/119.0.6045.214 Safari/537.36"
107.23.62.75 - - [02/May/2025:09:23:17 -0500] "GET /product-details-colors.php?color=17176&id=2343 HTTP/1.1" 200 31146 "-" "Mozilla/5.0 AppleWebKit/537.36 (KHTML, like Gecko; compatible; Amazonbot/0.1; +https://developer.amazon.com/support/amazonbot) Chrome/119.0.6045.214 Safari/537.36"
172.59.218.104 - - [02/May/2025:09:23:17 -0500] "GET /NFCU/product-details-colors.php?id=2092&&color=14844 HTTP/2.0" 200 43796 "https://logomastersintl.com/NFCU/product-details.php?id=2092" "Mozilla/5.0 (iPhone; CPU iPhone OS 18_4_1 like Mac OS X) AppleWebKit/605.1.15 (KHTML, like Gecko) CriOS/136.0.7103.56 Mobile/15E148 Safari/604.1"
172.59.218.104 - - [02/May/2025:09:23:17 -0500] "GET /largeimage/2092-6644-EngineRed-1-L572EngineRedModelFront-337W.jpg HTTP/2.0" 200 91604 "https://logomastersintl.com/NFCU/product-details-colors.php?id=2092&&color=14844" "Mozilla/5.0 (iPhone; CPU iPhone OS 18_4_1 like Mac OS X) AppleWebKit/605.1.15 (KHTML, like Gecko) CriOS/136.0.7103.56 Mobile/15E148 Safari/604.1"
3.90.73.206 - - [02/May/2025:09:23:21 -0500] "GET /product-details-colors.php?color=3633&id=337 HTTP/1.1" 200 28918 "-" "Mozilla/5.0 AppleWebKit/537.36 (KHTML, like Gecko; compatible; Amazonbot/0.1; +https://developer.amazon.com/support/amazonbot) Chrome/119.0.6045.214 Safari/537.36"
3.224.215.150 - - [02/May/2025:09:23:25 -0500] "GET /product-details-colors.php?color=11299&id=1478 HTTP/1.1" 200 36427 "-" "Mozilla/5.0 AppleWebKit/537.36 (KHTML, like Gecko; compatible; Amazonbot/0.1; +https://developer.amazon.com/support/amazonbot) Chrome/119.0.6045.214 Safari/537.36"
98.83.10.183 - - [02/May/2025:09:23:29 -0500] "GET /product-details-colors.php?color=3898&id=419 HTTP/1.1" 200 23174 "-" "Mozilla/5.0 AppleWebKit/537.36 (KHTML, like Gecko; compatible; Amazonbot/0.1; +https://developer.amazon.com/support/amazonbot) Chrome/119.0.6045.214 Safari/537.36"
172.59.218.104 - - [02/May/2025:09:23:30 -0500] "POST /NFCU/php/add.php HTTP/2.0" 302 - "https://logomastersintl.com/NFCU/product-details-colors.php?id=2092&&color=14844" "Mozilla/5.0 (iPhone; CPU iPhone OS 18_4_1 like Mac OS X) AppleWebKit/605.1.15 (KHTML, like Gecko) CriOS/136.0.7103.56 Mobile/15E148 Safari/604.1"
172.59.218.104 - - [02/May/2025:09:23:31 -0500] "GET /NFCU/product-details.php?id=2092 HTTP/2.0" 200 23966 "https://logomastersintl.com/NFCU/product-details-colors.php?id=2092&&color=14844" "Mozilla/5.0 (iPhone; CPU iPhone OS 18_4_1 like Mac OS X) AppleWebKit/605.1.15 (KHTML, like Gecko) CriOS/136.0.7103.56 Mobile/15E148 Safari/604.1"
100.27.153.9 - - [02/May/2025:09:23:32 -0500] "GET /product-details-colors.php?color=13958&id=1931 HTTP/1.1" 200 28129 "-" "Mozilla/5.0 AppleWebKit/537.36 (KHTML, like Gecko; compatible; Amazonbot/0.1; +https://developer.amazon.com/support/amazonbot) Chrome/119.0.6045.214 Safari/537.36"
43.153.47.201 - - [02/May/2025:09:23:31 -0500] "GET /NFCU/about-us.php HTTP/1.1" 200 16547 "-" "Mozilla/5.0 (iPhone; CPU iPhone OS 13_2_3 like Mac OS X) AppleWebKit/605.1.15 (KHTML, like Gecko) Version/13.0.3 Mobile/15E148 Safari/604.1"
68.131.51.152 - - [02/May/2025:09:23:34 -0500] "GET /NFCU/shop.php?cat=all_polos&&type=Men&&pageno=4 HTTP/2.0" 200 39264 "https://www.logomastersintl.com/NFCU/shop.php?cat=all_polos&&type=Men&&pageno=3" "Mozilla/5.0 (Linux; Android 10; K) AppleWebKit/537.36 (KHTML, like Gecko) Chrome/135.0.0.0 Mobile Safari/537.36"
68.131.51.152 - - [02/May/2025:09:23:35 -0500] "GET /largeimages/2302-1383255_54_z.jpg HTTP/2.0" 200 133568 "https://www.logomastersintl.com/" "Mozilla/5.0 (Linux; Android 10; K) AppleWebKit/537.36 (KHTML, like Gecko) Chrome/135.0.0.0 Mobile Safari/537.36"
68.131.51.152 - - [02/May/2025:09:23:35 -0500] "GET /largeimages/2306-m205_my_z.jpg HTTP/2.0" 200 151470 "https://www.logomastersintl.com/" "Mozilla/5.0 (Linux; Android 10; K) AppleWebKit/537.36 (KHTML, like Gecko) Chrome/135.0.0.0 Mobile Safari/537.36"
68.131.51.152 - - [02/May/2025:09:23:36 -0500] "GET /largeimages/2309-pg100_54_z.jpg HTTP/2.0" 200 132804 "https://www.logomastersintl.com/" "Mozilla/5.0 (Linux; Android 10; K) AppleWebKit/537.36 (KHTML, like Gecko) Chrome/135.0.0.0 Mobile Safari/537.36"
34.194.95.99 - - [02/May/2025:09:23:37 -0500] "GET /product-details-colors.php?color=2680&id=404 HTTP/1.1" 200 22875 "-" "Mozilla/5.0 AppleWebKit/537.36 (KHTML, like Gecko; compatible; Amazonbot/0.1; +https://developer.amazon.com/support/amazonbot) Chrome/119.0.6045.214 Safari/537.36"
150.5.147.48 - - [02/May/2025:09:23:37 -0500] "GET /largeimages/1353-578673_gameroyalblackwhite_model_front.jpg HTTP/1.1" 200 12025 "-" "Mozilla/5.0 (X11; Ubuntu; Linux x86_64; rv:72.0) Gecko/20100101 Firefox/72.0"
68.131.51.152 - - [02/May/2025:09:23:36 -0500] "GET /largeimages/2328-Adidas_A514_Grey_Three_Front_High_Model.jpg HTTP/2.0" 200 55716 "https://www.logomastersintl.com/" "Mozilla/5.0 (Linux; Android 10; K) AppleWebKit/537.36 (KHTML, like Gecko) Chrome/135.0.0.0 Mobile Safari/537.36"
68.131.51.152 - - [02/May/2025:09:23:36 -0500] "GET /largeimages/2327-Adidas_A402_Collegiate_Navy_Melange_Front_High_Model.jpg HTTP/2.0" 200 80557 "https://www.logomastersintl.com/" "Mozilla/5.0 (Linux; Android 10; K) AppleWebKit/537.36 (KHTML, like Gecko) Chrome/135.0.0.0 Mobile Safari/537.36"
68.131.51.152 - - [02/May/2025:09:23:36 -0500] "GET /largeimages/2315-ce418_ty_z.jpg HTTP/2.0" 200 137413 "https://www.logomastersintl.com/" "Mozilla/5.0 (Linux; Android 10; K) AppleWebKit/537.36 (KHTML, like Gecko) Chrome/135.0.0.0 Mobile Safari/537.36"
172.59.218.104 - - [02/May/2025:09:23:37 -0500] "GET /NFCU/product-details-colors.php?id=2092&&color=14842 HTTP/2.0" 200 43663 "https://logomastersintl.com/NFCU/product-details.php?id=2092" "Mozilla/5.0 (iPhone; CPU iPhone OS 18_4_1 like Mac OS X) AppleWebKit/605.1.15 (KHTML, like Gecko) CriOS/136.0.7103.56 Mobile/15E148 Safari/604.1"
68.131.51.152 - - [02/May/2025:09:23:37 -0500] "GET /largeimages/2330-Adidas_A480_Black-_White_Front_High_Model.jpg HTTP/2.0" 200 63497 "https://www.logomastersintl.com/" "Mozilla/5.0 (Linux; Android 10; K) AppleWebKit/537.36 (KHTML, like Gecko) Chrome/135.0.0.0 Mobile Safari/537.36"
68.131.51.152 - - [02/May/2025:09:23:37 -0500] "GET /largeimages/2332-Adidas_A580_Grey_Three_Front_High_Model.jpg HTTP/2.0" 200 102622 "https://www.logomastersintl.com/" "Mozilla/5.0 (Linux; Android 10; K) AppleWebKit/537.36 (KHTML, like Gecko) Chrome/135.0.0.0 Mobile Safari/537.36"
68.131.51.152 - - [02/May/2025:09:23:37 -0500] "GET /largeimages/2334-Adidas_A230_Collegiate_Royal_Front_High_Model.jpg HTTP/2.0" 200 59938 "https://www.logomastersintl.com/" "Mozilla/5.0 (Linux; Android 10; K) AppleWebKit/537.36 (KHTML, like Gecko) Chrome/135.0.0.0 Mobile Safari/537.36"
68.131.51.152 - - [02/May/2025:09:23:37 -0500] "GET /largeimages/67-944-Yellow-1-K420YellowModelFront-337W.jpg HTTP/2.0" 200 105829 "https://www.logomastersintl.com/" "Mozilla/5.0 (Linux; Android 10; K) AppleWebKit/537.36 (KHTML, like Gecko) Chrome/135.0.0.0 Mobile Safari/537.36"
172.59.218.104 - - [02/May/2025:09:23:38 -0500] "GET /largeimage/2092-6644-Black-1-L572BlackModelFront-337W.jpg HTTP/2.0" 200 81874 "https://logomastersintl.com/NFCU/product-details-colors.php?id=2092&&color=14842" "Mozilla/5.0 (iPhone; CPU iPhone OS 18_4_1 like Mac OS X) AppleWebKit/605.1.15 (KHTML, like Gecko) CriOS/136.0.7103.56 Mobile/15E148 Safari/604.1"
68.131.51.152 - - [02/May/2025:09:23:38 -0500] "GET /largeimages/79-1860-Orange-1-054XOrangeModelFront-337W.jpg HTTP/2.0" 200 105044 "https://www.logomastersintl.com/" "Mozilla/5.0 (Linux; Android 10; K) AppleWebKit/537.36 (KHTML, like Gecko) Chrome/135.0.0.0 Mobile Safari/537.36"
68.131.51.152 - - [02/May/2025:09:23:38 -0500] "GET /largeimages/82-574-Purple-1-8800PurpleModelFront-337W.jpg HTTP/2.0" 200 103239 "https://www.logomastersintl.com/" "Mozilla/5.0 (Linux; Android 10; K) AppleWebKit/537.36 (KHTML, like Gecko) Chrome/135.0.0.0 Mobile Safari/537.36"
68.131.51.152 - - [02/May/2025:09:23:38 -0500] "GET /largeimages/83-437MBlackModelFront1-337W.jpg HTTP/2.0" 200 147844 "https://www.logomastersintl.com/" "Mozilla/5.0 (Linux; Android 10; K) AppleWebKit/537.36 (KHTML, like Gecko) Chrome/135.0.0.0 Mobile Safari/537.36"
68.131.51.152 - - [02/May/2025:09:23:38 -0500] "GET /largeimages/87-m200_43_z.jpg HTTP/2.0" 200 128280 "https://www.logomastersintl.com/" "Mozilla/5.0 (Linux; Android 10; K) AppleWebKit/537.36 (KHTML, like Gecko) Chrome/135.0.0.0 Mobile Safari/537.36"
66.249.83.135 - - [02/May/2025:09:23:39 -0500] "GET /NFCU/shop.php?cat=all_polos&&type=Men&&pageno=4 HTTP/1.1" 200 39264 "-" "Mozilla/5.0 (Linux; Android 7.0; SM-G930V Build/NRD90M) AppleWebKit/537.36 (KHTML, like Gecko) Chrome/59.0.3071.125 Mobile Safari/537.36 (compatible; Google-Read-Aloud; +https://support.google.com/webmasters/answer/1061943)"
66.249.83.135 - - [02/May/2025:09:23:39 -0500] "GET /NFCU/shop.php?cat=all_polos&&type=Men&&pageno=4 HTTP/1.1" 200 39264 "-" "Mozilla/5.0 (Linux; Android 7.0; SM-G930V Build/NRD90M) AppleWebKit/537.36 (KHTML, like Gecko) Chrome/59.0.3071.125 Mobile Safari/537.36 (compatible; Google-Read-Aloud; +https://support.google.com/webmasters/answer/1061943)"
66.249.83.134 - - [02/May/2025:09:23:39 -0500] "GET /NFCU/shop.php?cat=all_polos&&type=Men&&pageno=4 HTTP/1.1" 200 39264 "-" "Mozilla/5.0 (Linux; Android 7.0; SM-G930V Build/NRD90M) AppleWebKit/537.36 (KHTML, like Gecko) Chrome/59.0.3071.125 Mobile Safari/537.36 (compatible; Google-Read-Aloud; +https://support.google.com/webmasters/answer/1061943)"
51.222.253.9 - - [02/May/2025:09:23:40 -0500] "GET /product-details-colors.php?id=288&&color=2506 HTTP/2.0" 200 38788 "-" "Mozilla/5.0 (compatible; AhrefsBot/7.0; +http://ahrefs.com/robot/)"
44.213.36.21 - - [02/May/2025:09:23:40 -0500] "GET /product-details-colors.php?color=16517&id=2232 HTTP/1.1" 200 31479 "-" "Mozilla/5.0 AppleWebKit/537.36 (KHTML, like Gecko; compatible; Amazonbot/0.1; +https://developer.amazon.com/support/amazonbot) Chrome/119.0.6045.214 Safari/537.36"
51.222.253.4 - - [02/May/2025:09:23:41 -0500] "GET /largeimage/288-Texas%20Orange.jpg HTTP/2.0" 200 21756 "-" "Mozilla/5.0 (compatible; AhrefsBot/7.0; +http://ahrefs.com/robot/)"
35.84.130.69 - - [02/May/2025:09:23:42 -0500] "GET /?sucurianticache=1892938771 HTTP/1.1" 200 124834 "-" "Sucuri Uptime Monitor"
54.84.161.62 - - [02/May/2025:09:23:45 -0500] "GET /product-details-colors.php?color=16646&id=2274 HTTP/1.1" 200 31979 "-" "Mozilla/5.0 AppleWebKit/537.36 (KHTML, like Gecko; compatible; Amazonbot/0.1; +https://developer.amazon.com/support/amazonbot) Chrome/119.0.6045.214 Safari/537.36"
72.14.187.58 - - [02/May/2025:09:23:45 -0500] "GET /?sucurianticache=358040945 HTTP/1.1" 200 124834 "-" "Sucuri Uptime Monitor"
34.236.135.14 - - [02/May/2025:09:23:49 -0500] "GET /product-details-colors.php?color=16505&id=2235 HTTP/1.1" 200 31247 "-" "Mozilla/5.0 AppleWebKit/537.36 (KHTML, like Gecko; compatible; Amazonbot/0.1; +https://developer.amazon.com/support/amazonbot) Chrome/119.0.6045.214 Safari/537.36"
98.84.131.195 - - [02/May/2025:09:23:53 -0500] "GET /product-details-colors.php?color=16581&id=2264 HTTP/1.1" 200 31457 "-" "Mozilla/5.0 AppleWebKit/537.36 (KHTML, like Gecko; compatible; Amazonbot/0.1; +https://developer.amazon.com/support/amazonbot) Chrome/119.0.6045.214 Safari/537.36"
34.82.249.244 - - [02/May/2025:09:23:54 -0500] "GET /largeimage/1099__Hyper%20blue.jpg HTTP/2.0" 200 60798 "-" "Mozilla/5.0 (X11; Linux x86_64) AppleWebKit/537.36 (KHTML, like Gecko) Chrome/121.0.0.0 Safari/537.36"
18.214.124.6 - - [02/May/2025:09:23:57 -0500] "GET /product-details-colors.php?color=12759&id=1746 HTTP/1.1" 200 32998 "-" "Mozilla/5.0 AppleWebKit/537.36 (KHTML, like Gecko; compatible; Amazonbot/0.1; +https://developer.amazon.com/support/amazonbot) Chrome/119.0.6045.214 Safari/537.36"
68.131.51.152 - - [02/May/2025:09:24:00 -0500] "GET /NFCU/shop.php?cat=all_polos&&type=Men&&pageno=5 HTTP/2.0" 200 39589 "https://www.logomastersintl.com/NFCU/shop.php?cat=all_polos&&type=Men&&pageno=4" "Mozilla/5.0 (Linux; Android 10; K) AppleWebKit/537.36 (KHTML, like Gecko) Chrome/135.0.0.0 Mobile Safari/537.36"
68.131.51.152 - - [02/May/2025:09:24:00 -0500] "GET /largeimages/927-3832-AutumnOrange-1-K510AutumnOrangeModelFront-337W%20(1).jpg HTTP/2.0" 200 99926 "https://www.logomastersintl.com/" "Mozilla/5.0 (Linux; Android 10; K) AppleWebKit/537.36 (KHTML, like Gecko) Chrome/135.0.0.0 Mobile Safari/537.36"
68.131.51.152 - - [02/May/2025:09:24:00 -0500] "GET /largeimages/1297-3948-Anthracite-1-400099AnthraciteModelFront2-337W.jpg HTTP/2.0" 200 105336 "https://www.logomastersintl.com/" "Mozilla/5.0 (Linux; Android 10; K) AppleWebKit/537.36 (KHTML, like Gecko) Chrome/135.0.0.0 Mobile Safari/537.36"
54.210.155.69 - - [02/May/2025:09:24:00 -0500] "GET /product-details-colors.php?color=12392&id=1137 HTTP/1.1" 200 36580 "-" "Mozilla/5.0 AppleWebKit/537.36 (KHTML, like Gecko; compatible; Amazonbot/0.1; +https://developer.amazon.com/support/amazonbot) Chrome/119.0.6045.214 Safari/537.36"
68.131.51.152 - - [02/May/2025:09:24:00 -0500] "GET /largeimages/1728-5657-BlackTrRed-1-TST655BlackTrRedModelFront-337W.jpg HTTP/2.0" 200 85729 "https://www.logomastersintl.com/" "Mozilla/5.0 (Linux; Android 10; K) AppleWebKit/537.36 (KHTML, like Gecko) Chrome/135.0.0.0 Mobile Safari/537.36"
68.131.51.152 - - [02/May/2025:09:24:00 -0500] "GET /largeimages/1749-5666-Royal-1-TK469RoyalModelFront-337W%20(1).jpg HTTP/2.0" 200 97652 "https://www.logomastersintl.com/" "Mozilla/5.0 (Linux; Android 10; K) AppleWebKit/537.36 (KHTML, like Gecko) Chrome/135.0.0.0 Mobile Safari/537.36"
68.131.51.152 - - [02/May/2025:09:24:00 -0500] "GET /largeimages/1350-604940_midnightnavy_model_front_022015.jpg HTTP/2.0" 200 46562 "https://www.logomastersintl.com/" "Mozilla/5.0 (Linux; Android 10; K) AppleWebKit/537.36 (KHTML, like Gecko) Chrome/135.0.0.0 Mobile Safari/537.36"
68.131.51.152 - - [02/May/2025:09:24:00 -0500] "GET /largeimages/1730-5656-KellyGreen-1-TST650KellyGreenModelFront-337W.jpg HTTP/2.0" 200 88398 "https://www.logomastersintl.com/" "Mozilla/5.0 (Linux; Android 10; K) AppleWebKit/537.36 (KHTML, like Gecko) Chrome/135.0.0.0 Mobile Safari/537.36"
68.131.51.152 - - [02/May/2025:09:24:01 -0500] "GET /largeimages/2107-10146-SterlingGrey-1-K750SterlingGreyModelFront-337W.jpg HTTP/2.0" 200 112980 "https://www.logomastersintl.com/" "Mozilla/5.0 (Linux; Android 10; K) AppleWebKit/537.36 (KHTML, like Gecko) Chrome/135.0.0.0 Mobile Safari/537.36"
68.131.51.152 - - [02/May/2025:09:24:01 -0500] "GET /largeimages/93-dg385_92_p.jpg HTTP/2.0" 200 12920 "https://www.logomastersintl.com/" "Mozilla/5.0 (Linux; Android 10; K) AppleWebKit/537.36 (KHTML, like Gecko) Chrome/135.0.0.0 Mobile Safari/537.36"
68.131.51.152 - - [02/May/2025:09:24:01 -0500] "GET /largeimages/97-4311-TrueRedWhite-1-ST659TrueRedWhiteModelFront-337W.jpg HTTP/2.0" 200 108500 "https://www.logomastersintl.com/" "Mozilla/5.0 (Linux; Android 10; K) AppleWebKit/537.36 (KHTML, like Gecko) Chrome/135.0.0.0 Mobile Safari/537.36"
68.131.51.152 - - [02/May/2025:09:24:01 -0500] "GET /largeimages/109-1072-RivieraBlue-1-K455RivieraBlueModelFront-337W.jpg HTTP/2.0" 200 93378 "https://www.logomastersintl.com/" "Mozilla/5.0 (Linux; Android 10; K) AppleWebKit/537.36 (KHTML, like Gecko) Chrome/135.0.0.0 Mobile Safari/537.36"
68.131.51.152 - - [02/May/2025:09:24:02 -0500] "GET /largeimages/114-1128-Red-1-K469RedModelFront-337W.jpg HTTP/2.0" 200 96672 "https://www.logomastersintl.com/" "Mozilla/5.0 (Linux; Android 10; K) AppleWebKit/537.36 (KHTML, like Gecko) Chrome/135.0.0.0 Mobile Safari/537.36"
68.131.51.152 - - [02/May/2025:09:24:02 -0500] "GET /largeimages/120-2422-SteelGrey-1-T474SteelGreyModelFront-337W.jpg HTTP/2.0" 200 97762 "https://www.logomastersintl.com/" "Mozilla/5.0 (Linux; Android 10; K) AppleWebKit/537.36 (KHTML, like Gecko) Chrome/135.0.0.0 Mobile Safari/537.36"
68.131.51.152 - - [02/May/2025:09:24:02 -0500] "GET /largeimages/129-254-MidnightNavy-1-203690MidnightNavyModelFront-337W.jpg HTTP/2.0" 200 87805 "https://www.logomastersintl.com/" "Mozilla/5.0 (Linux; Android 10; K) AppleWebKit/537.36 (KHTML, like Gecko) Chrome/135.0.0.0 Mobile Safari/537.36"
172.59.218.104 - - [02/May/2025:09:24:03 -0500] "POST /NFCU/php/add.php HTTP/2.0" 302 - "https://logomastersintl.com/NFCU/product-details-colors.php?id=2092&&color=14842" "Mozilla/5.0 (iPhone; CPU iPhone OS 18_4_1 like Mac OS X) AppleWebKit/605.1.15 (KHTML, like Gecko) CriOS/136.0.7103.56 Mobile/15E148 Safari/604.1"
66.249.83.133 - - [02/May/2025:09:24:04 -0500] "GET /NFCU/shop.php?cat=all_polos&&type=Men&&pageno=5 HTTP/1.1" 200 39589 "-" "Mozilla/5.0 (Linux; Android 7.0; SM-G930V Build/NRD90M) AppleWebKit/537.36 (KHTML, like Gecko) Chrome/59.0.3071.125 Mobile Safari/537.36 (compatible; Google-Read-Aloud; +https://support.google.com/webmasters/answer/1061943)"
