208.82.37.139 - - [02/May/2025:07:47:41 -0500] "GET /javascript/gmap3.min.js HTTP/2.0" 200 25239 "https://www.logomastersintl.com/" "Mozilla/5.0 (Windows NT 10.0; Win64; x64) AppleWebKit/537.36 (KHTML, like Gecko) Chrome/135.0.0.0 Safari/537.36 Edg/135.0.0.0"
208.82.37.139 - - [02/May/2025:07:47:41 -0500] "GET /javascript/jquery.cookie.js HTTP/2.0" 200 999 "https://www.logomastersintl.com/" "Mozilla/5.0 (Windows NT 10.0; Win64; x64) AppleWebKit/537.36 (KHTML, like Gecko) Chrome/135.0.0.0 Safari/537.36 Edg/135.0.0.0"
208.82.37.139 - - [02/May/2025:07:47:41 -0500] "GET /javascript/owl.carousel.min.js HTTP/2.0" 200 42766 "https://www.logomastersintl.com/" "Mozilla/5.0 (Windows NT 10.0; Win64; x64) AppleWebKit/537.36 (KHTML, like Gecko) Chrome/135.0.0.0 Safari/537.36 Edg/135.0.0.0"
208.82.37.139 - - [02/May/2025:07:47:41 -0500] "GET /javascript/rev-slider.js HTTP/2.0" 200 16415 "https://www.logomastersintl.com/" "Mozilla/5.0 (Windows NT 10.0; Win64; x64) AppleWebKit/537.36 (KHTML, like Gecko) Chrome/135.0.0.0 Safari/537.36 Edg/135.0.0.0"
208.82.37.139 - - [02/May/2025:07:47:41 -0500] "GET /javascript/equalize.min.js HTTP/2.0" 200 627 "https://www.logomastersintl.com/" "Mozilla/5.0 (Windows NT 10.0; Win64; x64) AppleWebKit/537.36 (KHTML, like Gecko) Chrome/135.0.0.0 Safari/537.36 Edg/135.0.0.0"
208.82.37.139 - - [02/May/2025:07:47:41 -0500] "GET /rev-slider/js/extensions/revolution.extension.migration.min.js HTTP/2.0" 200 6104 "https://www.logomastersintl.com/" "Mozilla/5.0 (Windows NT 10.0; Win64; x64) AppleWebKit/537.36 (KHTML, like Gecko) Chrome/135.0.0.0 Safari/537.36 Edg/135.0.0.0"
208.82.37.139 - - [02/May/2025:07:47:41 -0500] "GET /rev-slider/js/extensions/revolution.extension.video.min.js HTTP/2.0" 200 23243 "https://www.logomastersintl.com/" "Mozilla/5.0 (Windows NT 10.0; Win64; x64) AppleWebKit/537.36 (KHTML, like Gecko) Chrome/135.0.0.0 Safari/537.36 Edg/135.0.0.0"
208.82.37.139 - - [02/May/2025:07:47:41 -0500] "GET /rev-slider/js/extensions/revolution.extension.parallax.min.js HTTP/2.0" 200 8574 "https://www.logomastersintl.com/" "Mozilla/5.0 (Windows NT 10.0; Win64; x64) AppleWebKit/537.36 (KHTML, like Gecko) Chrome/135.0.0.0 Safari/537.36 Edg/135.0.0.0"
208.82.37.139 - - [02/May/2025:07:47:41 -0500] "GET /rev-slider/css/layers.css HTTP/2.0" 200 115205 "https://www.logomastersintl.com/stylesheets/style.css" "Mozilla/5.0 (Windows NT 10.0; Win64; x64) AppleWebKit/537.36 (KHTML, like Gecko) Chrome/135.0.0.0 Safari/537.36 Edg/135.0.0.0"
208.82.37.139 - - [02/May/2025:07:47:41 -0500] "GET /rev-slider/js/extensions/revolution.extension.slideanims.min.js HTTP/2.0" 200 28125 "https://www.logomastersintl.com/" "Mozilla/5.0 (Windows NT 10.0; Win64; x64) AppleWebKit/537.36 (KHTML, like Gecko) Chrome/135.0.0.0 Safari/537.36 Edg/135.0.0.0"
208.82.37.139 - - [02/May/2025:07:47:41 -0500] "GET /rev-slider/js/extensions/revolution.extension.carousel.min.js HTTP/2.0" 200 7358 "https://www.logomastersintl.com/" "Mozilla/5.0 (Windows NT 10.0; Win64; x64) AppleWebKit/537.36 (KHTML, like Gecko) Chrome/135.0.0.0 Safari/537.36 Edg/135.0.0.0"
208.82.37.139 - - [02/May/2025:07:47:41 -0500] "GET /rev-slider/js/extensions/revolution.extension.kenburn.min.js HTTP/2.0" 200 3118 "https://www.logomastersintl.com/" "Mozilla/5.0 (Windows NT 10.0; Win64; x64) AppleWebKit/537.36 (KHTML, like Gecko) Chrome/135.0.0.0 Safari/537.36 Edg/135.0.0.0"
208.82.37.139 - - [02/May/2025:07:47:41 -0500] "GET /rev-slider/js/extensions/revolution.extension.layeranimation.min.js HTTP/2.0" 200 31987 "https://www.logomastersintl.com/" "Mozilla/5.0 (Windows NT 10.0; Win64; x64) AppleWebKit/537.36 (KHTML, like Gecko) Chrome/135.0.0.0 Safari/537.36 Edg/135.0.0.0"
208.82.37.139 - - [02/May/2025:07:47:41 -0500] "GET /rev-slider/js/extensions/revolution.extension.actions.min.js HTTP/2.0" 200 7496 "https://www.logomastersintl.com/" "Mozilla/5.0 (Windows NT 10.0; Win64; x64) AppleWebKit/537.36 (KHTML, like Gecko) Chrome/135.0.0.0 Safari/537.36 Edg/135.0.0.0"
208.82.37.139 - - [02/May/2025:07:47:41 -0500] "GET /rev-slider/js/extensions/revolution.extension.navigation.min.js HTTP/2.0" 200 25827 "https://www.logomastersintl.com/" "Mozilla/5.0 (Windows NT 10.0; Win64; x64) AppleWebKit/537.36 (KHTML, like Gecko) Chrome/135.0.0.0 Safari/537.36 Edg/135.0.0.0"
208.82.37.139 - - [02/May/2025:07:47:40 -0500] "GET /images/image-box/home-section-womens.jpg HTTP/2.0" 200 77262 "https://www.logomastersintl.com/" "Mozilla/5.0 (Windows NT 10.0; Win64; x64) AppleWebKit/537.36 (KHTML, like Gecko) Chrome/135.0.0.0 Safari/537.36 Edg/135.0.0.0"
208.82.37.139 - - [02/May/2025:07:47:40 -0500] "GET /images/image-box/home-section-tshirts.jpg HTTP/2.0" 200 84923 "https://www.logomastersintl.com/" "Mozilla/5.0 (Windows NT 10.0; Win64; x64) AppleWebKit/537.36 (KHTML, like Gecko) Chrome/135.0.0.0 Safari/537.36 Edg/135.0.0.0"
208.82.37.139 - - [02/May/2025:07:47:41 -0500] "GET /rev-slider/js/jquery.themepunch.tools.min.js HTTP/2.0" 200 104628 "https://www.logomastersintl.com/" "Mozilla/5.0 (Windows NT 10.0; Win64; x64) AppleWebKit/537.36 (KHTML, like Gecko) Chrome/135.0.0.0 Safari/537.36 Edg/135.0.0.0"
208.82.37.139 - - [02/May/2025:07:47:41 -0500] "GET /images/image-box/browse-brands.jpg HTTP/2.0" 200 53056 "https://www.logomastersintl.com/" "Mozilla/5.0 (Windows NT 10.0; Win64; x64) AppleWebKit/537.36 (KHTML, like Gecko) Chrome/135.0.0.0 Safari/537.36 Edg/135.0.0.0"
208.82.37.139 - - [02/May/2025:07:47:40 -0500] "GET /images/image-box/home-section-mens.jpg HTTP/2.0" 200 134228 "https://www.logomastersintl.com/" "Mozilla/5.0 (Windows NT 10.0; Win64; x64) AppleWebKit/537.36 (KHTML, like Gecko) Chrome/135.0.0.0 Safari/537.36 Edg/135.0.0.0"
208.82.37.139 - - [02/May/2025:07:47:41 -0500] "GET /largeimages/2223-5301dd%20Saddle.jpg HTTP/2.0" 200 38610 "https://www.logomastersintl.com/" "Mozilla/5.0 (Windows NT 10.0; Win64; x64) AppleWebKit/537.36 (KHTML, like Gecko) Chrome/135.0.0.0 Safari/537.36 Edg/135.0.0.0"
208.82.37.139 - - [02/May/2025:07:47:40 -0500] "GET /images/image-box/home-section-workwear.jpg HTTP/2.0" 200 166426 "https://www.logomastersintl.com/" "Mozilla/5.0 (Windows NT 10.0; Win64; x64) AppleWebKit/537.36 (KHTML, like Gecko) Chrome/135.0.0.0 Safari/537.36 Edg/135.0.0.0"
208.82.37.139 - - [02/May/2025:07:47:41 -0500] "GET /largeimages/2252-LST357-GreyConcrete.jpg HTTP/2.0" 200 79923 "https://www.logomastersintl.com/" "Mozilla/5.0 (Windows NT 10.0; Win64; x64) AppleWebKit/537.36 (KHTML, like Gecko) Chrome/135.0.0.0 Safari/537.36 Edg/135.0.0.0"
208.82.37.139 - - [02/May/2025:07:47:41 -0500] "GET /largeimages/1931-s16538_51_p.jpg HTTP/2.0" 200 80107 "https://www.logomastersintl.com/" "Mozilla/5.0 (Windows NT 10.0; Win64; x64) AppleWebKit/537.36 (KHTML, like Gecko) Chrome/135.0.0.0 Safari/537.36 Edg/135.0.0.0"
208.82.37.139 - - [02/May/2025:07:47:41 -0500] "GET /largeimages/2030-GOS7NY1.jpg HTTP/2.0" 200 216105 "https://www.logomastersintl.com/" "Mozilla/5.0 (Windows NT 10.0; Win64; x64) AppleWebKit/537.36 (KHTML, like Gecko) Chrome/135.0.0.0 Safari/537.36 Edg/135.0.0.0"
208.82.37.139 - - [02/May/2025:07:47:41 -0500] "GET /javascript/jquery-ui.js HTTP/2.0" 200 539421 "https://www.logomastersintl.com/" "Mozilla/5.0 (Windows NT 10.0; Win64; x64) AppleWebKit/537.36 (KHTML, like Gecko) Chrome/135.0.0.0 Safari/537.36 Edg/135.0.0.0"
208.82.37.139 - - [02/May/2025:07:47:43 -0500] "GET /images/parallax/bg-parallax4.jpg HTTP/2.0" 200 612657 "https://www.logomastersintl.com/stylesheets/style.css" "Mozilla/5.0 (Windows NT 10.0; Win64; x64) AppleWebKit/537.36 (KHTML, like Gecko) Chrome/135.0.0.0 Safari/537.36 Edg/135.0.0.0"
208.82.37.139 - - [02/May/2025:07:47:46 -0500] "GET /fonts/fontawesome-webfont.woff2?v=4.6.3 HTTP/2.0" 200 64464 "https://www.logomastersintl.com/stylesheets/font-awesome.css" "Mozilla/5.0 (Windows NT 10.0; Win64; x64) AppleWebKit/537.36 (KHTML, like Gecko) Chrome/135.0.0.0 Safari/537.36 Edg/135.0.0.0"
208.82.37.139 - - [02/May/2025:07:47:47 -0500] "GET /icon/favicon.png HTTP/2.0" 200 9698 "https://www.logomastersintl.com/" "Mozilla/5.0 (Windows NT 10.0; Win64; x64) AppleWebKit/537.36 (KHTML, like Gecko) Chrome/135.0.0.0 Safari/537.36 Edg/135.0.0.0"
35.233.152.27 - - [02/May/2025:07:48:01 -0500] "GET /product-details-colors.php?id=2124&&color=15113 HTTP/2.0" 200 28707 "-" "Mozilla/5.0 (compatible; MSIE 9.0; Windows NT 6.0; Trident/5.0; Trident/5.0)"
51.222.253.18 - - [02/May/2025:07:48:04 -0500] "GET /product-details-colors.php?id=288&&color=2495 HTTP/2.0" 200 42954 "-" "Mozilla/5.0 (compatible; AhrefsBot/7.0; +http://ahrefs.com/robot/)"
85.208.96.193 - - [02/May/2025:07:48:05 -0500] "GET /product-details-colors.php?color=10081&id=9 HTTP/1.1" 200 29904 "-" "Mozilla/5.0 (compatible; SemrushBot/7~bl; +http://www.semrush.com/bot.html)"
34.83.77.148 - - [02/May/2025:07:48:09 -0500] "GET /product-details-colors.php?id=2267&&color=16594 HTTP/2.0" 200 30666 "-" "Mozilla/5.0 (Windows NT 10.0; Win64; x64) AppleWebKit/537.36 (KHTML, like Gecko) Chrome/118.0.0.0 Safari/537.36"
150.5.147.44 - - [02/May/2025:07:48:13 -0500] "GET /largeimages/187-m500w_41_z.jpg HTTP/1.1" 200 490912 "-" "Mozilla/5.0 (X11; Ubuntu; Linux x86_64; rv:72.0) Gecko/20100101 Firefox/72.0"
51.222.253.13 - - [02/May/2025:07:48:15 -0500] "GET /largeimage/288-Royal.jpg HTTP/2.0" 200 22420 "-" "Mozilla/5.0 (compatible; AhrefsBot/7.0; +http://ahrefs.com/robot/)"
208.82.37.139 - - [02/May/2025:07:48:21 -0500] "GET /womens.php HTTP/2.0" 200 23622 "https://www.logomastersintl.com/" "Mozilla/5.0 (Windows NT 10.0; Win64; x64) AppleWebKit/537.36 (KHTML, like Gecko) Chrome/135.0.0.0 Safari/537.36 Edg/135.0.0.0"
208.82.37.139 - - [02/May/2025:07:48:22 -0500] "GET /images/image-box/Womens-Sweaters.jpg HTTP/2.0" 200 57625 "https://www.logomastersintl.com/womens.php" "Mozilla/5.0 (Windows NT 10.0; Win64; x64) AppleWebKit/537.36 (KHTML, like Gecko) Chrome/135.0.0.0 Safari/537.36 Edg/135.0.0.0"
208.82.37.139 - - [02/May/2025:07:48:22 -0500] "GET /images/image-box/Women-tshirts.jpg HTTP/2.0" 200 62529 "https://www.logomastersintl.com/womens.php" "Mozilla/5.0 (Windows NT 10.0; Win64; x64) AppleWebKit/537.36 (KHTML, like Gecko) Chrome/135.0.0.0 Safari/537.36 Edg/135.0.0.0"
208.82.37.139 - - [02/May/2025:07:48:22 -0500] "GET /images/image-box/womens-polos.jpg HTTP/2.0" 200 59839 "https://www.logomastersintl.com/womens.php" "Mozilla/5.0 (Windows NT 10.0; Win64; x64) AppleWebKit/537.36 (KHTML, like Gecko) Chrome/135.0.0.0 Safari/537.36 Edg/135.0.0.0"
208.82.37.139 - - [02/May/2025:07:48:22 -0500] "GET /images/image-box/Womens-Performance.jpg HTTP/2.0" 200 43236 "https://www.logomastersintl.com/womens.php" "Mozilla/5.0 (Windows NT 10.0; Win64; x64) AppleWebKit/537.36 (KHTML, like Gecko) Chrome/135.0.0.0 Safari/537.36 Edg/135.0.0.0"
208.82.37.139 - - [02/May/2025:07:48:22 -0500] "GET /images/image-box/Women-Outerwear.jpg HTTP/2.0" 200 54924 "https://www.logomastersintl.com/womens.php" "Mozilla/5.0 (Windows NT 10.0; Win64; x64) AppleWebKit/537.36 (KHTML, like Gecko) Chrome/135.0.0.0 Safari/537.36 Edg/135.0.0.0"
208.82.37.139 - - [02/May/2025:07:48:22 -0500] "GET /images/image-box/Womens-Camp-Shirts.jpg HTTP/2.0" 200 50295 "https://www.logomastersintl.com/womens.php" "Mozilla/5.0 (Windows NT 10.0; Win64; x64) AppleWebKit/537.36 (KHTML, like Gecko) Chrome/135.0.0.0 Safari/537.36 Edg/135.0.0.0"
208.82.37.139 - - [02/May/2025:07:48:22 -0500] "GET /images/image-box/Womens-button-down.jpg HTTP/2.0" 200 54153 "https://www.logomastersintl.com/womens.php" "Mozilla/5.0 (Windows NT 10.0; Win64; x64) AppleWebKit/537.36 (KHTML, like Gecko) Chrome/135.0.0.0 Safari/537.36 Edg/135.0.0.0"
208.82.37.139 - - [02/May/2025:07:48:22 -0500] "GET /images/image-box/Womens-Popular.jpg HTTP/2.0" 200 190545 "https://www.logomastersintl.com/womens.php" "Mozilla/5.0 (Windows NT 10.0; Win64; x64) AppleWebKit/537.36 (KHTML, like Gecko) Chrome/135.0.0.0 Safari/537.36 Edg/135.0.0.0"
35.197.22.164 - - [02/May/2025:07:48:24 -0500] "GET /product-details-colors.php?id=2339&&color=17156 HTTP/2.0" 200 34629 "-" "Mozilla/5.0 (Macintosh; Intel Mac OS X 10_15_7) AppleWebKit/605.1.15 (KHTML, like Gecko) Version/16.5 Safari/605.1.15"
208.82.37.139 - - [02/May/2025:07:48:28 -0500] "GET /shop.php?cat=all_polos&&type=Woman HTTP/2.0" 200 38292 "https://www.logomastersintl.com/womens.php" "Mozilla/5.0 (Windows NT 10.0; Win64; x64) AppleWebKit/537.36 (KHTML, like Gecko) Chrome/135.0.0.0 Safari/537.36 Edg/135.0.0.0"
208.82.37.139 - - [02/May/2025:07:48:28 -0500] "GET /images/blog/search_icon.png HTTP/2.0" 200 1852 "https://www.logomastersintl.com/stylesheets/style.css" "Mozilla/5.0 (Windows NT 10.0; Win64; x64) AppleWebKit/537.36 (KHTML, like Gecko) Chrome/135.0.0.0 Safari/537.36 Edg/135.0.0.0"
208.82.37.139 - - [02/May/2025:07:48:28 -0500] "GET /images/parallax/bg-parallax1.jpg HTTP/2.0" 200 40962 "https://www.logomastersintl.com/stylesheets/style.css" "Mozilla/5.0 (Windows NT 10.0; Win64; x64) AppleWebKit/537.36 (KHTML, like Gecko) Chrome/135.0.0.0 Safari/537.36 Edg/135.0.0.0"
34.105.79.13 - - [02/May/2025:07:48:30 -0500] "GET /specs/1259-CTSJ140_specsheet.pdf HTTP/2.0" 200 67411 "-" "Mozilla/5.0 (Macintosh; Intel Mac OS X 10_15_7) AppleWebKit/605.1.15 (KHTML, like Gecko) Version/15.6.1 Safari/605.1.15"
34.145.20.85 - - [02/May/2025:07:48:43 -0500] "GET /product-details-colors.php?id=2298&&color=16756 HTTP/2.0" 200 27220 "-" "Mozilla/5.0 (Macintosh; Intel Mac OS X 10_15_7) AppleWebKit/605.1.15 (KHTML, like Gecko) Version/17.0 Safari/605.1.15"
35.230.51.110 - - [02/May/2025:07:48:52 -0500] "GET /specs/467-Columbia_128606_Spec_Sheet.pdf.pdf HTTP/2.0" 200 97068 "-" "Mozilla/5.0 (Windows NT 10.0; Win64; x64; rv:109.0) Gecko/20100101 Firefox/115.0"
35.227.183.153 - - [02/May/2025:07:49:16 -0500] "GET /product-details-colors.php?id=2267&&color=16594 HTTP/2.0" 200 30666 "-" "Mozilla/5.0 (Macintosh; Intel Mac OS X 10_15_7) AppleWebKit/605.1.15 (KHTML, like Gecko) Version/17.1.2 Safari/605.1.15"
35.233.152.27 - - [02/May/2025:07:49:20 -0500] "GET /product-details-colors.php?id=2298&&color=16756 HTTP/2.0" 200 27220 "-" "Mozilla/5.0 (Macintosh; Intel Mac OS X 10_15_7) AppleWebKit/537.36 (KHTML, like Gecko) Chrome/121.0.0.0 Safari/537.36"
47.236.136.14 - - [02/May/2025:07:49:32 -0500] "GET /largeimages/CP90.jpg HTTP/1.1" 200 80572 "-" "Mozilla/5.0 (X11; Ubuntu; Linux x86_64; rv:72.0) Gecko/20100101 Firefox/72.0"
43.155.195.141 - - [02/May/2025:07:49:34 -0500] "GET /NFCU/product-details-colors.php?id=2370&&color=17451 HTTP/1.1" 200 33367 "-" "Mozilla/5.0 (iPhone; CPU iPhone OS 13_2_3 like Mac OS X) AppleWebKit/605.1.15 (KHTML, like Gecko) Version/13.0.3 Mobile/15E148 Safari/604.1"
35.233.152.27 - - [02/May/2025:07:49:35 -0500] "GET /largeimage/2143-P-INDM10U1.jpg HTTP/2.0" 200 43332 "-" "Mozilla/5.0 (Macintosh; Intel Mac OS X 10_15_7) AppleWebKit/605.1.15 (KHTML, like Gecko) Version/17.4.1 Safari/605.1.15"
34.169.6.99 - - [02/May/2025:07:49:37 -0500] "GET /product-details-colors.php?id=2192&&color=16236 HTTP/2.0" 200 22747 "-" "Mozilla/5.0 (Macintosh; Intel Mac OS X 10_15_7) AppleWebKit/605.1.15 (KHTML, like Gecko) Version/16.3 Safari/605.1.15"
51.222.253.16 - - [02/May/2025:07:49:42 -0500] "GET /product-details-colors.php?id=288&&color=2498 HTTP/2.0" 200 38628 "-" "Mozilla/5.0 (compatible; AhrefsBot/7.0; +http://ahrefs.com/robot/)"
51.222.253.11 - - [02/May/2025:07:49:45 -0500] "GET /largeimage/288-Sand.jpg HTTP/2.0" 200 18176 "-" "Mozilla/5.0 (compatible; AhrefsBot/7.0; +http://ahrefs.com/robot/)"
35.230.51.110 - - [02/May/2025:07:49:55 -0500] "GET /largeimage/6__Gold.jpg HTTP/2.0" 200 58666 "-" "Mozilla/5.0 (Macintosh; Intel Mac OS X 10_15_7) AppleWebKit/537.36 (KHTML, like Gecko) Chrome/118.0.0.0 Safari/537.36"
208.82.37.139 - - [02/May/2025:07:50:05 -0500] "GET /product-details-colors.php?id=2368&&color=17394 HTTP/2.0" 200 35525 "https://www.logomastersintl.com/shop.php?cat=all_polos&&type=Woman" "Mozilla/5.0 (Windows NT 10.0; Win64; x64) AppleWebKit/537.36 (KHTML, like Gecko) Chrome/135.0.0.0 Safari/537.36 Edg/135.0.0.0"
208.82.37.139 - - [02/May/2025:07:50:10 -0500] "GET /largeimage/2368-424Wx635H-8000-BrtKelGn-0-L100BrtKelGnModelFront2.jpg HTTP/2.0" 200 144060 "https://www.logomastersintl.com/" "Mozilla/5.0 (Windows NT 10.0; Win64; x64) AppleWebKit/537.36 (KHTML, like Gecko) Chrome/135.0.0.0 Safari/537.36 Edg/135.0.0.0"
208.82.37.139 - - [02/May/2025:07:50:10 -0500] "GET /largeimages/2200-7998-GustyGrey-1-K100GustyGreyModelFront2-337W.jpg HTTP/2.0" 200 138626 "https://www.logomastersintl.com/" "Mozilla/5.0 (Windows NT 10.0; Win64; x64) AppleWebKit/537.36 (KHTML, like Gecko) Chrome/135.0.0.0 Safari/537.36 Edg/135.0.0.0"
165.22.61.53 - - [02/May/2025:07:50:18 -0500] "GET /largeimages/2126-1317218_47_z.jpg HTTP/1.1" 200 362770 "-" "Mozilla/5.0 (Windows NT 10.0; Win64; x64) AppleWebKit/537.36 (KHTML, like Gecko) Chrome/121.0.0.0 Safari/537.36 Edg/121.0.0.0"
208.82.37.139 - - [02/May/2025:07:50:26 -0500] "GET /shop.php?cat=all_polos&&type=Woman HTTP/2.0" 200 38292 "https://www.logomastersintl.com/womens.php" "Mozilla/5.0 (Windows NT 10.0; Win64; x64) AppleWebKit/537.36 (KHTML, like Gecko) Chrome/135.0.0.0 Safari/537.36 Edg/135.0.0.0"
208.82.37.139 - - [02/May/2025:07:50:41 -0500] "GET /shop.php?cat=all_polos&&type=Woman&&pageno=2 HTTP/2.0" 200 37901 "https://www.logomastersintl.com/shop.php?cat=all_polos&&type=Woman" "Mozilla/5.0 (Windows NT 10.0; Win64; x64) AppleWebKit/537.36 (KHTML, like Gecko) Chrome/135.0.0.0 Safari/537.36 Edg/135.0.0.0"
208.82.37.139 - - [02/May/2025:07:50:45 -0500] "GET /largeimages/2329-Adidas_A515_Team_Navy_Blue_Front_High_Model.jpg HTTP/2.0" 304 - "https://www.logomastersintl.com/" "Mozilla/5.0 (Windows NT 10.0; Win64; x64) AppleWebKit/537.36 (KHTML, like Gecko) Chrome/135.0.0.0 Safari/537.36 Edg/135.0.0.0"
208.82.37.139 - - [02/May/2025:07:50:45 -0500] "GET /largeimages/2316-ce418w_ez_z.jpg HTTP/2.0" 200 133966 "https://www.logomastersintl.com/" "Mozilla/5.0 (Windows NT 10.0; Win64; x64) AppleWebKit/537.36 (KHTML, like Gecko) Chrome/135.0.0.0 Safari/537.36 Edg/135.0.0.0"
34.82.82.74 - - [02/May/2025:07:50:57 -0500] "GET /product-details-colors.php?id=1480&&color=11364 HTTP/2.0" 200 33664 "-" "Mozilla/5.0 (X11; Linux x86_64) AppleWebKit/537.36 (KHTML, like Gecko) Chrome/123.0.0.0 Safari/537.36"
208.82.37.139 - - [02/May/2025:07:51:02 -0500] "GET /shop.php?cat=all_polos&&type=Woman HTTP/2.0" 200 38292 "https://www.logomastersintl.com/shop.php?cat=all_polos&&type=Woman&&pageno=2" "Mozilla/5.0 (Windows NT 10.0; Win64; x64) AppleWebKit/537.36 (KHTML, like Gecko) Chrome/135.0.0.0 Safari/537.36 Edg/135.0.0.0"
35.197.22.195 - - [02/May/2025:07:51:27 -0500] "GET /product-details-colors.php?id=2185&&color=17420 HTTP/2.0" 200 29911 "-" "Mozilla/5.0 (Macintosh; Intel Mac OS X 10_15_7) AppleWebKit/537.36 (KHTML, like Gecko) Chrome/116.0.0.0 Safari/537.36"
185.191.171.13 - - [02/May/2025:07:51:32 -0500] "GET /product-details-colors.php?color=2091&id=232 HTTP/1.1" 200 25089 "-" "Mozilla/5.0 (compatible; SemrushBot/7~bl; +http://www.semrush.com/bot.html)"
51.222.253.17 - - [02/May/2025:07:51:32 -0500] "GET /product-details-colors.php?id=288&&color=7698 HTTP/2.0" 200 38679 "-" "Mozilla/5.0 (compatible; AhrefsBot/7.0; +http://ahrefs.com/robot/)"
34.168.150.98 - - [02/May/2025:07:51:33 -0500] "GET /product-details-colors.php?id=2257&&color=16527 HTTP/2.0" 200 23342 "-" "Mozilla/5.0 (Macintosh; Intel Mac OS X 10_15_7) AppleWebKit/605.1.15 (KHTML, like Gecko) Version/16.5 Safari/605.1.15"
51.222.253.18 - - [02/May/2025:07:51:34 -0500] "GET /largeimage/288__Azalea.jpg HTTP/2.0" 200 19064 "-" "Mozilla/5.0 (compatible; AhrefsBot/7.0; +http://ahrefs.com/robot/)"
208.82.37.139 - - [02/May/2025:07:51:35 -0500] "GET /shop.php?cat=all_polos&&type=Woman&&pageno=2 HTTP/2.0" 200 37901 "https://www.logomastersintl.com/shop.php?cat=all_polos&&type=Woman" "Mozilla/5.0 (Windows NT 10.0; Win64; x64) AppleWebKit/537.36 (KHTML, like Gecko) Chrome/135.0.0.0 Safari/537.36 Edg/135.0.0.0"
208.82.37.139 - - [02/May/2025:07:51:50 -0500] "GET /shop.php?cat=all_polos&&type=Woman&&pageno=3 HTTP/2.0" 200 38359 "https://www.logomastersintl.com/shop.php?cat=all_polos&&type=Woman&&pageno=2" "Mozilla/5.0 (Windows NT 10.0; Win64; x64) AppleWebKit/537.36 (KHTML, like Gecko) Chrome/135.0.0.0 Safari/537.36 Edg/135.0.0.0"
208.82.37.139 - - [02/May/2025:07:51:55 -0500] "GET /largeimages/2333-Adidas_A581_Collegiate_Navy_Front_High_Model.jpg HTTP/2.0" 200 65007 "https://www.logomastersintl.com/" "Mozilla/5.0 (Windows NT 10.0; Win64; x64) AppleWebKit/537.36 (KHTML, like Gecko) Chrome/135.0.0.0 Safari/537.36 Edg/135.0.0.0"
208.82.37.139 - - [02/May/2025:07:51:55 -0500] "GET /largeimages/2335-Adidas_A231_Collegiate_Royal_Front_High_Model.jpg HTTP/2.0" 200 53633 "https://www.logomastersintl.com/" "Mozilla/5.0 (Windows NT 10.0; Win64; x64) AppleWebKit/537.36 (KHTML, like Gecko) Chrome/135.0.0.0 Safari/537.36 Edg/135.0.0.0"
208.82.37.139 - - [02/May/2025:07:51:55 -0500] "GET /largeimages/2331-Adidas_A481_Team_Navy_Blue-_White_Front_High_Model.jpg HTTP/2.0" 200 56892 "https://www.logomastersintl.com/" "Mozilla/5.0 (Windows NT 10.0; Win64; x64) AppleWebKit/537.36 (KHTML, like Gecko) Chrome/135.0.0.0 Safari/537.36 Edg/135.0.0.0"
208.82.37.139 - - [02/May/2025:07:51:58 -0500] "GET /largeimages/14-3833-Navy-1-L510NavyModelFront1-337W.jpg HTTP/2.0" 200 84817 "https://www.logomastersintl.com/" "Mozilla/5.0 (Windows NT 10.0; Win64; x64) AppleWebKit/537.36 (KHTML, like Gecko) Chrome/135.0.0.0 Safari/537.36 Edg/135.0.0.0"
208.82.37.139 - - [02/May/2025:07:51:58 -0500] "GET /largeimages/LM-WM-400.gif HTTP/2.0" 200 26520 "https://www.logomastersintl.com/" "Mozilla/5.0 (Windows NT 10.0; Win64; x64) AppleWebKit/537.36 (KHTML, like Gecko) Chrome/135.0.0.0 Safari/537.36 Edg/135.0.0.0"
208.82.37.139 - - [02/May/2025:07:51:58 -0500] "GET /largeimages/15-1123-Burgundy-1-L420BurgundyModelFront-337W.jpg HTTP/2.0" 304 - "https://www.logomastersintl.com/" "Mozilla/5.0 (Windows NT 10.0; Win64; x64) AppleWebKit/537.36 (KHTML, like Gecko) Chrome/135.0.0.0 Safari/537.36 Edg/135.0.0.0"
208.82.37.139 - - [02/May/2025:07:51:58 -0500] "GET /largeimages/19-3524-Royal-1-L562RoyalModelFront-337W.jpg HTTP/2.0" 200 87443 "https://www.logomastersintl.com/" "Mozilla/5.0 (Windows NT 10.0; Win64; x64) AppleWebKit/537.36 (KHTML, like Gecko) Chrome/135.0.0.0 Safari/537.36 Edg/135.0.0.0"
208.82.37.139 - - [02/May/2025:07:51:58 -0500] "GET /largeimages/9-m200w_66_z.jpg HTTP/2.0" 200 600875 "https://www.logomastersintl.com/" "Mozilla/5.0 (Windows NT 10.0; Win64; x64) AppleWebKit/537.36 (KHTML, like Gecko) Chrome/135.0.0.0 Safari/537.36 Edg/135.0.0.0"
34.82.190.180 - - [02/May/2025:07:52:10 -0500] "GET /specs/1416-Columbia_163926_Spec_Sheet.pdf.pdf HTTP/2.0" 200 66710 "-" "Mozilla/5.0 (Windows NT 10.0; Win64; x64; rv:53.0) Gecko/20100101 Firefox/53.0"
54.211.220.151 - - [02/May/2025:07:52:17 -0500] "GET /largeimages/1550-3324_fm.jpg HTTP/1.1" 200 27838 "-" "Mozilla/5.0 (Windows NT 10.0; Win64; x64) AppleWebKit/537.36 (KHTML, like Gecko) Chrome/120.0.0.0 Safari/537.36"
208.82.37.139 - - [02/May/2025:07:52:23 -0500] "GET /shop.php?cat=all_polos&&type=Woman&&pageno=4 HTTP/2.0" 200 38296 "https://www.logomastersintl.com/shop.php?cat=all_polos&&type=Woman&&pageno=3" "Mozilla/5.0 (Windows NT 10.0; Win64; x64) AppleWebKit/537.36 (KHTML, like Gecko) Chrome/135.0.0.0 Safari/537.36 Edg/135.0.0.0"
34.83.124.10 - - [02/May/2025:07:52:24 -0500] "GET /product-details-colors.php?id=2267&&color=16594 HTTP/2.0" 200 30666 "-" "Mozilla/5.0 (Windows NT 10.0; Win64; x64; rv:123.0) Gecko/20100101 Firefox/123.0"
34.105.100.143 - - [02/May/2025:07:52:24 -0500] "GET /product-details-colors.php?id=2286&&color=16713 HTTP/2.0" 200 31178 "-" "Mozilla/5.0 (Macintosh; Intel Mac OS X 10_15_7) AppleWebKit/605.1.15 (KHTML, like Gecko) Version/16.3 Safari/605.1.15"
208.82.37.139 - - [02/May/2025:07:52:25 -0500] "GET /largeimages/39-1282-Royal-1-L469RoyalModelFront-337W.jpg HTTP/2.0" 200 85543 "https://www.logomastersintl.com/" "Mozilla/5.0 (Windows NT 10.0; Win64; x64) AppleWebKit/537.36 (KHTML, like Gecko) Chrome/135.0.0.0 Safari/537.36 Edg/135.0.0.0"
208.82.37.139 - - [02/May/2025:07:52:25 -0500] "GET /largeimages/49-814-MidnightNavy-1-286772MidnightNavyModelFront-337W.jpg HTTP/2.0" 200 73693 "https://www.logomastersintl.com/" "Mozilla/5.0 (Windows NT 10.0; Win64; x64) AppleWebKit/537.36 (KHTML, like Gecko) Chrome/135.0.0.0 Safari/537.36 Edg/135.0.0.0"
208.82.37.139 - - [02/May/2025:07:52:25 -0500] "GET /largeimages/51-288-ProRed-1-203697ProRedModelFront-337W.jpg HTTP/2.0" 200 85950 "https://www.logomastersintl.com/" "Mozilla/5.0 (Windows NT 10.0; Win64; x64) AppleWebKit/537.36 (KHTML, like Gecko) Chrome/135.0.0.0 Safari/537.36 Edg/135.0.0.0"
208.82.37.139 - - [02/May/2025:07:52:25 -0500] "GET /largeimages/54-3368-TrueRoyal-1-L475TrueRoyalModelFront-337W.jpg HTTP/2.0" 200 95518 "https://www.logomastersintl.com/" "Mozilla/5.0 (Windows NT 10.0; Win64; x64) AppleWebKit/537.36 (KHTML, like Gecko) Chrome/135.0.0.0 Safari/537.36 Edg/135.0.0.0"
208.82.37.139 - - [02/May/2025:07:52:25 -0500] "GET /largeimages/57-m315w_43_z.jpg HTTP/2.0" 200 577135 "https://www.logomastersintl.com/" "Mozilla/5.0 (Windows NT 10.0; Win64; x64) AppleWebKit/537.36 (KHTML, like Gecko) Chrome/135.0.0.0 Safari/537.36 Edg/135.0.0.0"
208.82.37.139 - - [02/May/2025:07:52:26 -0500] "GET /largeimages/1097-L527_VividBlue_Model_Front.jpg HTTP/2.0" 200 25906 "https://www.logomastersintl.com/" "Mozilla/5.0 (Windows NT 10.0; Win64; x64) AppleWebKit/537.36 (KHTML, like Gecko) Chrome/135.0.0.0 Safari/537.36 Edg/135.0.0.0"
208.82.37.139 - - [02/May/2025:07:52:26 -0500] "GET /largeimages/1025-4316-CarolinaBlue-1-L474CarolinaBlueModelFront-337W.jpg HTTP/2.0" 304 - "https://www.logomastersintl.com/" "Mozilla/5.0 (Windows NT 10.0; Win64; x64) AppleWebKit/537.36 (KHTML, like Gecko) Chrome/135.0.0.0 Safari/537.36 Edg/135.0.0.0"
208.82.37.139 - - [02/May/2025:07:52:26 -0500] "GET /largeimages/926-1234-Red-1-L455RedModelFront-337W.jpg HTTP/2.0" 200 90562 "https://www.logomastersintl.com/" "Mozilla/5.0 (Windows NT 10.0; Win64; x64) AppleWebKit/537.36 (KHTML, like Gecko) Chrome/135.0.0.0 Safari/537.36 Edg/135.0.0.0"
208.82.37.139 - - [02/May/2025:07:52:26 -0500] "GET /largeimages/928-4317-PinkRaspWht-1-LST659PinkRaspWhtModelFront-337W.jpg HTTP/2.0" 200 86985 "https://www.logomastersintl.com/" "Mozilla/5.0 (Windows NT 10.0; Win64; x64) AppleWebKit/537.36 (KHTML, like Gecko) Chrome/135.0.0.0 Safari/537.36 Edg/135.0.0.0"
208.82.37.139 - - [02/May/2025:07:52:26 -0500] "GET /largeimages/1751-6023-BerryBurst-1-LOG122BerryBurstModelFront-337W.jpg HTTP/2.0" 200 87822 "https://www.logomastersintl.com/" "Mozilla/5.0 (Windows NT 10.0; Win64; x64) AppleWebKit/537.36 (KHTML, like Gecko) Chrome/135.0.0.0 Safari/537.36 Edg/135.0.0.0"
35.197.120.116 - - [02/May/2025:07:52:37 -0500] "GET /specs/1259-CTSJ140_specsheet.pdf HTTP/2.0" 200 67411 "-" "Mozilla/5.0 (Windows NT 10.0; Win64; x64) AppleWebKit/537.36 (KHTML, like Gecko) Chrome/123.0.0.0 Safari/537.36"
35.199.146.22 - - [02/May/2025:07:52:57 -0500] "GET /product-details-colors.php?id=38&&color=1235 HTTP/2.0" 200 32575 "-" "Mozilla/5.0 (Macintosh; Intel Mac OS X 10_15_7) AppleWebKit/605.1.15 (KHTML, like Gecko) Version/15.6.1 Safari/605.1.15"
34.169.3.229 - - [02/May/2025:07:52:58 -0500] "GET /largeimage/1440-44413_f_fm.jpg HTTP/2.0" 200 12176 "-" "Mozilla/5.0 (X11; Linux x86_64) AppleWebKit/537.36 (KHTML, like Gecko) Chrome/124.0.0.0 Safari/537.36"
104.196.246.237 - - [02/May/2025:07:53:02 -0500] "GET /product-details-colors.php?id=2267&&color=16594 HTTP/2.0" 200 30666 "-" "Mozilla/5.0 (Windows NT 10.0; Win64; x64) AppleWebKit/537.36 (KHTML, like Gecko) Chrome/120.0.0.0 Safari/537.36 Edg/120.0.0.0"
223.109.252.210 - - [02/May/2025:07:53:07 -0500] "GET / HTTP/1.1" 200 124834 "-" "Sogou web spider/4.0(+http://www.sogou.com/docs/help/webmasters.htm#07)"
208.82.37.139 - - [02/May/2025:07:53:16 -0500] "GET /product-details-colors.php?id=2092&&color=14840 HTTP/2.0" 200 32537 "https://www.logomastersintl.com/shop.php?cat=all_polos&&type=Woman&&pageno=4" "Mozilla/5.0 (Windows NT 10.0; Win64; x64) AppleWebKit/537.36 (KHTML, like Gecko) Chrome/135.0.0.0 Safari/537.36 Edg/135.0.0.0"
208.82.37.139 - - [02/May/2025:07:53:17 -0500] "GET /largeimage/2092-6644-AutumnOrange-1-L572AutumnOrangeModelFront-337W.jpg HTTP/2.0" 200 93945 "https://www.logomastersintl.com/" "Mozilla/5.0 (Windows NT 10.0; Win64; x64) AppleWebKit/537.36 (KHTML, like Gecko) Chrome/135.0.0.0 Safari/537.36 Edg/135.0.0.0"
51.222.253.11 - - [02/May/2025:07:53:23 -0500] "GET /shop-by-brand.php?cat=all_polos&&type=Men&brand=Adidas HTTP/2.0" 200 33185 "-" "Mozilla/5.0 (compatible; AhrefsBot/7.0; +http://ahrefs.com/robot/)"
208.82.37.139 - - [02/May/2025:07:53:24 -0500] "GET /product-details-colors.php?id=2092&&color=14841 HTTP/2.0" 200 32577 "https://www.logomastersintl.com/product-details-colors.php?id=2092&&color=14840" "Mozilla/5.0 (Windows NT 10.0; Win64; x64) AppleWebKit/537.36 (KHTML, like Gecko) Chrome/135.0.0.0 Safari/537.36 Edg/135.0.0.0"
208.82.37.139 - - [02/May/2025:07:53:24 -0500] "GET /largeimage/2092-6644-BattleshipGry-1-L572BattleshipGryModelFront-337W.jpg HTTP/2.0" 200 84015 "https://www.logomastersintl.com/" "Mozilla/5.0 (Windows NT 10.0; Win64; x64) AppleWebKit/537.36 (KHTML, like Gecko) Chrome/135.0.0.0 Safari/537.36 Edg/135.0.0.0"
35.230.51.110 - - [02/May/2025:07:53:34 -0500] "GET /product-details-colors.php?id=2328&&color=16975 HTTP/2.0" 200 31755 "-" "Mozilla/5.0 (Windows NT 10.0; Win64; x64; rv:125.0) Gecko/20100101 Firefox/125.0"
202.61.207.228 - - [02/May/2025:07:53:35 -0500] "GET /largeimages/1104-K524_EngineRed_Model_Front_2010.jpg HTTP/1.1" 200 60667 "-" "Mozilla/5.0 (Windows NT 10.0; Win64; x64) AppleWebKit/537.36 (KHTML, like Gecko) Chrome/100.0.8920.705 Safari/537.36"
34.169.110.216 - - [02/May/2025:07:53:40 -0500] "GET /product-details-colors.php?id=1924&&color=13930 HTTP/2.0" 200 28417 "-" "Mozilla/5.0 (Macintosh; Intel Mac OS X 10_15_7) AppleWebKit/605.1.15 (KHTML, like Gecko) Version/16.5 Safari/605.1.15"
208.82.37.139 - - [02/May/2025:07:53:46 -0500] "GET /product-details-colors.php?id=2092&&color=14840 HTTP/2.0" 200 32537 "https://www.logomastersintl.com/product-details-colors.php?id=2092&&color=14841" "Mozilla/5.0 (Windows NT 10.0; Win64; x64) AppleWebKit/537.36 (KHTML, like Gecko) Chrome/135.0.0.0 Safari/537.36 Edg/135.0.0.0"
208.82.37.139 - - [02/May/2025:07:53:52 -0500] "GET /product-details-colors.php?id=2092&&color=14841 HTTP/2.0" 200 32577 "https://www.logomastersintl.com/product-details-colors.php?id=2092&&color=14840" "Mozilla/5.0 (Windows NT 10.0; Win64; x64) AppleWebKit/537.36 (KHTML, like Gecko) Chrome/135.0.0.0 Safari/537.36 Edg/135.0.0.0"
208.82.37.139 - - [02/May/2025:07:53:54 -0500] "GET /product-details-colors.php?id=2092&&color=14840 HTTP/2.0" 200 32537 "https://www.logomastersintl.com/shop.php?cat=all_polos&&type=Woman&&pageno=4" "Mozilla/5.0 (Windows NT 10.0; Win64; x64) AppleWebKit/537.36 (KHTML, like Gecko) Chrome/135.0.0.0 Safari/537.36 Edg/135.0.0.0"
208.82.37.139 - - [02/May/2025:07:53:57 -0500] "GET /shop.php?cat=all_polos&&type=Woman&&pageno=4 HTTP/2.0" 200 38296 "https://www.logomastersintl.com/shop.php?cat=all_polos&&type=Woman&&pageno=3" "Mozilla/5.0 (Windows NT 10.0; Win64; x64) AppleWebKit/537.36 (KHTML, like Gecko) Chrome/135.0.0.0 Safari/537.36 Edg/135.0.0.0"
208.82.37.139 - - [02/May/2025:07:54:03 -0500] "GET /product-details-colors.php?id=1156&&color=10453 HTTP/2.0" 200 33102 "https://www.logomastersintl.com/shop.php?cat=all_polos&&type=Woman&&pageno=4" "Mozilla/5.0 (Windows NT 10.0; Win64; x64) AppleWebKit/537.36 (KHTML, like Gecko) Chrome/135.0.0.0 Safari/537.36 Edg/135.0.0.0"
208.82.37.139 - - [02/May/2025:07:54:10 -0500] "GET /shop.php?cat=all_polos&&type=Woman&&pageno=4 HTTP/2.0" 200 38296 "https://www.logomastersintl.com/shop.php?cat=all_polos&&type=Woman&&pageno=3" "Mozilla/5.0 (Windows NT 10.0; Win64; x64) AppleWebKit/537.36 (KHTML, like Gecko) Chrome/135.0.0.0 Safari/537.36 Edg/135.0.0.0"
34.105.80.187 - - [02/May/2025:07:54:11 -0500] "GET /product-details-colors.php?id=242&&color=15058 HTTP/2.0" 200 32105 "-" "Mozilla/5.0 (X11; Linux x86_64) AppleWebKit/537.36 (KHTML, like Gecko) Chrome/122.0.0.0 Safari/537.36"
34.127.116.243 - - [02/May/2025:07:54:23 -0500] "GET /product-details-colors.php?id=2280&&color=16681 HTTP/2.0" 200 31852 "-" "Mozilla/5.0 (Macintosh; Intel Mac OS X 10_15_7) AppleWebKit/537.36 (KHTML, like Gecko) Chrome/120.0.0.0 Safari/537.36"
208.82.37.139 - - [02/May/2025:07:54:23 -0500] "GET /shop.php?cat=all_polos&&type=Woman&&pageno=5 HTTP/2.0" 200 38177 "https://www.logomastersintl.com/shop.php?cat=all_polos&&type=Woman&&pageno=4" "Mozilla/5.0 (Windows NT 10.0; Win64; x64) AppleWebKit/537.36 (KHTML, like Gecko) Chrome/135.0.0.0 Safari/537.36 Edg/135.0.0.0"
208.82.37.139 - - [02/May/2025:07:54:25 -0500] "GET /largeimages/1343-746100_lightphotoblue_model_front_042015.jpg HTTP/2.0" 200 20717 "https://www.logomastersintl.com/" "Mozilla/5.0 (Windows NT 10.0; Win64; x64) AppleWebKit/537.36 (KHTML, like Gecko) Chrome/135.0.0.0 Safari/537.36 Edg/135.0.0.0"
208.82.37.139 - - [02/May/2025:07:54:25 -0500] "GET /largeimages/1323-838957.jpg HTTP/2.0" 200 12634 "https://www.logomastersintl.com/" "Mozilla/5.0 (Windows NT 10.0; Win64; x64) AppleWebKit/537.36 (KHTML, like Gecko) Chrome/135.0.0.0 Safari/537.36 Edg/135.0.0.0"
208.82.37.139 - - [02/May/2025:07:54:25 -0500] "GET /largeimages/1352-578674_blackhthrblack_model_front.jpg HTTP/2.0" 200 17402 "https://www.logomastersintl.com/" "Mozilla/5.0 (Windows NT 10.0; Win64; x64) AppleWebKit/537.36 (KHTML, like Gecko) Chrome/135.0.0.0 Safari/537.36 Edg/135.0.0.0"
208.82.37.139 - - [02/May/2025:07:54:25 -0500] "GET /largeimages/2115-10470-ShadowGrey-1-LK587ShadowGreyModelFront-337W.jpg HTTP/2.0" 200 99085 "https://www.logomastersintl.com/" "Mozilla/5.0 (Windows NT 10.0; Win64; x64) AppleWebKit/537.36 (KHTML, like Gecko) Chrome/135.0.0.0 Safari/537.36 Edg/135.0.0.0"
208.82.37.139 - - [02/May/2025:07:54:25 -0500] "GET /largeimages/1753-3542-PinkCrush-1-LOG101PinkCrushModelFront-337W.jpg HTTP/2.0" 200 88493 "https://www.logomastersintl.com/" "Mozilla/5.0 (Windows NT 10.0; Win64; x64) AppleWebKit/537.36 (KHTML, like Gecko) Chrome/135.0.0.0 Safari/537.36 Edg/135.0.0.0"
208.82.37.139 - - [02/May/2025:07:54:25 -0500] "GET /largeimages/1924-s16519_00_p.jpg HTTP/2.0" 200 91762 "https://www.logomastersintl.com/" "Mozilla/5.0 (Windows NT 10.0; Win64; x64) AppleWebKit/537.36 (KHTML, like Gecko) Chrome/135.0.0.0 Safari/537.36 Edg/135.0.0.0"
208.82.37.139 - - [02/May/2025:07:54:26 -0500] "GET /largeimages/1671-dg793w_71_p.jpg HTTP/2.0" 200 46971 "https://www.logomastersintl.com/" "Mozilla/5.0 (Windows NT 10.0; Win64; x64) AppleWebKit/537.36 (KHTML, like Gecko) Chrome/135.0.0.0 Safari/537.36 Edg/135.0.0.0"
208.82.37.139 - - [02/May/2025:07:54:26 -0500] "GET /largeimages/1732-5379-PinkRush-1-LST680PinkRushModelFront-337W%20(1).jpg HTTP/2.0" 200 87744 "https://www.logomastersintl.com/" "Mozilla/5.0 (Windows NT 10.0; Win64; x64) AppleWebKit/537.36 (KHTML, like Gecko) Chrome/135.0.0.0 Safari/537.36 Edg/135.0.0.0"
208.82.37.139 - - [02/May/2025:07:54:26 -0500] "GET /largeimages/1725-5297-Maroon-1-LST690MaroonModelFront-337W.jpg HTTP/2.0" 200 76219 "https://www.logomastersintl.com/" "Mozilla/5.0 (Windows NT 10.0; Win64; x64) AppleWebKit/537.36 (KHTML, like Gecko) Chrome/135.0.0.0 Safari/537.36 Edg/135.0.0.0"
208.82.37.139 - - [02/May/2025:07:54:26 -0500] "GET /largeimages/1718-8727-CoastalBlue-1-LK110CoastalBlueModelFront-337W.jpg HTTP/2.0" 200 113436 "https://www.logomastersintl.com/" "Mozilla/5.0 (Windows NT 10.0; Win64; x64) AppleWebKit/537.36 (KHTML, like Gecko) Chrome/135.0.0.0 Safari/537.36 Edg/135.0.0.0"
185.191.171.13 - - [02/May/2025:07:54:38 -0500] "GET /product-details-colors.php?color=12446&id=1712 HTTP/1.1" 200 31518 "-" "Mozilla/5.0 (compatible; SemrushBot/7~bl; +http://www.semrush.com/bot.html)"
150.5.147.52 - - [02/May/2025:07:54:47 -0500] "GET /largeimages/112-3946-VrstyRylWht-1-402394VrstyRylWhtModelFront-337W.jpg HTTP/1.1" 200 104202 "-" "Mozilla/5.0 (X11; Ubuntu; Linux x86_64; rv:72.0) Gecko/20100101 Firefox/72.0"
208.82.37.139 - - [02/May/2025:07:54:48 -0500] "GET /shop.php?cat=all_polos&&type=Woman&&pageno=6 HTTP/2.0" 200 38613 "https://www.logomastersintl.com/shop.php?cat=all_polos&&type=Woman&&pageno=5" "Mozilla/5.0 (Windows NT 10.0; Win64; x64) AppleWebKit/537.36 (KHTML, like Gecko) Chrome/135.0.0.0 Safari/537.36 Edg/135.0.0.0"
208.82.37.139 - - [02/May/2025:07:54:48 -0500] "GET /largeimages/2113-10521-NavyHthr-1-LK542NavyHthrModelFront-337W.jpg HTTP/2.0" 200 27242 "https://www.logomastersintl.com/" "Mozilla/5.0 (Windows NT 10.0; Win64; x64) AppleWebKit/537.36 (KHTML, like Gecko) Chrome/135.0.0.0 Safari/537.36 Edg/135.0.0.0"
208.82.37.139 - - [02/May/2025:07:54:48 -0500] "GET /largeimages/1340-779796_darkgreywhite_model_3q_012016.jpg HTTP/2.0" 200 16569 "https://www.logomastersintl.com/" "Mozilla/5.0 (Windows NT 10.0; Win64; x64) AppleWebKit/537.36 (KHTML, like Gecko) Chrome/135.0.0.0 Safari/537.36 Edg/135.0.0.0"
208.82.37.139 - - [02/May/2025:07:54:48 -0500] "GET /largeimages/2122-7274-Black-1-LM2000BlackModelFront-337W.jpg HTTP/2.0" 200 77314 "https://www.logomastersintl.com/" "Mozilla/5.0 (Windows NT 10.0; Win64; x64) AppleWebKit/537.36 (KHTML, like Gecko) Chrome/135.0.0.0 Safari/537.36 Edg/135.0.0.0"
208.82.37.139 - - [02/May/2025:07:54:48 -0500] "GET /largeimages/1735-7248-IronGyTrRed-1-LST652IronGyTrRedModelFront-337W.jpg HTTP/2.0" 200 95648 "https://www.logomastersintl.com/" "Mozilla/5.0 (Windows NT 10.0; Win64; x64) AppleWebKit/537.36 (KHTML, like Gecko) Chrome/135.0.0.0 Safari/537.36 Edg/135.0.0.0"
208.82.37.139 - - [02/May/2025:07:54:49 -0500] "GET /largeimages/1738-6638-WhiteIronGry-1-LST653WhiteIronGryModelFront-337W.jpg HTTP/2.0" 200 81577 "https://www.logomastersintl.com/" "Mozilla/5.0 (Windows NT 10.0; Win64; x64) AppleWebKit/537.36 (KHTML, like Gecko) Chrome/135.0.0.0 Safari/537.36 Edg/135.0.0.0"
208.82.37.139 - - [02/May/2025:07:54:48 -0500] "GET /largeimages/1870-9847-Gameroyal-1-NKBV6043GameroyalModelFront-337W.jpg HTTP/2.0" 200 127560 "https://www.logomastersintl.com/" "Mozilla/5.0 (Windows NT 10.0; Win64; x64) AppleWebKit/537.36 (KHTML, like Gecko) Chrome/135.0.0.0 Safari/537.36 Edg/135.0.0.0"
208.82.37.139 - - [02/May/2025:07:54:49 -0500] "GET /largeimages/1354-545322_bluesapphire_model_front_072017.jpg HTTP/2.0" 200 18874 "https://www.logomastersintl.com/" "Mozilla/5.0 (Windows NT 10.0; Win64; x64) AppleWebKit/537.36 (KHTML, like Gecko) Chrome/135.0.0.0 Safari/537.36 Edg/135.0.0.0"
208.82.37.139 - - [02/May/2025:07:54:49 -0500] "GET /largeimages/1744-6030-VntHeTrRoyl-1-LST665VntHeTrRoylModelFront-337W.jpg HTTP/2.0" 200 87999 "https://www.logomastersintl.com/" "Mozilla/5.0 (Windows NT 10.0; Win64; x64) AppleWebKit/537.36 (KHTML, like Gecko) Chrome/135.0.0.0 Safari/537.36 Edg/135.0.0.0"
51.222.253.16 - - [02/May/2025:07:55:04 -0500] "GET /product-details-colors.php?id=418&&color=3881 HTTP/2.0" 200 25838 "-" "Mozilla/5.0 (compatible; AhrefsBot/7.0; +http://ahrefs.com/robot/)"
51.222.253.4 - - [02/May/2025:07:55:05 -0500] "GET /largeimage/418__Athletic%20Gold.jpg HTTP/2.0" 200 44867 "-" "Mozilla/5.0 (compatible; AhrefsBot/7.0; +http://ahrefs.com/robot/)"
208.82.37.139 - - [02/May/2025:07:55:12 -0500] "GET /shop.php?cat=all_polos&&type=Woman&&pageno=7 HTTP/2.0" 200 28815 "https://www.logomastersintl.com/shop.php?cat=all_polos&&type=Woman&&pageno=6" "Mozilla/5.0 (Windows NT 10.0; Win64; x64) AppleWebKit/537.36 (KHTML, like Gecko) Chrome/135.0.0.0 Safari/537.36 Edg/135.0.0.0"
208.82.37.139 - - [02/May/2025:07:55:13 -0500] "GET /largeimages/896-L543_GreySmoke_Model_3Q_010812.jpg HTTP/2.0" 200 21553 "https://www.logomastersintl.com/" "Mozilla/5.0 (Windows NT 10.0; Win64; x64) AppleWebKit/537.36 (KHTML, like Gecko) Chrome/135.0.0.0 Safari/537.36 Edg/135.0.0.0"
208.82.37.139 - - [02/May/2025:07:55:13 -0500] "GET /largeimages/1672-m425w_44_g.jpg HTTP/2.0" 200 11535 "https://www.logomastersintl.com/" "Mozilla/5.0 (Windows NT 10.0; Win64; x64) AppleWebKit/537.36 (KHTML, like Gecko) Chrome/135.0.0.0 Safari/537.36 Edg/135.0.0.0"
208.82.37.139 - - [02/May/2025:07:55:13 -0500] "GET /largeimages/1943-s16798_45_p.jpg HTTP/2.0" 200 70229 "https://www.logomastersintl.com/" "Mozilla/5.0 (Windows NT 10.0; Win64; x64) AppleWebKit/537.36 (KHTML, like Gecko) Chrome/135.0.0.0 Safari/537.36 Edg/135.0.0.0"
208.82.37.139 - - [02/May/2025:07:55:13 -0500] "GET /largeimages/1168-5340-Black-1-L545BlackModelFront1-337W.jpg HTTP/2.0" 200 85917 "https://www.logomastersintl.com/" "Mozilla/5.0 (Windows NT 10.0; Win64; x64) AppleWebKit/537.36 (KHTML, like Gecko) Chrome/135.0.0.0 Safari/537.36 Edg/135.0.0.0"
208.82.37.139 - - [02/May/2025:07:55:13 -0500] "GET /largeimages/1935-s16562_02_p.jpg HTTP/2.0" 200 85974 "https://www.logomastersintl.com/" "Mozilla/5.0 (Windows NT 10.0; Win64; x64) AppleWebKit/537.36 (KHTML, like Gecko) Chrome/135.0.0.0 Safari/537.36 Edg/135.0.0.0"
208.82.37.139 - - [02/May/2025:07:55:13 -0500] "GET /largeimages/2116-10147-TrueBlue-1-LK750TrueBlueModelFront-337W.jpg HTTP/2.0" 200 153241 "https://www.logomastersintl.com/" "Mozilla/5.0 (Windows NT 10.0; Win64; x64) AppleWebKit/537.36 (KHTML, like Gecko) Chrome/135.0.0.0 Safari/537.36 Edg/135.0.0.0"
208.82.37.139 - - [02/May/2025:07:55:13 -0500] "GET /largeimages/1680-m420w_54_z.jpg HTTP/2.0" 200 153178 "https://www.logomastersintl.com/" "Mozilla/5.0 (Windows NT 10.0; Win64; x64) AppleWebKit/537.36 (KHTML, like Gecko) Chrome/135.0.0.0 Safari/537.36 Edg/135.0.0.0"
208.82.37.139 - - [02/May/2025:07:55:19 -0500] "GET /shop.php?cat=all_polos&&type=Woman&&pageno=6 HTTP/2.0" 200 38613 "https://www.logomastersintl.com/shop.php?cat=all_polos&&type=Woman&&pageno=7" "Mozilla/5.0 (Windows NT 10.0; Win64; x64) AppleWebKit/537.36 (KHTML, like Gecko) Chrome/135.0.0.0 Safari/537.36 Edg/135.0.0.0"
85.208.96.198 - - [02/May/2025:07:55:25 -0500] "GET /product-details-colors.php?color=12872&id=270 HTTP/1.1" 200 29142 "-" "Mozilla/5.0 (compatible; SemrushBot/7~bl; +http://www.semrush.com/bot.html)"
85.208.96.209 - - [02/May/2025:07:55:31 -0500] "GET /product-details-colors.php?color=10581&id=1328 HTTP/1.1" 200 31592 "-" "Mozilla/5.0 (compatible; SemrushBot/7~bl; +http://www.semrush.com/bot.html)"
208.82.37.139 - - [02/May/2025:07:55:33 -0500] "GET /product-details-colors.php?id=1733&&color=12628 HTTP/2.0" 200 33885 "https://www.logomastersintl.com/shop.php?cat=all_polos&&type=Woman&&pageno=6" "Mozilla/5.0 (Windows NT 10.0; Win64; x64) AppleWebKit/537.36 (KHTML, like Gecko) Chrome/135.0.0.0 Safari/537.36 Edg/135.0.0.0"
208.82.37.139 - - [02/May/2025:07:55:33 -0500] "GET /largeimage/1733-6966-Black-1-LST640BlackModelFront-337W.jpg HTTP/2.0" 200 69417 "https://www.logomastersintl.com/" "Mozilla/5.0 (Windows NT 10.0; Win64; x64) AppleWebKit/537.36 (KHTML, like Gecko) Chrome/135.0.0.0 Safari/537.36 Edg/135.0.0.0"
35.197.15.126 - - [02/May/2025:07:56:02 -0500] "GET /product-details-colors.php?id=2339&&color=17156 HTTP/2.0" 200 34629 "-" "Mozilla/5.0 (X11; Linux x86_64) AppleWebKit/537.36 (KHTML, like Gecko) Chrome/122.0.0.0 Safari/537.36"
34.169.120.130 - - [02/May/2025:07:56:12 -0500] "GET /product-details-colors.php?id=2229&&color=16372 HTTP/2.0" 200 31937 "-" "Mozilla/5.0 (Windows NT 10.0; Win64; x64; rv:124.0) Gecko/20100101 Firefox/124.0"
173.252.83.116 - - [02/May/2025:07:56:24 -0500] "GET /robots.txt HTTP/2.0" 301 246 "-" "facebookexternalhit/1.1 (+http://www.facebook.com/externalhit_uatext.php)"
173.252.83.116 - - [02/May/2025:07:56:24 -0500] "GET /Robots.txt HTTP/2.0" 206 139 "-" "facebookexternalhit/1.1 (+http://www.facebook.com/externalhit_uatext.php)"
34.83.56.122 - - [02/May/2025:07:56:29 -0500] "GET /shop-by-brand.php?cat=all_polos&&type=Men&&brand=Sport-Tek&&pageno=2 HTTP/2.0" 200 35070 "-" "Mozilla/5.0 (Windows NT 10.0; Win64; x64) AppleWebKit/537.36 (KHTML, like Gecko) Chrome/120.0.0.0 Safari/537.36 Edg/120.0.0.0"
34.168.142.115 - - [02/May/2025:07:56:31 -0500] "GET /product-details-colors.php?id=1829&&color=13450 HTTP/2.0" 200 24915 "-" "Mozilla/5.0 (Macintosh; Intel Mac OS X 10_15_7) AppleWebKit/605.1.15 (KHTML, like Gecko) Version/17.4.1 Safari/605.1.15"
216.86.160.124 - - [02/May/2025:07:56:36 -0500] "GET /brands/website-20-Edwards.jpg HTTP/1.1" 200 55735 "-" "Mozilla/5.0 (X11; Ubuntu; Linux x86_64; rv:72.0) Gecko/20100101 Firefox/72.0"
34.83.177.179 - - [02/May/2025:07:56:45 -0500] "GET /product-details-colors.php?id=2293&&color=16746 HTTP/2.0" 200 29499 "-" "Mozilla/5.0 (Windows NT 10.0; Win64; x64) AppleWebKit/537.36 (KHTML, like Gecko) Chrome/122.0.0.0 Safari/537.36 Edg/122.0.0.0"
35.230.31.69 - - [02/May/2025:07:56:55 -0500] "GET /product-details-colors.php?id=2186&&color=17425 HTTP/2.0" 200 30799 "-" "Mozilla/5.0 (Windows NT 10.0; Win64; x64; rv:124.0) Gecko/20100101 Firefox/124.0"
51.222.253.9 - - [02/May/2025:07:56:57 -0500] "GET /shop-by-brand.php?cat=all_outerwear&&type=Men&brand=Nike HTTP/2.0" 200 25098 "-" "Mozilla/5.0 (compatible; AhrefsBot/7.0; +http://ahrefs.com/robot/)"
37.120.187.73 - - [02/May/2025:07:57:00 -0500] "GET /largeimages/1151-SP11_FadedBlue_Model_Front.jpg HTTP/1.1" 200 59629 "-" "Mozilla/5.0 (Windows NT 10.0; Win64; x64) AppleWebKit/537.36 (KHTML, like Gecko) Chrome/100.0.1174.425 Safari/537.36"
51.222.253.14 - - [02/May/2025:07:57:00 -0500] "GET /largeimages/1882-9234-Anthracite-1-NKAH6259AnthraciteModelFront-337W.jpg HTTP/2.0" 200 80661 "-" "Mozilla/5.0 (compatible; AhrefsBot/7.0; +http://ahrefs.com/robot/)"
34.127.116.243 - - [02/May/2025:07:57:08 -0500] "GET /product-details-colors.php?id=2293&&color=16746 HTTP/2.0" 200 29499 "-" "Mozilla/5.0 (Windows NT 10.0; Win64; x64) AppleWebKit/537.36 (KHTML, like Gecko) Chrome/121.0.0.0 Safari/537.36 Edg/121.0.0.0"
208.82.37.139 - - [02/May/2025:07:57:11 -0500] "GET /product-details-colors.php?id=1733&&color=12629 HTTP/2.0" 200 34049 "https://www.logomastersintl.com/product-details-colors.php?id=1733&&color=12628" "Mozilla/5.0 (Windows NT 10.0; Win64; x64) AppleWebKit/537.36 (KHTML, like Gecko) Chrome/135.0.0.0 Safari/537.36 Edg/135.0.0.0"
208.82.37.139 - - [02/May/2025:07:57:11 -0500] "GET /largeimage/1733-6966-BrightPink-1-LST640BrightPinkModelFront-337W.jpg HTTP/2.0" 200 78575 "https://www.logomastersintl.com/" "Mozilla/5.0 (Windows NT 10.0; Win64; x64) AppleWebKit/537.36 (KHTML, like Gecko) Chrome/135.0.0.0 Safari/537.36 Edg/135.0.0.0"
34.168.110.203 - - [02/May/2025:07:57:17 -0500] "GET /product-details-colors.php?id=187&&color=1906 HTTP/2.0" 200 30850 "-" "Mozilla/5.0 (Windows NT 10.0; Win64; x64; rv:125.0) Gecko/20100101 Firefox/125.0"
114.119.145.212 - - [02/May/2025:07:57:31 -0500] "GET /product-details-colors.php?id=2173&color=15632 HTTP/1.1" 200 31737 "https://www.logomastersintl.com/product-details-colors.php?id=2173&color=15633" "Mozilla/5.0 (Linux; Android 7.0;) AppleWebKit/537.36 (KHTML, like Gecko) Mobile Safari/537.36 (compatible; PetalBot;+https://webmaster.petalsearch.com/site/petalbot)"
17.37.96.68 - - [02/May/2025:07:57:42 -0500] "GET /largeimages/112-3946-VrstyRylWht-1-402394VrstyRylWhtModelFront-337W.jpg HTTP/1.1" 200 104202 "-" "python-requests/2.32.3"
208.82.37.139 - - [02/May/2025:07:57:42 -0500] "GET /product-details-colors.php?id=1733&&color=12628 HTTP/2.0" 200 33885 "https://www.logomastersintl.com/product-details-colors.php?id=1733&&color=12629" "Mozilla/5.0 (Windows NT 10.0; Win64; x64) AppleWebKit/537.36 (KHTML, like Gecko) Chrome/135.0.0.0 Safari/537.36 Edg/135.0.0.0"
34.169.3.229 - - [02/May/2025:07:57:44 -0500] "GET /product-details-colors.php?id=1480&&color=11364 HTTP/2.0" 200 33664 "-" "Mozilla/5.0 (Windows NT 10.0; Win64; x64; rv:125.0) Gecko/20100101 Firefox/125.0"
208.82.37.139 - - [02/May/2025:07:57:54 -0500] "POST /php/add.php HTTP/2.0" 302 - "https://www.logomastersintl.com/product-details-colors.php?id=1733&&color=12628" "Mozilla/5.0 (Windows NT 10.0; Win64; x64) AppleWebKit/537.36 (KHTML, like Gecko) Chrome/135.0.0.0 Safari/537.36 Edg/135.0.0.0"
208.82.37.139 - - [02/May/2025:07:57:54 -0500] "GET /product-details.php?id=1733 HTTP/2.0" 200 25405 "https://www.logomastersintl.com/product-details-colors.php?id=1733&&color=12628" "Mozilla/5.0 (Windows NT 10.0; Win64; x64) AppleWebKit/537.36 (KHTML, like Gecko) Chrome/135.0.0.0 Safari/537.36 Edg/135.0.0.0"
35.197.120.116 - - [02/May/2025:07:57:55 -0500] "GET /product-details-colors.php?id=2231&&color=16513 HTTP/2.0" 200 31754 "-" "Mozilla/5.0 (Macintosh; Intel Mac OS X 10_15_7) AppleWebKit/605.1.15 (KHTML, like Gecko) Version/17.0 Safari/605.1.15"
208.82.37.139 - - [02/May/2025:07:58:02 -0500] "GET /product-details-colors.php?id=1733&&color=12630 HTTP/2.0" 200 34359 "https://www.logomastersintl.com/product-details.php?id=1733" "Mozilla/5.0 (Windows NT 10.0; Win64; x64) AppleWebKit/537.36 (KHTML, like Gecko) Chrome/135.0.0.0 Safari/537.36 Edg/135.0.0.0"
208.82.37.139 - - [02/May/2025:07:58:03 -0500] "GET /largeimage/1733-6966-DarkForestGn-1-LST640DarkForestGnModelFront-337W.jpg HTTP/2.0" 200 72945 "https://www.logomastersintl.com/" "Mozilla/5.0 (Windows NT 10.0; Win64; x64) AppleWebKit/537.36 (KHTML, like Gecko) Chrome/135.0.0.0 Safari/537.36 Edg/135.0.0.0"
35.233.154.128 - - [02/May/2025:07:58:04 -0500] "GET /product-details-colors.php?id=2293&&color=16746 HTTP/2.0" 200 29499 "-" "Mozilla/5.0 (X11; Linux x86_64) AppleWebKit/537.36 (KHTML, like Gecko) Chrome/81.0.4044.129 Safari/537.36"
208.82.37.139 - - [02/May/2025:07:58:13 -0500] "POST /php/add.php HTTP/2.0" 302 - "https://www.logomastersintl.com/product-details-colors.php?id=1733&&color=12630" "Mozilla/5.0 (Windows NT 10.0; Win64; x64) AppleWebKit/537.36 (KHTML, like Gecko) Chrome/135.0.0.0 Safari/537.36 Edg/135.0.0.0"
208.82.37.139 - - [02/May/2025:07:58:13 -0500] "GET /product-details.php?id=1733 HTTP/2.0" 200 25405 "https://www.logomastersintl.com/product-details-colors.php?id=1733&&color=12630" "Mozilla/5.0 (Windows NT 10.0; Win64; x64) AppleWebKit/537.36 (KHTML, like Gecko) Chrome/135.0.0.0 Safari/537.36 Edg/135.0.0.0"
