208.82.37.139 - - [02/May/2025:09:28:09 -0500] "GET /largeimages/2183-9060-TrueNavy-1-ST550TrueNavyModelFront3-337W.jpg HTTP/2.0" 304 - "https://www.logomastersintl.com/" "Mozilla/5.0 (Windows NT 10.0; Win64; x64) AppleWebKit/537.36 (KHTML, like Gecko) Chrome/134.0.0.0 Safari/537.36"
208.82.37.139 - - [02/May/2025:09:28:09 -0500] "GET /largeimages/2314-88181p_ez_z.jpg HTTP/2.0" 304 - "https://www.logomastersintl.com/" "Mozilla/5.0 (Windows NT 10.0; Win64; x64) AppleWebKit/537.36 (KHTML, like Gecko) Chrome/134.0.0.0 Safari/537.36"
208.82.37.139 - - [02/May/2025:09:28:09 -0500] "GET /largeimages/2125-10326-Black-1-CTK84BlackModelFront-337W.jpg HTTP/2.0" 304 - "https://www.logomastersintl.com/" "Mozilla/5.0 (Windows NT 10.0; Win64; x64) AppleWebKit/537.36 (KHTML, like Gecko) Chrome/134.0.0.0 Safari/537.36"
208.82.37.139 - - [02/May/2025:09:28:09 -0500] "GET /largeimages/2220-M1269%20Black.jpg HTTP/2.0" 304 - "https://www.logomastersintl.com/" "Mozilla/5.0 (Windows NT 10.0; Win64; x64) AppleWebKit/537.36 (KHTML, like Gecko) Chrome/134.0.0.0 Safari/537.36"
208.82.37.139 - - [02/May/2025:09:28:09 -0500] "GET /largeimages/2241-OG152%20Blue%20Mist.jpg HTTP/2.0" 304 - "https://www.logomastersintl.com/" "Mozilla/5.0 (Windows NT 10.0; Win64; x64) AppleWebKit/537.36 (KHTML, like Gecko) Chrome/134.0.0.0 Safari/537.36"
208.82.37.139 - - [02/May/2025:09:28:09 -0500] "GET /largeimages/2226-NKFD9891_ANTHRACITE_Model_Front.jpg HTTP/2.0" 304 - "https://www.logomastersintl.com/" "Mozilla/5.0 (Windows NT 10.0; Win64; x64) AppleWebKit/537.36 (KHTML, like Gecko) Chrome/134.0.0.0 Safari/537.36"
208.82.37.139 - - [02/May/2025:09:28:09 -0500] "GET /largeimages/2339-4513-Black-1-F217BlackModelFront2-337W.jpg HTTP/2.0" 304 - "https://www.logomastersintl.com/" "Mozilla/5.0 (Windows NT 10.0; Win64; x64) AppleWebKit/537.36 (KHTML, like Gecko) Chrome/134.0.0.0 Safari/537.36"
208.82.37.139 - - [02/May/2025:09:28:09 -0500] "GET /largeimages/2238-9889%20Game%20Royal.jpg HTTP/2.0" 304 - "https://www.logomastersintl.com/" "Mozilla/5.0 (Windows NT 10.0; Win64; x64) AppleWebKit/537.36 (KHTML, like Gecko) Chrome/134.0.0.0 Safari/537.36"
208.82.37.139 - - [02/May/2025:09:28:09 -0500] "GET /largeimages/2178-6640-OxfordBlue-1-S659OxfordBlueModelFront1-337W.jpg HTTP/2.0" 304 - "https://www.logomastersintl.com/" "Mozilla/5.0 (Windows NT 10.0; Win64; x64) AppleWebKit/537.36 (KHTML, like Gecko) Chrome/134.0.0.0 Safari/537.36"
208.82.37.139 - - [02/May/2025:09:28:09 -0500] "GET /largeimages/2250-7225-Lt%20Blue%20LS.png HTTP/2.0" 304 - "https://www.logomastersintl.com/" "Mozilla/5.0 (Windows NT 10.0; Win64; x64) AppleWebKit/537.36 (KHTML, like Gecko) Chrome/134.0.0.0 Safari/537.36"
208.82.37.139 - - [02/May/2025:09:28:09 -0500] "GET /largeimages/2251-7224-Lt%20Blue.png HTTP/2.0" 304 - "https://www.logomastersintl.com/" "Mozilla/5.0 (Windows NT 10.0; Win64; x64) AppleWebKit/537.36 (KHTML, like Gecko) Chrome/134.0.0.0 Safari/537.36"
208.82.37.139 - - [02/May/2025:09:28:09 -0500] "GET /largeimages/2243-S654%20Blue%20Purple.jpg HTTP/2.0" 304 - "https://www.logomastersintl.com/" "Mozilla/5.0 (Windows NT 10.0; Win64; x64) AppleWebKit/537.36 (KHTML, like Gecko) Chrome/134.0.0.0 Safari/537.36"
208.82.37.139 - - [02/May/2025:09:28:09 -0500] "GET /largeimages/2317-tt86_82_z.jpg HTTP/2.0" 304 - "https://www.logomastersintl.com/" "Mozilla/5.0 (Windows NT 10.0; Win64; x64) AppleWebKit/537.36 (KHTML, like Gecko) Chrome/134.0.0.0 Safari/537.36"
208.82.37.139 - - [02/May/2025:09:28:09 -0500] "GET /largeimages/2318-tt86w_82_z.jpg HTTP/2.0" 304 - "https://www.logomastersintl.com/" "Mozilla/5.0 (Windows NT 10.0; Win64; x64) AppleWebKit/537.36 (KHTML, like Gecko) Chrome/134.0.0.0 Safari/537.36"
208.82.37.139 - - [02/May/2025:09:28:09 -0500] "GET /largeimages/2174-NKDC1963.jpg HTTP/2.0" 304 - "https://www.logomastersintl.com/" "Mozilla/5.0 (Windows NT 10.0; Win64; x64) AppleWebKit/537.36 (KHTML, like Gecko) Chrome/134.0.0.0 Safari/537.36"
208.82.37.139 - - [02/May/2025:09:28:09 -0500] "GET /largeimages/2133-9650-Sapphire-1-ST520SapphireModelFront-337W.jpg HTTP/2.0" 304 - "https://www.logomastersintl.com/" "Mozilla/5.0 (Windows NT 10.0; Win64; x64) AppleWebKit/537.36 (KHTML, like Gecko) Chrome/134.0.0.0 Safari/537.36"
208.82.37.139 - - [02/May/2025:09:28:09 -0500] "GET /largeimages/2134-9652-Sapphire-1-ST520LSSapphireModelFront-337W.jpg HTTP/2.0" 304 - "https://www.logomastersintl.com/" "Mozilla/5.0 (Windows NT 10.0; Win64; x64) AppleWebKit/537.36 (KHTML, like Gecko) Chrome/134.0.0.0 Safari/537.36"
208.82.37.139 - - [02/May/2025:09:28:09 -0500] "GET /largeimages/1241-637167_briskblue_model_front_122014.jpg HTTP/2.0" 304 - "https://www.logomastersintl.com/" "Mozilla/5.0 (Windows NT 10.0; Win64; x64) AppleWebKit/537.36 (KHTML, like Gecko) Chrome/134.0.0.0 Safari/537.36"
208.82.37.139 - - [02/May/2025:09:28:09 -0500] "GET /largeimages/138-1557-Burgundy-1-K500LSBurgundyModelFront-337W.jpg HTTP/2.0" 304 - "https://www.logomastersintl.com/" "Mozilla/5.0 (Windows NT 10.0; Win64; x64) AppleWebKit/537.36 (KHTML, like Gecko) Chrome/134.0.0.0 Safari/537.36"
208.82.37.139 - - [02/May/2025:09:28:09 -0500] "GET /largeimages/1724-4048-ForestGreen-1-ST657ForestGreenModelFront-337W.jpg HTTP/2.0" 304 - "https://www.logomastersintl.com/" "Mozilla/5.0 (Windows NT 10.0; Win64; x64) AppleWebKit/537.36 (KHTML, like Gecko) Chrome/134.0.0.0 Safari/537.36"
208.82.37.139 - - [02/May/2025:09:28:10 -0500] "GET /largeimages/2005-5070-GreySteel-1-EB205GreySteelModelFront-337W.jpg HTTP/2.0" 304 - "https://www.logomastersintl.com/" "Mozilla/5.0 (Windows NT 10.0; Win64; x64) AppleWebKit/537.36 (KHTML, like Gecko) Chrome/134.0.0.0 Safari/537.36"
208.82.37.139 - - [02/May/2025:09:28:10 -0500] "GET /largeimages/253-m560w_36_z.jpg HTTP/2.0" 304 - "https://www.logomastersintl.com/" "Mozilla/5.0 (Windows NT 10.0; Win64; x64) AppleWebKit/537.36 (KHTML, like Gecko) Chrome/134.0.0.0 Safari/537.36"
208.82.37.139 - - [02/May/2025:09:28:10 -0500] "GET /largeimages/1715-8728-RichRedDpBk-1-K111RichRedDpBkModelFront-337W.jpg HTTP/2.0" 304 - "https://www.logomastersintl.com/" "Mozilla/5.0 (Windows NT 10.0; Win64; x64) AppleWebKit/537.36 (KHTML, like Gecko) Chrome/134.0.0.0 Safari/537.36"
208.82.37.139 - - [02/May/2025:09:28:11 -0500] "GET /largeimages/299-1104-TexasOrange-1-8000TexasOrangeModelFront-337W.jpg HTTP/2.0" 304 - "https://www.logomastersintl.com/" "Mozilla/5.0 (Windows NT 10.0; Win64; x64) AppleWebKit/537.36 (KHTML, like Gecko) Chrome/134.0.0.0 Safari/537.36"
208.82.37.139 - - [02/May/2025:09:28:11 -0500] "GET /largeimages/297-1559-DeepRoyal-1-5280DeepRoyalModelFront-337W.jpg HTTP/2.0" 304 - "https://www.logomastersintl.com/" "Mozilla/5.0 (Windows NT 10.0; Win64; x64) AppleWebKit/537.36 (KHTML, like Gecko) Chrome/134.0.0.0 Safari/537.36"
208.82.37.139 - - [02/May/2025:09:28:11 -0500] "GET /largeimages/1480-1963_fm.jpg HTTP/2.0" 304 - "https://www.logomastersintl.com/" "Mozilla/5.0 (Windows NT 10.0; Win64; x64) AppleWebKit/537.36 (KHTML, like Gecko) Chrome/134.0.0.0 Safari/537.36"
208.82.37.139 - - [02/May/2025:09:28:11 -0500] "GET /largeimages/1550-3324_fm.jpg HTTP/2.0" 304 - "https://www.logomastersintl.com/" "Mozilla/5.0 (Windows NT 10.0; Win64; x64) AppleWebKit/537.36 (KHTML, like Gecko) Chrome/134.0.0.0 Safari/537.36"
208.82.37.139 - - [02/May/2025:09:28:11 -0500] "GET /largeimages/1764-EB204%20RiverBlue-1-EB204RiverBlueModelFront-337W.jpg HTTP/2.0" 304 - "https://www.logomastersintl.com/" "Mozilla/5.0 (Windows NT 10.0; Win64; x64) AppleWebKit/537.36 (KHTML, like Gecko) Chrome/134.0.0.0 Safari/537.36"
208.82.37.139 - - [02/May/2025:09:28:11 -0500] "GET /largeimages/2075-5079-DarkAdriatic-1-EB531DarkAdriaticModelFront3-337W.jpg HTTP/2.0" 304 - "https://www.logomastersintl.com/" "Mozilla/5.0 (Windows NT 10.0; Win64; x64) AppleWebKit/537.36 (KHTML, like Gecko) Chrome/134.0.0.0 Safari/537.36"
208.82.37.139 - - [02/May/2025:09:28:11 -0500] "GET /largeimages/2064-6361-GreySteel-1-EB224GreySteelModelFront-337W.jpg HTTP/2.0" 304 - "https://www.logomastersintl.com/" "Mozilla/5.0 (Windows NT 10.0; Win64; x64) AppleWebKit/537.36 (KHTML, like Gecko) Chrome/134.0.0.0 Safari/537.36"
208.82.37.139 - - [02/May/2025:09:28:18 -0500] "GET /NFCU/icon/favicon.png HTTP/2.0" 304 - "https://www.logomastersintl.com/NFCU/" "Mozilla/5.0 (Windows NT 10.0; Win64; x64) AppleWebKit/537.36 (KHTML, like Gecko) Chrome/134.0.0.0 Safari/537.36"
34.83.108.77 - - [02/May/2025:09:28:19 -0500] "GET /product-details-colors.php?id=1961&&color=14082 HTTP/2.0" 200 31248 "-" "Mozilla/5.0 (Macintosh; Intel Mac OS X 10_15_7) AppleWebKit/605.1.15 (KHTML, like Gecko) Version/17.3.1 Safari/605.1.15"
34.105.34.112 - - [02/May/2025:09:28:25 -0500] "GET /product-details-colors.php?id=1848&&color=13539 HTTP/2.0" 200 23372 "-" "Mozilla/5.0 (Macintosh; Intel Mac OS X 10_15_7) AppleWebKit/605.1.15 (KHTML, like Gecko) Version/17.0 Safari/605.1.15"
208.82.37.139 - - [02/May/2025:09:28:27 -0500] "GET /NFCU/search.php?search=k540 HTTP/2.0" 200 19114 "https://www.logomastersintl.com/NFCU/" "Mozilla/5.0 (Windows NT 10.0; Win64; x64) AppleWebKit/537.36 (KHTML, like Gecko) Chrome/134.0.0.0 Safari/537.36"
208.82.37.139 - - [02/May/2025:09:28:27 -0500] "GET /NFCU/images/blog/search_icon.png HTTP/2.0" 304 - "https://www.logomastersintl.com/NFCU/stylesheets/style.css" "Mozilla/5.0 (Windows NT 10.0; Win64; x64) AppleWebKit/537.36 (KHTML, like Gecko) Chrome/134.0.0.0 Safari/537.36"
208.82.37.139 - - [02/May/2025:09:28:31 -0500] "GET /NFCU/product-details-colors.php?id=1155&&color=10469 HTTP/2.0" 200 44683 "https://www.logomastersintl.com/NFCU/search.php?search=k540" "Mozilla/5.0 (Windows NT 10.0; Win64; x64) AppleWebKit/537.36 (KHTML, like Gecko) Chrome/134.0.0.0 Safari/537.36"
208.82.37.139 - - [02/May/2025:09:28:32 -0500] "GET /largeimage/1155-K540_black_model_3q.jpg HTTP/2.0" 200 18671 "https://www.logomastersintl.com/" "Mozilla/5.0 (Windows NT 10.0; Win64; x64) AppleWebKit/537.36 (KHTML, like Gecko) Chrome/134.0.0.0 Safari/537.36"
34.169.223.248 - - [02/May/2025:09:28:41 -0500] "GET /product-details-colors.php?id=2359&&color=17366 HTTP/2.0" 200 24440 "-" "Mozilla/5.0 (X11; Linux x86_64) AppleWebKit/537.36 (KHTML, like Gecko) Chrome/122.0.0.0 Safari/537.36"
208.82.37.139 - - [02/May/2025:09:28:42 -0500] "GET /NFCU/product-details-colors.php?id=1155&&color=10481 HTTP/2.0" 200 44683 "https://www.logomastersintl.com/NFCU/product-details-colors.php?id=1155&&color=10469" "Mozilla/5.0 (Windows NT 10.0; Win64; x64) AppleWebKit/537.36 (KHTML, like Gecko) Chrome/134.0.0.0 Safari/537.36"
208.82.37.139 - - [02/May/2025:09:28:42 -0500] "GET /largeimage/1155-K540_royal_model_3q.jpg HTTP/2.0" 200 19145 "https://www.logomastersintl.com/" "Mozilla/5.0 (Windows NT 10.0; Win64; x64) AppleWebKit/537.36 (KHTML, like Gecko) Chrome/134.0.0.0 Safari/537.36"
51.222.253.13 - - [02/May/2025:09:28:43 -0500] "GET /product-details-colors.php?id=288&&color=7697 HTTP/2.0" 200 38619 "-" "Mozilla/5.0 (compatible; AhrefsBot/7.0; +http://ahrefs.com/robot/)"
51.222.253.18 - - [02/May/2025:09:28:46 -0500] "GET /largeimage/288__Sky.jpg HTTP/2.0" 200 6059 "-" "Mozilla/5.0 (compatible; AhrefsBot/7.0; +http://ahrefs.com/robot/)"
208.82.37.139 - - [02/May/2025:09:29:02 -0500] "POST /NFCU/php/add.php HTTP/2.0" 302 - "https://www.logomastersintl.com/NFCU/product-details-colors.php?id=1155&&color=10481" "Mozilla/5.0 (Windows NT 10.0; Win64; x64) AppleWebKit/537.36 (KHTML, like Gecko) Chrome/134.0.0.0 Safari/537.36"
208.82.37.139 - - [02/May/2025:09:29:02 -0500] "GET /NFCU/product-details.php?id=1155 HTTP/2.0" 200 25388 "https://www.logomastersintl.com/NFCU/product-details-colors.php?id=1155&&color=10481" "Mozilla/5.0 (Windows NT 10.0; Win64; x64) AppleWebKit/537.36 (KHTML, like Gecko) Chrome/134.0.0.0 Safari/537.36"
34.83.223.99 - - [02/May/2025:09:29:07 -0500] "GET /product-details-colors.php?id=2202&&color=16294 HTTP/2.0" 200 31973 "-" "Mozilla/5.0 (Windows NT 10.0; Win64; x64) AppleWebKit/537.36 (KHTML, like Gecko) Chrome/118.0.0.0 Safari/537.36"
47.82.15.143 - - [02/May/2025:09:29:14 -0500] "GET /shop.php?cat=woven_button&&type=Men HTTP/1.1" 200 37668 "-" "Mozilla/5.0 (Windows NT 10.0; Win64; x64) AppleWebKit/537.36 (KHTML, like Gecko) Chrome/121.0.0.0 Safari/537.36 Edg/121.0.0.0"
34.169.163.180 - - [02/May/2025:09:29:15 -0500] "GET /specs/262-64000L_specsheet.pdf HTTP/2.0" 200 85989 "-" "Mozilla/5.0 (Windows NT 10.0; Win64; x64) AppleWebKit/537.36 (KHTML, like Gecko) Chrome/120.0.0.0 Safari/537.36 Edg/120.0.0.0"
208.82.37.139 - - [02/May/2025:09:29:20 -0500] "GET /NFCU/search.php?search=k500 HTTP/2.0" 200 20618 "https://www.logomastersintl.com/NFCU/product-details.php?id=1155" "Mozilla/5.0 (Windows NT 10.0; Win64; x64) AppleWebKit/537.36 (KHTML, like Gecko) Chrome/134.0.0.0 Safari/537.36"
208.82.37.139 - - [02/May/2025:09:29:21 -0500] "GET /largeimages/421-3443-Burgundy-1-C608BurgundyFlatFront2010-337W.jpg HTTP/2.0" 200 55519 "https://www.logomastersintl.com/" "Mozilla/5.0 (Windows NT 10.0; Win64; x64) AppleWebKit/537.36 (KHTML, like Gecko) Chrome/134.0.0.0 Safari/537.36"
208.82.37.139 - - [02/May/2025:09:29:33 -0500] "GET /NFCU/product-details-colors.php?id=63&&color=107 HTTP/2.0" 200 55780 "https://www.logomastersintl.com/NFCU/search.php?search=k500" "Mozilla/5.0 (Windows NT 10.0; Win64; x64) AppleWebKit/537.36 (KHTML, like Gecko) Chrome/134.0.0.0 Safari/537.36"
34.82.245.205 - - [02/May/2025:09:29:42 -0500] "GET /largeimage/182-NavyLight%20Stone.jpg HTTP/2.0" 200 66234 "-" "Mozilla/5.0 (Macintosh; Intel Mac OS X 10_15_7) AppleWebKit/605.1.15 (KHTML, like Gecko) Version/16.3 Safari/605.1.15"
208.82.37.139 - - [02/May/2025:09:29:44 -0500] "GET /NFCU/product-details-colors.php?id=63&&color=118 HTTP/2.0" 200 55882 "https://www.logomastersintl.com/NFCU/product-details-colors.php?id=63&&color=107" "Mozilla/5.0 (Windows NT 10.0; Win64; x64) AppleWebKit/537.36 (KHTML, like Gecko) Chrome/134.0.0.0 Safari/537.36"
208.82.37.139 - - [02/May/2025:09:29:44 -0500] "GET /largeimage/63-Hibiscus.jpg HTTP/2.0" 200 57326 "https://www.logomastersintl.com/" "Mozilla/5.0 (Windows NT 10.0; Win64; x64) AppleWebKit/537.36 (KHTML, like Gecko) Chrome/134.0.0.0 Safari/537.36"
34.83.253.41 - - [02/May/2025:09:29:46 -0500] "GET /product-details-colors.php?id=332&&color=12959 HTTP/2.0" 200 33733 "-" "Mozilla/5.0 (Macintosh; Intel Mac OS X 14.4; rv:124.0) Gecko/20100101 Firefox/124.0"
35.230.51.110 - - [02/May/2025:09:29:48 -0500] "GET /product-details-colors.php?id=1393&&color=10932 HTTP/2.0" 200 21427 "-" "Mozilla/5.0 (X11; Linux x86_64) AppleWebKit/537.36 (KHTML, like Gecko) Chrome/120.0.0.0 Safari/537.36"
208.82.37.139 - - [02/May/2025:09:29:59 -0500] "POST /NFCU/php/add.php HTTP/2.0" 302 - "https://www.logomastersintl.com/NFCU/product-details-colors.php?id=63&&color=118" "Mozilla/5.0 (Windows NT 10.0; Win64; x64) AppleWebKit/537.36 (KHTML, like Gecko) Chrome/134.0.0.0 Safari/537.36"
208.82.37.139 - - [02/May/2025:09:30:00 -0500] "GET /NFCU/product-details.php?id=63 HTTP/2.0" 200 28997 "https://www.logomastersintl.com/NFCU/product-details-colors.php?id=63&&color=118" "Mozilla/5.0 (Windows NT 10.0; Win64; x64) AppleWebKit/537.36 (KHTML, like Gecko) Chrome/134.0.0.0 Safari/537.36"
34.105.100.143 - - [02/May/2025:09:30:02 -0500] "GET /largeimage/181__Ultramarine%20Blue.jpg HTTP/2.0" 200 62565 "-" "Mozilla/5.0 (Macintosh; Intel Mac OS X 14.4; rv:124.0) Gecko/20100101 Firefox/124.0"
208.82.37.139 - - [02/May/2025:09:30:05 -0500] "GET /NFCU/cart.php HTTP/2.0" 200 21499 "https://www.logomastersintl.com/NFCU/product-details.php?id=63" "Mozilla/5.0 (Windows NT 10.0; Win64; x64) AppleWebKit/537.36 (KHTML, like Gecko) Chrome/134.0.0.0 Safari/537.36"
45.132.246.194 - - [02/May/2025:09:30:07 -0500] "GET /largeimages/L608.jpg HTTP/1.1" 200 62660 "-" "Mozilla/5.0 (Windows NT 10.0; Win64; x64) AppleWebKit/537.36 (KHTML, like Gecko) Chrome/100.0.6466.870 Safari/537.36"
208.82.37.139 - - [02/May/2025:09:30:20 -0500] "GET /NFCU/checkout.php HTTP/2.0" 200 21633 "https://www.logomastersintl.com/NFCU/cart.php" "Mozilla/5.0 (Windows NT 10.0; Win64; x64) AppleWebKit/537.36 (KHTML, like Gecko) Chrome/134.0.0.0 Safari/537.36"
172.59.218.104 - - [02/May/2025:09:30:30 -0500] "POST /NFCU/php/checkout.php HTTP/2.0" 302 - "https://logomastersintl.com/NFCU/checkout.php" "Mozilla/5.0 (iPhone; CPU iPhone OS 18_4_1 like Mac OS X) AppleWebKit/605.1.15 (KHTML, like Gecko) CriOS/136.0.7103.56 Mobile/15E148 Safari/604.1"
172.59.218.104 - - [02/May/2025:09:30:31 -0500] "GET /NFCU/checkout-payment.php HTTP/2.0" 200 27159 "https://logomastersintl.com/NFCU/checkout.php" "Mozilla/5.0 (iPhone; CPU iPhone OS 18_4_1 like Mac OS X) AppleWebKit/605.1.15 (KHTML, like Gecko) CriOS/136.0.7103.56 Mobile/15E148 Safari/604.1"
172.59.218.104 - - [02/May/2025:09:30:31 -0500] "GET /images/Edit-Info-Btn-large.png HTTP/2.0" 200 9507 "https://logomastersintl.com/NFCU/checkout-payment.php" "Mozilla/5.0 (iPhone; CPU iPhone OS 18_4_1 like Mac OS X) AppleWebKit/605.1.15 (KHTML, like Gecko) CriOS/136.0.7103.56 Mobile/15E148 Safari/604.1"
172.59.218.104 - - [02/May/2025:09:30:31 -0500] "GET /NFCU/images/checkout-process-logo.png HTTP/2.0" 404 - "https://logomastersintl.com/NFCU/checkout-payment.php" "Mozilla/5.0 (iPhone; CPU iPhone OS 18_4_1 like Mac OS X) AppleWebKit/605.1.15 (KHTML, like Gecko) CriOS/136.0.7103.56 Mobile/15E148 Safari/604.1"
172.59.218.104 - - [02/May/2025:09:30:31 -0500] "GET /NFCU/images/creditcards.jpg HTTP/2.0" 200 94318 "https://logomastersintl.com/NFCU/checkout-payment.php" "Mozilla/5.0 (iPhone; CPU iPhone OS 18_4_1 like Mac OS X) AppleWebKit/605.1.15 (KHTML, like Gecko) CriOS/136.0.7103.56 Mobile/15E148 Safari/604.1"
51.222.253.16 - - [02/May/2025:09:30:34 -0500] "GET /product-details-colors.php?id=288&&color=7699 HTTP/2.0" 200 43165 "-" "Mozilla/5.0 (compatible; AhrefsBot/7.0; +http://ahrefs.com/robot/)"
51.222.253.20 - - [02/May/2025:09:30:36 -0500] "GET /largeimage/288__Safety%20Green.jpg HTTP/2.0" 200 6821 "-" "Mozilla/5.0 (compatible; AhrefsBot/7.0; +http://ahrefs.com/robot/)"
34.118.197.189 - - [02/May/2025:09:30:41 -0500] "GET /product-details-colors.php?id=2358&&color=17362 HTTP/2.0" 200 23358 "-" "Mozilla/5.0 (Macintosh; Intel Mac OS X 10_15_7) AppleWebKit/605.1.15 (KHTML, like Gecko) Version/17.1.2 Safari/605.1.15"
34.53.68.243 - - [02/May/2025:09:30:42 -0500] "GET /specs/1301-KP1500_specsheet.pdf HTTP/2.0" 200 63445 "-" "Mozilla/5.0 (Windows NT 10.0; Win64; x64) AppleWebKit/537.36 (KHTML, like Gecko) Chrome/109.0.0.0 Safari/537.36"
34.19.5.34 - - [02/May/2025:09:30:44 -0500] "GET /product-details-colors.php?id=2330&&color=16988 HTTP/2.0" 200 30159 "-" "Mozilla/5.0 (X11; Linux x86_64) AppleWebKit/537.36 (KHTML, like Gecko) Chrome/81.0.4044.129 Safari/537.36"
34.83.156.218 - - [02/May/2025:09:30:49 -0500] "GET /largeimage/1258-J130%20Black.jpg HTTP/2.0" 200 4263 "-" "Mozilla/5.0 (Macintosh; Intel Mac OS X 10_15_7) AppleWebKit/537.36 (KHTML, like Gecko) Chrome/116.0.0.0 Safari/537.36"
34.168.29.115 - - [02/May/2025:09:30:56 -0500] "GET /product-details-colors.php?id=2237&&color=16415 HTTP/2.0" 200 27731 "-" "Mozilla/5.0 (Macintosh; Intel Mac OS X 10_15_7) AppleWebKit/537.36 (KHTML, like Gecko) Chrome/119.0.0.0 Safari/537.36"
47.88.236.187 - - [02/May/2025:09:31:11 -0500] "GET /largeimages/1472-2203_fm.jpg HTTP/1.1" 200 17649 "-" "Mozilla/5.0 (X11; Ubuntu; Linux x86_64; rv:72.0) Gecko/20100101 Firefox/72.0"
34.169.236.239 - - [02/May/2025:09:31:26 -0500] "GET /shop.php?cat=u_safety&&type=u_workwear HTTP/2.0" 200 37741 "-" "Mozilla/5.0 (Macintosh; Intel Mac OS X 10_15_7) AppleWebKit/537.36 (KHTML, like Gecko) Chrome/120.0.0.0 Safari/537.36"
208.82.37.139 - - [02/May/2025:09:31:39 -0500] "POST /NFCU/php/checkout.php HTTP/2.0" 302 - "https://www.logomastersintl.com/NFCU/checkout.php" "Mozilla/5.0 (Windows NT 10.0; Win64; x64) AppleWebKit/537.36 (KHTML, like Gecko) Chrome/134.0.0.0 Safari/537.36"
208.82.37.139 - - [02/May/2025:09:31:39 -0500] "GET /NFCU/checkout-payment.php HTTP/2.0" 200 25790 "https://www.logomastersintl.com/NFCU/checkout.php" "Mozilla/5.0 (Windows NT 10.0; Win64; x64) AppleWebKit/537.36 (KHTML, like Gecko) Chrome/134.0.0.0 Safari/537.36"
208.82.37.139 - - [02/May/2025:09:31:40 -0500] "GET /NFCU/images/checkout-process-logo.png HTTP/2.0" 404 - "https://www.logomastersintl.com/NFCU/checkout-payment.php" "Mozilla/5.0 (Windows NT 10.0; Win64; x64) AppleWebKit/537.36 (KHTML, like Gecko) Chrome/134.0.0.0 Safari/537.36"
35.197.15.126 - - [02/May/2025:09:31:45 -0500] "GET /product-details-colors.php?id=257&&color=2234 HTTP/2.0" 200 28063 "-" "Mozilla/5.0 (Windows NT 10.0; Win64; x64) AppleWebKit/537.36 (KHTML, like Gecko) Chrome/101.0.4951.67 Safari/537.36"
172.59.218.104 - - [02/May/2025:09:32:00 -0500] "POST /NFCU/php/process.php HTTP/2.0" 302 198 "https://logomastersintl.com/NFCU/checkout-payment.php" "Mozilla/5.0 (iPhone; CPU iPhone OS 18_4_1 like Mac OS X) AppleWebKit/605.1.15 (KHTML, like Gecko) CriOS/136.0.7103.56 Mobile/15E148 Safari/604.1"
172.59.218.104 - - [02/May/2025:09:32:02 -0500] "GET /NFCU/order-fail.php HTTP/2.0" 200 15580 "https://logomastersintl.com/NFCU/checkout-payment.php" "Mozilla/5.0 (iPhone; CPU iPhone OS 18_4_1 like Mac OS X) AppleWebKit/605.1.15 (KHTML, like Gecko) CriOS/136.0.7103.56 Mobile/15E148 Safari/604.1"
35.247.26.13 - - [02/May/2025:09:32:07 -0500] "GET /product-details-colors.php?id=1393&&color=10932 HTTP/2.0" 200 21427 "-" "Mozilla/5.0 (Macintosh; Intel Mac OS X 10_15_7) AppleWebKit/605.1.15 (KHTML, like Gecko) Version/17.3 Safari/605.1.15"
66.249.77.65 - - [02/May/2025:09:32:08 -0500] "GET /product-details-colors.php?id=310&&color=2762 HTTP/1.1" 200 33121 "-" "Mozilla/5.0 (Linux; Android 6.0.1; Nexus 5X Build/MMB29P) AppleWebKit/537.36 (KHTML, like Gecko) Chrome/135.0.7049.95 Mobile Safari/537.36 (compatible; Googlebot/2.1; +http://www.google.com/bot.html)"
34.83.184.238 - - [02/May/2025:09:32:11 -0500] "GET /largeimage/2315-ce418_9k_z.jpg HTTP/2.0" 200 150754 "-" "Mozilla/5.0 (Windows NT 10.0; Win64; x64) AppleWebKit/537.36 (KHTML, like Gecko) Chrome/121.0.0.0 Safari/537.36"
152.53.115.5 - - [02/May/2025:09:32:14 -0500] "GET /largeimages/LM-LST650.gif HTTP/1.1" 200 15721 "-" "Mozilla/5.0 (Windows NT 10.0; Win64; x64) AppleWebKit/537.36 (KHTML, like Gecko) Chrome/100.0.7246.364 Safari/537.36"
208.82.37.139 - - [02/May/2025:09:32:19 -0500] "POST /NFCU/php/process.php HTTP/2.0" 302 140 "https://www.logomastersintl.com/NFCU/checkout-payment.php" "Mozilla/5.0 (Windows NT 10.0; Win64; x64) AppleWebKit/537.36 (KHTML, like Gecko) Chrome/134.0.0.0 Safari/537.36"
208.82.37.139 - - [02/May/2025:09:32:20 -0500] "GET /NFCU/order-complete.php HTTP/2.0" 200 15462 "https://www.logomastersintl.com/NFCU/checkout-payment.php" "Mozilla/5.0 (Windows NT 10.0; Win64; x64) AppleWebKit/537.36 (KHTML, like Gecko) Chrome/134.0.0.0 Safari/537.36"
34.168.198.80 - - [02/May/2025:09:32:22 -0500] "GET /product-details-colors.php?id=1480&&color=11349 HTTP/2.0" 200 33706 "-" "Mozilla/5.0 (X11; Linux x86_64) AppleWebKit/537.36 (KHTML, like Gecko) Chrome/123.0.0.0 Safari/537.36"
34.83.248.160 - - [02/May/2025:09:32:29 -0500] "GET /largeimage/2024-1343149_51_z.jpg HTTP/2.0" 200 650611 "-" "Mozilla/5.0 (X11; Linux x86_64) AppleWebKit/537.36 (KHTML, like Gecko) Chrome/81.0.4044.129 Safari/537.36"
98.174.34.107 - - [02/May/2025:09:32:35 -0500] "GET /largeimage/1155-K540_royal_model_3q.jpg HTTP/2.0" 200 19145 "-" "Mozilla/5.0 (iPad; CPU OS 18_4_1 like Mac OS X) AppleWebKit/605.1.15 (KHTML, like Gecko) Mobile/15E148"
98.174.34.107 - - [02/May/2025:09:32:35 -0500] "GET /largeimage/1155-K540_royal_model_3q.jpg HTTP/2.0" 200 19145 "-" "Mozilla/5.0 (iPad; CPU OS 18_4_1 like Mac OS X) AppleWebKit/605.1.15 (KHTML, like Gecko) Mobile/15E148"
98.174.34.107 - - [02/May/2025:09:32:35 -0500] "GET /largeimage/63-Hibiscus.jpg HTTP/2.0" 200 57326 "-" "Mozilla/5.0 (iPad; CPU OS 18_4_1 like Mac OS X) AppleWebKit/605.1.15 (KHTML, like Gecko) Mobile/15E148"
98.174.34.107 - - [02/May/2025:09:32:35 -0500] "GET /img/nfcu-logo-option.png HTTP/2.0" 200 17222 "-" "Mozilla/5.0 (iPad; CPU OS 18_4_1 like Mac OS X) AppleWebKit/605.1.15 (KHTML, like Gecko) Mobile/15E148"
98.174.34.107 - - [02/May/2025:09:32:35 -0500] "GET /largeimage/63-Hibiscus.jpg HTTP/2.0" 200 57326 "-" "Mozilla/5.0 (iPad; CPU OS 18_4_1 like Mac OS X) AppleWebKit/605.1.15 (KHTML, like Gecko) Mobile/15E148"
98.174.34.107 - - [02/May/2025:09:32:35 -0500] "GET /img/nfcu-logo-option.png HTTP/2.0" 200 17222 "-" "Mozilla/5.0 (iPad; CPU OS 18_4_1 like Mac OS X) AppleWebKit/605.1.15 (KHTML, like Gecko) Mobile/15E148"
172.59.218.104 - - [02/May/2025:09:32:42 -0500] "GET /NFCU/checkout-payment.php HTTP/2.0" 200 27159 "https://logomastersintl.com/NFCU/checkout.php" "Mozilla/5.0 (iPhone; CPU iPhone OS 18_4_1 like Mac OS X) AppleWebKit/605.1.15 (KHTML, like Gecko) CriOS/136.0.7103.56 Mobile/15E148 Safari/604.1"
172.59.218.104 - - [02/May/2025:09:32:42 -0500] "GET /NFCU/images/checkout-process-logo.png HTTP/2.0" 404 - "https://logomastersintl.com/NFCU/checkout-payment.php" "Mozilla/5.0 (iPhone; CPU iPhone OS 18_4_1 like Mac OS X) AppleWebKit/605.1.15 (KHTML, like Gecko) CriOS/136.0.7103.56 Mobile/15E148 Safari/604.1"
34.169.223.248 - - [02/May/2025:09:32:52 -0500] "GET /product-details-colors.php?id=1478&&color=11292 HTTP/2.0" 200 36475 "-" "Mozilla/5.0 (X11; Linux x86_64) AppleWebKit/537.36 (KHTML, like Gecko) Chrome/122.0.0.0 Safari/537.36"
172.59.218.104 - - [02/May/2025:09:32:59 -0500] "POST /NFCU/php/process.php HTTP/2.0" 302 140 "https://logomastersintl.com/NFCU/checkout-payment.php" "Mozilla/5.0 (iPhone; CPU iPhone OS 18_4_1 like Mac OS X) AppleWebKit/605.1.15 (KHTML, like Gecko) CriOS/136.0.7103.56 Mobile/15E148 Safari/604.1"
172.59.218.104 - - [02/May/2025:09:33:01 -0500] "GET /NFCU/order-complete.php HTTP/2.0" 200 15462 "https://logomastersintl.com/NFCU/checkout-payment.php" "Mozilla/5.0 (iPhone; CPU iPhone OS 18_4_1 like Mac OS X) AppleWebKit/605.1.15 (KHTML, like Gecko) CriOS/136.0.7103.56 Mobile/15E148 Safari/604.1"
34.83.248.160 - - [02/May/2025:09:33:17 -0500] "GET /largeimage/1258-J130%20Black.jpg HTTP/2.0" 200 4263 "-" "Mozilla/5.0 (Windows NT 10.0; Win64; x64) AppleWebKit/537.36 (KHTML, like Gecko) Chrome/119.0.0.0 Safari/537.36"
106.74.40.194 - - [02/May/2025:09:33:19 -0500] "GET /largeimages/1441-4285_fm.jpg HTTP/1.1" 200 23508 "-" "Mozilla/5.0 (X11; Ubuntu; Linux x86_64; rv:72.0) Gecko/20100101 Firefox/72.0"
35.227.183.153 - - [02/May/2025:09:33:22 -0500] "GET /product-details-colors.php?id=332&&color=3511 HTTP/2.0" 200 33415 "-" "Mozilla/5.0 (Macintosh; Intel Mac OS X 10_15_7) AppleWebKit/605.1.15 (KHTML, like Gecko) Version/17.4 Safari/605.1.15"
34.83.248.160 - - [02/May/2025:09:33:29 -0500] "GET /product-details-colors.php?id=332&&color=3511 HTTP/2.0" 200 33415 "-" "Mozilla/5.0 (X11; Linux x86_64) AppleWebKit/537.36 (KHTML, like Gecko) Chrome/81.0.4044.129 Safari/537.36"
98.174.34.107 - - [02/May/2025:09:33:26 -0500] "GET /admin/manage-orders.php HTTP/2.0" 200 34089 "https://www.logomastersintl.com/admin/inquiry-GE.php?id=589" "Mozilla/5.0 (Windows NT 10.0; Win64; x64) AppleWebKit/537.36 (KHTML, like Gecko) Chrome/135.0.0.0 Safari/537.36"
34.82.5.250 - - [02/May/2025:09:33:33 -0500] "GET /largeimage/1755-6410-RedBlack-1-K547RedBlackModelFront-337W%20(1).jpg HTTP/2.0" 200 99373 "-" "Mozilla/5.0 (Windows NT 10.0; Win64; x64) AppleWebKit/537.36 (KHTML, like Gecko) Chrome/123.0.0.0 Safari/537.36 Edg/123.0.2420.81"
34.169.56.204 - - [02/May/2025:09:33:40 -0500] "GET /largeimage/2030-GOS7LG1.jpg HTTP/2.0" 200 256391 "-" "Mozilla/5.0 (Macintosh; Intel Mac OS X 10_15_7) AppleWebKit/605.1.15 (KHTML, like Gecko) Version/15.6.1 Safari/605.1.15"
34.145.20.85 - - [02/May/2025:09:33:53 -0500] "GET /largeimage/1225-29140_F_fs.jpg HTTP/2.0" 200 4115 "-" "Mozilla/5.0 (Macintosh; Intel Mac OS X 10.15; rv:125.0) Gecko/20100101 Firefox/125.0"
51.222.253.9 - - [02/May/2025:09:33:55 -0500] "GET /product-details-colors.php?id=292&&color=2749 HTTP/2.0" 200 30882 "-" "Mozilla/5.0 (compatible; AhrefsBot/7.0; +http://ahrefs.com/robot/)"
51.222.253.19 - - [02/May/2025:09:33:57 -0500] "GET /largeimage/292-Yellow.jpg HTTP/2.0" 200 62273 "-" "Mozilla/5.0 (compatible; AhrefsBot/7.0; +http://ahrefs.com/robot/)"
34.82.53.129 - - [02/May/2025:09:34:05 -0500] "GET /product-details-colors.php?id=2202&&color=16301 HTTP/2.0" 200 32182 "-" "Mozilla/5.0 (Windows NT 10.0; Win64; x64) AppleWebKit/537.36 (KHTML, like Gecko) Chrome/121.0.0.0 Safari/537.36 OPR/107.0.0.0"
98.174.34.107 - - [02/May/2025:09:34:06 -0500] "GET /admin/orders-view.php?id=8101 HTTP/2.0" 200 13080 "https://www.logomastersintl.com/admin/manage-orders.php" "Mozilla/5.0 (Windows NT 10.0; Win64; x64) AppleWebKit/537.36 (KHTML, like Gecko) Chrome/135.0.0.0 Safari/537.36"
98.174.34.107 - - [02/May/2025:09:34:16 -0500] "POST /admin/php/editorders.php HTTP/2.0" 302 - "https://www.logomastersintl.com/admin/orders-view.php?id=8101" "Mozilla/5.0 (Windows NT 10.0; Win64; x64) AppleWebKit/537.36 (KHTML, like Gecko) Chrome/135.0.0.0 Safari/537.36"
66.249.77.65 - - [02/May/2025:09:34:14 -0500] "GET / HTTP/1.1" 200 124834 "-" "Mozilla/5.0 (compatible; Googlebot/2.1; +http://www.google.com/bot.html)"
98.174.34.107 - - [02/May/2025:09:34:16 -0500] "GET /admin/orders-view.php?id=8101 HTTP/2.0" 200 13097 "https://www.logomastersintl.com/admin/orders-view.php?id=8101" "Mozilla/5.0 (Windows NT 10.0; Win64; x64) AppleWebKit/537.36 (KHTML, like Gecko) Chrome/135.0.0.0 Safari/537.36"
66.249.77.65 - - [02/May/2025:09:34:17 -0500] "GET /stylesheets/bootstrap.css HTTP/1.1" 200 192290 "https://logomastersintl.com/" "Mozilla/5.0 AppleWebKit/537.36 (KHTML, like Gecko; compatible; Googlebot/2.1; +http://www.google.com/bot.html) Chrome/134.0.6998.165 Safari/537.36"
66.249.77.77 - - [02/May/2025:09:34:19 -0500] "GET /stylesheets/style.css HTTP/1.1" 200 54082 "https://logomastersintl.com/" "Mozilla/5.0 AppleWebKit/537.36 (KHTML, like Gecko; compatible; Googlebot/2.1; +http://www.google.com/bot.html) Chrome/134.0.6998.165 Safari/537.36"
152.53.115.212 - - [02/May/2025:09:34:19 -0500] "GET /largeimages/1251-429438_DeepRoyal_Model_Front_112910.jpg HTTP/1.1" 200 59988 "-" "Mozilla/5.0 (Windows NT 10.0; Win64; x64) AppleWebKit/537.36 (KHTML, like Gecko) Chrome/100.0.8658.646 Safari/537.36"
66.249.77.64 - - [02/May/2025:09:34:20 -0500] "GET /stylesheets/colors/color1.css HTTP/1.1" 200 - "https://logomastersintl.com/" "Mozilla/5.0 AppleWebKit/537.36 (KHTML, like Gecko; compatible; Googlebot/2.1; +http://www.google.com/bot.html) Chrome/134.0.6998.165 Safari/537.36"
66.249.77.77 - - [02/May/2025:09:34:21 -0500] "GET /stylesheets/animate.css HTTP/1.1" 200 69747 "https://logomastersintl.com/" "Mozilla/5.0 AppleWebKit/537.36 (KHTML, like Gecko; compatible; Googlebot/2.1; +http://www.google.com/bot.html) Chrome/134.0.6998.165 Safari/537.36"
66.249.77.64 - - [02/May/2025:09:34:21 -0500] "GET /stylesheets/responsive.css HTTP/1.1" 200 11343 "https://logomastersintl.com/" "Mozilla/5.0 AppleWebKit/537.36 (KHTML, like Gecko; compatible; Googlebot/2.1; +http://www.google.com/bot.html) Chrome/134.0.6998.165 Safari/537.36"
66.249.77.64 - - [02/May/2025:09:34:22 -0500] "GET /javascript/bootstrap.min.js HTTP/1.1" 200 46653 "https://logomastersintl.com/" "Mozilla/5.0 AppleWebKit/537.36 (KHTML, like Gecko; compatible; Googlebot/2.1; +http://www.google.com/bot.html) Chrome/134.0.6998.165 Safari/537.36"
98.174.34.107 - - [02/May/2025:09:34:17 -0500] "GET /admin/manage-orders.php HTTP/2.0" 200 34279 "https://www.logomastersintl.com/admin/orders-view.php?id=8101" "Mozilla/5.0 (Windows NT 10.0; Win64; x64) AppleWebKit/537.36 (KHTML, like Gecko) Chrome/135.0.0.0 Safari/537.36"
66.249.77.64 - - [02/May/2025:09:34:23 -0500] "GET /javascript/jquery-waypoints.js HTTP/1.1" 200 8064 "https://logomastersintl.com/" "Mozilla/5.0 AppleWebKit/537.36 (KHTML, like Gecko; compatible; Googlebot/2.1; +http://www.google.com/bot.html) Chrome/134.0.6998.165 Safari/537.36"
66.249.77.77 - - [02/May/2025:09:34:23 -0500] "GET /rev-slider/js/jquery.themepunch.tools.min.js HTTP/1.1" 200 104628 "https://logomastersintl.com/" "Mozilla/5.0 AppleWebKit/537.36 (KHTML, like Gecko; compatible; Googlebot/2.1; +http://www.google.com/bot.html) Chrome/134.0.6998.165 Safari/537.36"
66.249.77.77 - - [02/May/2025:09:34:24 -0500] "GET /javascript/images-loaded.js HTTP/1.1" 200 5560 "https://logomastersintl.com/" "Mozilla/5.0 AppleWebKit/537.36 (KHTML, like Gecko; compatible; Googlebot/2.1; +http://www.google.com/bot.html) Chrome/134.0.6998.165 Safari/537.36"
66.249.77.77 - - [02/May/2025:09:34:24 -0500] "GET /rev-slider/js/extensions/revolution.extension.layeranimation.min.js HTTP/1.1" 200 31987 "https://logomastersintl.com/" "Mozilla/5.0 AppleWebKit/537.36 (KHTML, like Gecko; compatible; Googlebot/2.1; +http://www.google.com/bot.html) Chrome/134.0.6998.165 Safari/537.36"
104.196.237.10 - - [02/May/2025:09:34:24 -0500] "GET /specs/404-C836_specsheet.pdf HTTP/2.0" 200 49330 "-" "Mozilla/5.0 (Macintosh; Intel Mac OS X 10_15_7) AppleWebKit/537.36 (KHTML, like Gecko) Chrome/124.0.0.0 Safari/537.36"
66.249.77.77 - - [02/May/2025:09:34:25 -0500] "GET /javascript/main.js HTTP/1.1" 200 28050 "https://logomastersintl.com/" "Mozilla/5.0 AppleWebKit/537.36 (KHTML, like Gecko; compatible; Googlebot/2.1; +http://www.google.com/bot.html) Chrome/134.0.6998.165 Safari/537.36"
66.249.77.77 - - [02/May/2025:09:34:25 -0500] "GET /javascript/rev-slider.js HTTP/1.1" 200 16415 "https://logomastersintl.com/" "Mozilla/5.0 AppleWebKit/537.36 (KHTML, like Gecko; compatible; Googlebot/2.1; +http://www.google.com/bot.html) Chrome/134.0.6998.165 Safari/537.36"
66.249.77.77 - - [02/May/2025:09:34:26 -0500] "GET /javascript/jquery.hoverdir.js HTTP/1.1" 200 9929 "https://logomastersintl.com/" "Mozilla/5.0 AppleWebKit/537.36 (KHTML, like Gecko; compatible; Googlebot/2.1; +http://www.google.com/bot.html) Chrome/134.0.6998.165 Safari/537.36"
66.249.77.77 - - [02/May/2025:09:34:26 -0500] "GET /rev-slider/js/extensions/revolution.extension.kenburn.min.js HTTP/1.1" 200 3118 "https://logomastersintl.com/" "Mozilla/5.0 AppleWebKit/537.36 (KHTML, like Gecko; compatible; Googlebot/2.1; +http://www.google.com/bot.html) Chrome/134.0.6998.165 Safari/537.36"
66.249.77.77 - - [02/May/2025:09:34:27 -0500] "GET /javascript/jquery-countTo.js HTTP/1.1" 200 2501 "https://logomastersintl.com/" "Mozilla/5.0 AppleWebKit/537.36 (KHTML, like Gecko; compatible; Googlebot/2.1; +http://www.google.com/bot.html) Chrome/134.0.6998.165 Safari/537.36"
66.249.77.77 - - [02/May/2025:09:34:27 -0500] "GET /javascript/jquery.min.js HTTP/1.1" 200 97162 "https://logomastersintl.com/" "Mozilla/5.0 AppleWebKit/537.36 (KHTML, like Gecko; compatible; Googlebot/2.1; +http://www.google.com/bot.html) Chrome/134.0.6998.165 Safari/537.36"
66.249.77.77 - - [02/May/2025:09:34:28 -0500] "GET /javascript/jquery.isotope.min.js HTTP/1.1" 200 36059 "https://logomastersintl.com/" "Mozilla/5.0 AppleWebKit/537.36 (KHTML, like Gecko; compatible; Googlebot/2.1; +http://www.google.com/bot.html) Chrome/134.0.6998.165 Safari/537.36"
66.249.77.77 - - [02/May/2025:09:34:28 -0500] "GET /rev-slider/js/extensions/revolution.extension.navigation.min.js HTTP/1.1" 200 25827 "https://logomastersintl.com/" "Mozilla/5.0 AppleWebKit/537.36 (KHTML, like Gecko; compatible; Googlebot/2.1; +http://www.google.com/bot.html) Chrome/134.0.6998.165 Safari/537.36"
98.174.34.107 - - [02/May/2025:09:34:28 -0500] "GET /admin/orders-view.php?id=8102 HTTP/2.0" 200 14899 "https://www.logomastersintl.com/admin/manage-orders.php" "Mozilla/5.0 (Windows NT 10.0; Win64; x64) AppleWebKit/537.36 (KHTML, like Gecko) Chrome/135.0.0.0 Safari/537.36"
98.174.34.107 - - [02/May/2025:09:34:29 -0500] "GET /largeimage/63-Hibiscus.jpg HTTP/2.0" 200 57326 "https://www.logomastersintl.com/" "Mozilla/5.0 (Windows NT 10.0; Win64; x64) AppleWebKit/537.36 (KHTML, like Gecko) Chrome/135.0.0.0 Safari/537.36"
98.174.34.107 - - [02/May/2025:09:34:29 -0500] "GET /largeimage/1155-K540_royal_model_3q.jpg HTTP/2.0" 200 19145 "https://www.logomastersintl.com/" "Mozilla/5.0 (Windows NT 10.0; Win64; x64) AppleWebKit/537.36 (KHTML, like Gecko) Chrome/135.0.0.0 Safari/537.36"
66.249.77.77 - - [02/May/2025:09:34:29 -0500] "GET /javascript/tether.min.js HTTP/1.1" 200 24633 "https://logomastersintl.com/" "Mozilla/5.0 AppleWebKit/537.36 (KHTML, like Gecko; compatible; Googlebot/2.1; +http://www.google.com/bot.html) Chrome/134.0.6998.165 Safari/537.36"
66.249.77.77 - - [02/May/2025:09:34:29 -0500] "GET /rev-slider/js/extensions/revolution.extension.actions.min.js HTTP/1.1" 200 7496 "https://logomastersintl.com/" "Mozilla/5.0 AppleWebKit/537.36 (KHTML, like Gecko; compatible; Googlebot/2.1; +http://www.google.com/bot.html) Chrome/134.0.6998.165 Safari/537.36"
66.249.77.77 - - [02/May/2025:09:34:30 -0500] "GET /stylesheets/jquery-ui.css HTTP/1.1" 200 35997 "https://logomastersintl.com/stylesheets/style.css" "Mozilla/5.0 AppleWebKit/537.36 (KHTML, like Gecko; compatible; Googlebot/2.1; +http://www.google.com/bot.html) Chrome/134.0.6998.165 Safari/537.36"
66.249.77.77 - - [02/May/2025:09:34:30 -0500] "GET /stylesheets/magnific-popup.css HTTP/1.1" 200 7348 "https://logomastersintl.com/stylesheets/style.css" "Mozilla/5.0 AppleWebKit/537.36 (KHTML, like Gecko; compatible; Googlebot/2.1; +http://www.google.com/bot.html) Chrome/134.0.6998.165 Safari/537.36"
66.249.77.77 - - [02/May/2025:09:34:31 -0500] "GET /stylesheets/woocommerce.css HTTP/1.1" 200 42464 "https://logomastersintl.com/stylesheets/style.css" "Mozilla/5.0 AppleWebKit/537.36 (KHTML, like Gecko; compatible; Googlebot/2.1; +http://www.google.com/bot.html) Chrome/134.0.6998.165 Safari/537.36"
34.169.56.204 - - [02/May/2025:09:34:31 -0500] "GET /largeimage/1258-J130%20Black.jpg HTTP/2.0" 200 4263 "-" "Mozilla/5.0 (compatible; MSIE 10.0; Windows NT 6.2; Trident/6.0; MDDCJS)"
98.174.34.107 - - [02/May/2025:09:34:37 -0500] "POST /admin/php/editorders.php HTTP/2.0" 302 - "https://www.logomastersintl.com/admin/orders-view.php?id=8102" "Mozilla/5.0 (Windows NT 10.0; Win64; x64) AppleWebKit/537.36 (KHTML, like Gecko) Chrome/135.0.0.0 Safari/537.36"
98.174.34.107 - - [02/May/2025:09:34:37 -0500] "GET /admin/orders-view.php?id=8102 HTTP/2.0" 200 14914 "https://www.logomastersintl.com/admin/orders-view.php?id=8102" "Mozilla/5.0 (Windows NT 10.0; Win64; x64) AppleWebKit/537.36 (KHTML, like Gecko) Chrome/135.0.0.0 Safari/537.36"
43.165.69.68 - - [02/May/2025:09:34:41 -0500] "GET /largeimages/2370-F5322 HTTP/1.1" 404 - "-" "Mozilla/5.0 (iPhone; CPU iPhone OS 13_2_3 like Mac OS X) AppleWebKit/605.1.15 (KHTML, like Gecko) Version/13.0.3 Mobile/15E148 Safari/604.1"
98.174.34.107 - - [02/May/2025:09:34:44 -0500] "GET /admin/manage-orders.php HTTP/2.0" 200 34476 "https://www.logomastersintl.com/admin/orders-view.php?id=8102" "Mozilla/5.0 (Windows NT 10.0; Win64; x64) AppleWebKit/537.36 (KHTML, like Gecko) Chrome/135.0.0.0 Safari/537.36"
98.174.34.107 - - [02/May/2025:09:34:52 -0500] "GET /admin/orders-view.php?id=8103 HTTP/2.0" 200 18218 "https://www.logomastersintl.com/admin/manage-orders.php" "Mozilla/5.0 (Windows NT 10.0; Win64; x64) AppleWebKit/537.36 (KHTML, like Gecko) Chrome/135.0.0.0 Safari/537.36"
98.174.34.107 - - [02/May/2025:09:34:52 -0500] "GET /largeimage/2092-6644-Black-1-L572BlackModelFront-337W.jpg HTTP/2.0" 304 - "https://www.logomastersintl.com/" "Mozilla/5.0 (Windows NT 10.0; Win64; x64) AppleWebKit/537.36 (KHTML, like Gecko) Chrome/135.0.0.0 Safari/537.36"
98.174.34.107 - - [02/May/2025:09:34:52 -0500] "GET /largeimage/2092-6644-CeladonBlue-1-L572CeladonBlueModelFront-337W.jpg HTTP/2.0" 200 91446 "https://www.logomastersintl.com/" "Mozilla/5.0 (Windows NT 10.0; Win64; x64) AppleWebKit/537.36 (KHTML, like Gecko) Chrome/135.0.0.0 Safari/537.36"
98.174.34.107 - - [02/May/2025:09:34:52 -0500] "GET /largeimage/2092-6644-Magenta-1-L572MagentaModelFront-337W.jpg HTTP/2.0" 200 91033 "https://www.logomastersintl.com/" "Mozilla/5.0 (Windows NT 10.0; Win64; x64) AppleWebKit/537.36 (KHTML, like Gecko) Chrome/135.0.0.0 Safari/537.36"
98.174.34.107 - - [02/May/2025:09:34:52 -0500] "GET /largeimage/2092-6644-EngineRed-1-L572EngineRedModelFront-337W.jpg HTTP/2.0" 304 - "https://www.logomastersintl.com/" "Mozilla/5.0 (Windows NT 10.0; Win64; x64) AppleWebKit/537.36 (KHTML, like Gecko) Chrome/135.0.0.0 Safari/537.36"
34.168.188.247 - - [02/May/2025:09:35:00 -0500] "GET /product-details-colors.php?id=2174&&color=15656 HTTP/2.0" 200 40718 "-" "Mozilla/5.0 (Macintosh; Intel Mac OS X 10_15_7) AppleWebKit/537.36 (KHTML, like Gecko) Chrome/118.0.0.0 Safari/537.36"
34.83.32.104 - - [02/May/2025:09:35:01 -0500] "GET /largeimage/1258-J130%20Black.jpg HTTP/2.0" 200 4263 "-" "Mozilla/5.0 (Windows NT 10.0; Win64; x64; rv:125.0) Gecko/20100101 Firefox/125.0"
98.174.34.107 - - [02/May/2025:09:35:04 -0500] "POST /admin/php/editorders.php HTTP/2.0" 302 - "https://www.logomastersintl.com/admin/orders-view.php?id=8103" "Mozilla/5.0 (Windows NT 10.0; Win64; x64) AppleWebKit/537.36 (KHTML, like Gecko) Chrome/135.0.0.0 Safari/537.36"
98.174.34.107 - - [02/May/2025:09:35:04 -0500] "GET /admin/orders-view.php?id=8103 HTTP/2.0" 200 18233 "https://www.logomastersintl.com/admin/orders-view.php?id=8103" "Mozilla/5.0 (Windows NT 10.0; Win64; x64) AppleWebKit/537.36 (KHTML, like Gecko) Chrome/135.0.0.0 Safari/537.36"
98.174.34.107 - - [02/May/2025:09:35:09 -0500] "GET /admin/manage-orders.php HTTP/2.0" 200 34673 "https://www.logomastersintl.com/admin/orders-view.php?id=8103" "Mozilla/5.0 (Windows NT 10.0; Win64; x64) AppleWebKit/537.36 (KHTML, like Gecko) Chrome/135.0.0.0 Safari/537.36"
34.82.82.74 - - [02/May/2025:09:35:16 -0500] "GET /product-details-colors.php?id=1483&&color=15709 HTTP/2.0" 200 30645 "-" "Mozilla/5.0 (Windows NT 10.0; Win64; x64) AppleWebKit/537.36 (KHTML, like Gecko) Chrome/124.0.0.0 Safari/537.36"
52.167.144.198 - - [02/May/2025:09:35:21 -0500] "GET /shop-by-brand.php?cat=all_polos&&type=Men&&brand=Port%20Authority&&pageno=3 HTTP/2.0" 200 39153 "-" "Mozilla/5.0 AppleWebKit/537.36 (KHTML, like Gecko; compatible; bingbot/2.0; +http://www.bing.com/bingbot.htm) Chrome/116.0.1938.76 Safari/537.36"
51.222.253.19 - - [02/May/2025:09:35:39 -0500] "GET /product-details-colors.php?id=292&&color=2750 HTTP/2.0" 200 31022 "-" "Mozilla/5.0 (compatible; AhrefsBot/7.0; +http://ahrefs.com/robot/)"
51.222.253.17 - - [02/May/2025:09:35:41 -0500] "GET /largeimage/292-Athletic%20Heather.jpg HTTP/2.0" 200 64795 "-" "Mozilla/5.0 (compatible; AhrefsBot/7.0; +http://ahrefs.com/robot/)"
35.227.183.153 - - [02/May/2025:09:36:04 -0500] "GET /product-details-colors.php?id=467&&color=13087 HTTP/2.0" 200 29107 "-" "Mozilla/5.0 (Macintosh; Intel Mac OS X 10_15_7) AppleWebKit/605.1.15 (KHTML, like Gecko) Version/16.3 Safari/605.1.15"
34.83.187.185 - - [02/May/2025:09:36:08 -0500] "GET /largeimage/1225-29140_F_fs.jpg HTTP/2.0" 200 4115 "-" "Mozilla/5.0 (Macintosh; Intel Mac OS X 10_15_7) AppleWebKit/605.1.15 (KHTML, like Gecko) Version/15.6.1 Safari/605.1.15"
35.230.57.38 - - [02/May/2025:09:36:15 -0500] "GET /product-details-colors.php?id=2202&&color=16301 HTTP/2.0" 200 32182 "-" "Mozilla/5.0 (Windows NT 10.0; Win64; x64; rv:109.0) Gecko/20100101 Firefox/115.0"
34.169.233.87 - - [02/May/2025:09:36:29 -0500] "GET /specs/2302-1383255_SellSheet.pdf HTTP/2.0" 200 250308 "-" "Mozilla/5.0 (Macintosh; Intel Mac OS X 10_15_7) AppleWebKit/605.1.15 (KHTML, like Gecko) Version/17.1 Safari/605.1.15"
66.249.69.65 - - [02/May/2025:09:36:31 -0500] "GET / HTTP/1.1" 200 124834 "-" "Mozilla/5.0 (compatible; Googlebot/2.1; +http://www.google.com/bot.html)"
66.249.69.71 - - [02/May/2025:09:36:35 -0500] "GET /rev-slider/js/extensions/revolution.extension.parallax.min.js HTTP/1.1" 200 8574 "https://www.logomastersintl.com/" "Mozilla/5.0 AppleWebKit/537.36 (KHTML, like Gecko; compatible; Googlebot/2.1; +http://www.google.com/bot.html) Chrome/134.0.6998.165 Safari/537.36"
66.249.69.71 - - [02/May/2025:09:36:36 -0500] "GET /rev-slider/js/extensions/revolution.extension.slideanims.min.js HTTP/1.1" 200 28125 "https://www.logomastersintl.com/" "Mozilla/5.0 AppleWebKit/537.36 (KHTML, like Gecko; compatible; Googlebot/2.1; +http://www.google.com/bot.html) Chrome/134.0.6998.165 Safari/537.36"
66.249.69.71 - - [02/May/2025:09:36:36 -0500] "GET /javascript/rev-slider.js HTTP/1.1" 200 16415 "https://www.logomastersintl.com/" "Mozilla/5.0 AppleWebKit/537.36 (KHTML, like Gecko; compatible; Googlebot/2.1; +http://www.google.com/bot.html) Chrome/134.0.6998.165 Safari/537.36"
66.249.69.71 - - [02/May/2025:09:36:37 -0500] "GET /javascript/gmap3.min.js HTTP/1.1" 200 25239 "https://www.logomastersintl.com/" "Mozilla/5.0 AppleWebKit/537.36 (KHTML, like Gecko; compatible; Googlebot/2.1; +http://www.google.com/bot.html) Chrome/134.0.6998.165 Safari/537.36"
66.249.69.64 - - [02/May/2025:09:36:37 -0500] "GET /javascript/main.js HTTP/1.1" 200 28050 "https://www.logomastersintl.com/" "Mozilla/5.0 AppleWebKit/537.36 (KHTML, like Gecko; compatible; Googlebot/2.1; +http://www.google.com/bot.html) Chrome/134.0.6998.165 Safari/537.36"
66.249.69.64 - - [02/May/2025:09:36:38 -0500] "GET /rev-slider/js/jquery.themepunch.revolution.min.js HTTP/1.1" 200 54817 "https://www.logomastersintl.com/" "Mozilla/5.0 AppleWebKit/537.36 (KHTML, like Gecko; compatible; Googlebot/2.1; +http://www.google.com/bot.html) Chrome/134.0.6998.165 Safari/537.36"
66.249.69.71 - - [02/May/2025:09:36:38 -0500] "GET /javascript/jquery.min.js HTTP/1.1" 200 97162 "https://www.logomastersintl.com/" "Mozilla/5.0 AppleWebKit/537.36 (KHTML, like Gecko; compatible; Googlebot/2.1; +http://www.google.com/bot.html) Chrome/134.0.6998.165 Safari/537.36"
66.249.69.71 - - [02/May/2025:09:36:39 -0500] "GET /javascript/parallax.js HTTP/1.1" 200 1935 "https://www.logomastersintl.com/" "Mozilla/5.0 AppleWebKit/537.36 (KHTML, like Gecko; compatible; Googlebot/2.1; +http://www.google.com/bot.html) Chrome/134.0.6998.165 Safari/537.36"
66.249.69.64 - - [02/May/2025:09:36:39 -0500] "GET /javascript/jquery.countdown.js HTTP/1.1" 200 10006 "https://www.logomastersintl.com/" "Mozilla/5.0 AppleWebKit/537.36 (KHTML, like Gecko; compatible; Googlebot/2.1; +http://www.google.com/bot.html) Chrome/134.0.6998.165 Safari/537.36"
66.249.69.71 - - [02/May/2025:09:36:39 -0500] "GET /stylesheets/bootstrap.css HTTP/1.1" 200 192290 "https://www.logomastersintl.com/" "Mozilla/5.0 AppleWebKit/537.36 (KHTML, like Gecko; compatible; Googlebot/2.1; +http://www.google.com/bot.html) Chrome/134.0.6998.165 Safari/537.36"
66.249.69.71 - - [02/May/2025:09:36:40 -0500] "GET /rev-slider/js/extensions/revolution.extension.video.min.js HTTP/1.1" 200 23243 "https://www.logomastersintl.com/" "Mozilla/5.0 AppleWebKit/537.36 (KHTML, like Gecko; compatible; Googlebot/2.1; +http://www.google.com/bot.html) Chrome/134.0.6998.165 Safari/537.36"
66.249.69.71 - - [02/May/2025:09:36:40 -0500] "GET /rev-slider/js/extensions/revolution.extension.layeranimation.min.js HTTP/1.1" 200 31987 "https://www.logomastersintl.com/" "Mozilla/5.0 AppleWebKit/537.36 (KHTML, like Gecko; compatible; Googlebot/2.1; +http://www.google.com/bot.html) Chrome/134.0.6998.165 Safari/537.36"
66.249.69.71 - - [02/May/2025:09:36:41 -0500] "GET /rev-slider/js/extensions/revolution.extension.carousel.min.js HTTP/1.1" 200 7358 "https://www.logomastersintl.com/" "Mozilla/5.0 AppleWebKit/537.36 (KHTML, like Gecko; compatible; Googlebot/2.1; +http://www.google.com/bot.html) Chrome/134.0.6998.165 Safari/537.36"
66.249.69.71 - - [02/May/2025:09:36:41 -0500] "GET /javascript/images-loaded.js HTTP/1.1" 200 5560 "https://www.logomastersintl.com/" "Mozilla/5.0 AppleWebKit/537.36 (KHTML, like Gecko; compatible; Googlebot/2.1; +http://www.google.com/bot.html) Chrome/134.0.6998.165 Safari/537.36"
66.249.69.71 - - [02/May/2025:09:36:42 -0500] "GET /javascript/jquery.isotope.min.js HTTP/1.1" 200 36059 "https://www.logomastersintl.com/" "Mozilla/5.0 AppleWebKit/537.36 (KHTML, like Gecko; compatible; Googlebot/2.1; +http://www.google.com/bot.html) Chrome/134.0.6998.165 Safari/537.36"
66.249.69.71 - - [02/May/2025:09:36:42 -0500] "GET /javascript/bootstrap.min.js HTTP/1.1" 200 46653 "https://www.logomastersintl.com/" "Mozilla/5.0 AppleWebKit/537.36 (KHTML, like Gecko; compatible; Googlebot/2.1; +http://www.google.com/bot.html) Chrome/134.0.6998.165 Safari/537.36"
66.249.69.71 - - [02/May/2025:09:36:43 -0500] "GET /rev-slider/js/extensions/revolution.extension.actions.min.js HTTP/1.1" 200 7496 "https://www.logomastersintl.com/" "Mozilla/5.0 AppleWebKit/537.36 (KHTML, like Gecko; compatible; Googlebot/2.1; +http://www.google.com/bot.html) Chrome/134.0.6998.165 Safari/537.36"
66.249.69.71 - - [02/May/2025:09:36:43 -0500] "GET /rev-slider/js/extensions/revolution.extension.kenburn.min.js HTTP/1.1" 200 3118 "https://www.logomastersintl.com/" "Mozilla/5.0 AppleWebKit/537.36 (KHTML, like Gecko; compatible; Googlebot/2.1; +http://www.google.com/bot.html) Chrome/134.0.6998.165 Safari/537.36"
66.249.69.71 - - [02/May/2025:09:36:44 -0500] "GET /javascript/tether.min.js HTTP/1.1" 200 24633 "https://www.logomastersintl.com/" "Mozilla/5.0 AppleWebKit/537.36 (KHTML, like Gecko; compatible; Googlebot/2.1; +http://www.google.com/bot.html) Chrome/134.0.6998.165 Safari/537.36"
66.249.69.71 - - [02/May/2025:09:36:44 -0500] "GET /rev-slider/js/extensions/revolution.extension.migration.min.js HTTP/1.1" 200 6104 "https://www.logomastersintl.com/" "Mozilla/5.0 AppleWebKit/537.36 (KHTML, like Gecko; compatible; Googlebot/2.1; +http://www.google.com/bot.html) Chrome/134.0.6998.165 Safari/537.36"
66.249.69.71 - - [02/May/2025:09:36:45 -0500] "GET /rev-slider/js/jquery.themepunch.tools.min.js HTTP/1.1" 200 104628 "https://www.logomastersintl.com/" "Mozilla/5.0 AppleWebKit/537.36 (KHTML, like Gecko; compatible; Googlebot/2.1; +http://www.google.com/bot.html) Chrome/134.0.6998.165 Safari/537.36"
66.249.69.71 - - [02/May/2025:09:36:45 -0500] "GET /javascript/jquery.hoverdir.js HTTP/1.1" 200 9929 "https://www.logomastersintl.com/" "Mozilla/5.0 AppleWebKit/537.36 (KHTML, like Gecko; compatible; Googlebot/2.1; +http://www.google.com/bot.html) Chrome/134.0.6998.165 Safari/537.36"
